000
CXUS51 KRNK 010803
CLSLYH
CLIMATE REPORT
NATIONAL WEATHER SERVICE BLACKSBURG, VA
403 AM EDT WED SEP 01 2021
...................................
...THE LYNCHBURG VA CLIMATE SUMMARY FOR THE SEASON, FROM
6/1/2021 TO 8/31/2021...
CLIMATE NORMAL PERIOD: 1991 TO 2020
CLIMATE RECORD PERIOD: 1893 TO 2021
WEATHER OBSERVED NORMAL DEPART LAST YEAR`S
VALUE DATE(S) VALUE FROM VALUE
NORMAL
..............................................................
TEMPERATURE (F)
RECORD
HIGH 106 07/10/1936
LOW 7 06/17/2015
HIGHEST 98 08/11 99
08/12
LOWEST 50 06/01 52
AVG. MAXIMUM 88.8 85.1 3.7 87.9
AVG. MINIMUM 65.9 63.2 2.7 67.1
MEAN 77.4 74.1 3.3 77.5
DAYS MAX >= 90 49 23.7 25.3 43
DAYS MAX <= 32 0 0.0 0.0 0
DAYS MIN <= 32 0 0.0 0.0 0
DAYS MIN <= 0 0 0.0 0.0 0
PRECIPITATION (INCHES)
RECORD
MAXIMUM 22.66 1989
MINIMUM 3.89 1930
TOTALS 10.17 11.23 -1.06 19.61
DAYS >= .01 35 32.4 2.6 40
DAYS >= .10 21 19.5 1.5 27
DAYS >= .50 5 7.2 -2.2 12
DAYS >= 1.00 2 2.8 -0.8 7
GREATEST
24 HR. TOTAL 2.76 2.59
SNOWFALL (INCHES)
TOTALS 0.0 0.0
DAYS >= TRACE 0 0
DAYS >= 1.0 0 0
GREATEST
24 HR TOTAL 0.0 0.0
DEGREE DAYS
HEATING TOTAL 0 14 -14 11
COOLING TOTAL 1165 857 308 1188
..............................................................
WIND (MPH)
AVERAGE WIND SPEED 3.9
RESULTANT WIND SPEED/DIRECTION 2/180
HIGHEST WIND SPEED/DIRECTION 29/180 DATE 08/29
HIGHEST GUST SPEED/DIRECTION 41/180 DATE 08/29
SKY COVER
AVERAGE SKY COVER 0.27
AVERAGE RH (PERCENT) 68
WEATHER CONDITIONS. NUMBER OF DAYS WITH
THUNDERSTORM 28 MIXED PRECIP 0
HEAVY RAIN 13 RAIN 19
LIGHT RAIN 44 FREEZING RAIN 0
LT FREEZING RAIN 0 HAIL 0
HEAVY SNOW 0 SNOW 0
LIGHT SNOW 0 SLEET 0
FOG 54 FOG W/VIS <= 1/4 MILE 7
HAZE 8
- INDICATES NEGATIVE NUMBERS.
R INDICATES RECORD WAS SET OR TIED.
MM INDICATES DATA IS MISSING.
T INDICATES TRACE AMOUNT.
$$
RAB