000
CXUS51 KRNK 012050
CLSLYH
CLIMATE REPORT
NATIONAL WEATHER SERVICE BLACKSBURG, VA
350 PM EST THU DEC 01 2022
...................................
...THE LYNCHBURG VA CLIMATE SUMMARY FOR THE SEASON, FROM
9/1/2022 TO 11/30/2022...
CLIMATE NORMAL PERIOD: 1991 TO 2020
CLIMATE RECORD PERIOD: 1893 TO 2022
WEATHER OBSERVED NORMAL DEPART LAST YEAR`S
VALUE DATE(S) VALUE FROM VALUE
NORMAL
..............................................................
TEMPERATURE (F)
RECORD
HIGH 102 09/01/1932
LOW 8 11/25/1970
HIGHEST 90 09/20 92
LOWEST 22 11/21 20
AVG. MAXIMUM 71.0 68.6 2.4 72.4
AVG. MINIMUM 47.2 45.6 1.6 47.7
MEAN 59.1 57.1 2.0 60.1
DAYS MAX >= 90 1 2.8 -1.8 5
DAYS MAX <= 32 0 0.0 0.0 0
DAYS MIN <= 32 15 15.4 -0.4 16
DAYS MIN <= 0 0 0.0 0.0 0
PRECIPITATION (INCHES)
RECORD
MAXIMUM 21.42 2020
MINIMUM 1.85 1931
TOTALS 8.82 10.47 -1.65 6.33
DAYS >= .01 24 24.3 -0.3 20
DAYS >= .10 17 14.9 2.1 8
DAYS >= .50 6 7.0 -1.0 6
DAYS >= 1.00 1 3.4 -2.4 2
GREATEST
24 HR. TOTAL 2.19 1.47
SNOWFALL (INCHES)
TOTALS 0.0 0.0 0.0 0.0
DAYS >= TRACE 0 0.0 0.0 0
DAYS >= 1.0 0 0.0 0.0 0
GREATEST
24 HR TOTAL 0.0 0.0
DEGREE DAYS
HEATING TOTAL 724 869 -145 662
COOLING TOTAL 209 156 53 260
..............................................................
WIND (MPH)
AVERAGE WIND SPEED 4.2
RESULTANT WIND SPEED/DIRECTION 1/060
HIGHEST WIND SPEED/DIRECTION 35/040 DATE 10/01
HIGHEST GUST SPEED/DIRECTION 53/020 DATE 10/01
SKY COVER
AVERAGE SKY COVER 0.32
AVERAGE RH (PERCENT) 64
WEATHER CONDITIONS. NUMBER OF DAYS WITH
THUNDERSTORM 6 MIXED PRECIP 0
HEAVY RAIN 8 RAIN 15
LIGHT RAIN 30 FREEZING RAIN 0
LT FREEZING RAIN 0 HAIL 0
HEAVY SNOW 0 SNOW 0
LIGHT SNOW 0 SLEET 0
FOG 40 FOG W/VIS <= 1/4 MILE 5
HAZE 0
- INDICATES NEGATIVE NUMBERS.
R INDICATES RECORD WAS SET OR TIED.
MM INDICATES DATA IS MISSING.
T INDICATES TRACE AMOUNT.
$$
PW