000
CXUS54 KLZK 201521 RRB
CLMLZK
CLIMATE REPORT...UPDATED WITH SUPPLEMENTAL DATA
NATIONAL WEATHER SERVICE LITTLE ROCK AR
841 PM CST FRI MAR 01 2024
...................................
...THE NORTH LITTLE ROCK CLIMATE SUMMARY FOR THE MONTH OF FEBRUARY 2024...
CLIMATE NORMAL PERIOD 1991 TO 2020
CLIMATE RECORD PERIOD 1975 TO 2024
WEATHER OBSERVED NORMAL DEPART LAST YEAR`S
VALUE DATE(S) VALUE FROM VALUE DATE(S)
NORMAL
................................................................
TEMPERATURE (F)
RECORD
HIGH 83 02/20/1986
LOW 02/16/2021
HIGHEST 78 02/25 55 23 79 02/28
LOWEST 24 02/18 36 -12 24 02/01
AVG. MAXIMUM 62.7 53.7 9.0 59.2
AVG. MINIMUM 43.3 35.8 7.5 41.1
MEAN 53.0 44.7 8.3 50.2
DAYS MAX >= 90 0 0.0 0.0 0
DAYS MAX <= 32 0 0.9 -0.9 1
DAYS MIN <= 32 3 9.3 -6.3 6
DAYS MIN <= 0 0 0.0 0.0 0
PRECIPITATION (INCHES)
RECORD
MAXIMUM 13.38 2018
MINIMUM 0.89 1980
TOTALS 2.07 3.90 -1.83 6.09
DAILY AVG. 0.07 NAN NAN 0.22
DAYS >= .01 7 9.5 -2.5 11
DAYS >= .10 5 7
DAYS >= .50 1 3
DAYS >= 1.00 0 1.0 -1.0 2
GREATEST
24 HR. TOTAL 0.96 02/03 TO 02/03
STORM TOTAL 0.96
(MM/DD(HH))
SNOWFALL (INCHES)
RECORDS
TOTAL 18.7 2021
24 HR TOTAL 10.9 02/14/2021 TO 02/15/2021
SNOW DEPTH 14 02/18/2021
TOTALS T 1.7 -1.7 T
LIQUID EQUIV T 0.20 -0.20 T
SINCE 7/1 3.1 3.4 -0.3 MM
LIQUID 7/1 0.31 0.00 0.31 MM
SNOWDEPTH AVG. 0
DAYS >= TRACE 1 1.1 -0.1 3
DAYS >= 1.0 0 0
GREATEST
SNOW DEPTH 0
24 HR TOTAL T 0MM29 TO 02/29 T
DEGREE DAYS
HEATING TOTAL 349 568 -219 411
SINCE 7/1 2240 2606 -366 MM
COOLING TOTAL 8 1 7 1
SINCE 1/1 8 1 7 MM
FREEZE DATES
RECORD
EARLIEST 10/20/1989
LATEST 04/19/1983
EARLIEST 10/31
LATEST 03/20
................................................................
WIND (MPH)
AVERAGE WIND SPEED MM
HIGHEST WIND SPEED/DIRECTION MM DATE MM
HIGHEST GUST SPEED/DIRECTION MM DATE MM
SKY COVER
POSSIBLE SUNSHINE (PERCENT) MM
AVERAGE SKY COVER MM
NUMBER OF DAYS FAIR 0
NUMBER OF DAYS PC 0
NUMBER OF DAYS CLOUDY 0
WEATHER CONDITIONS. NUMBER OF DAYS WITH
THUNDERSTORM 2 MIXED PRECIP 0
HEAVY RAIN 1 RAIN 1
LIGHT RAIN 11 FREEZING RAIN 0
LT FREEZING RAIN 0 HAIL 0
HEAVY SNOW 0 SLEET 1
FOG 4 FOG W/VIS <= 1/4 MILE 0
HAZE 0
- INDICATES NEGATIVE NUMBERS.
R INDICATES RECORD WAS SET OR TIED.
MM INDICATES DATA IS MISSING.
T INDICATES TRACE AMOUNT.
&&
...ADDITIONAL DATA FOR NORTH LITTLE ROCK FOR FEBRUARY 2023...
.MONTHLY AVERAGE...
THE AVERAGE HIGH TEMPERATURE OF 62.7 (+9.0) WAS THE 3RD WARMEST
AVERAGE MONTHLY HIGH ON RECORD.
THE AVERAGE LOW TEMPERATURE OF 43.3 (+7.5) WAS THE 2ND WARMEST
AVERAGE MONTHLY LOW ON RECORD.
THE AVERAGE MEAN TEMPERATURE OF 53.0 (+8.3) WAS THE 3RD WARMEST
AVERAGE MONTHLY TEMPERATURE ON RECORD FOR THE MONTH OF FEBRUARY.
THE MONTHLY HIGH, LOW, AND AVERAGE TEMPERATURES WERE ALL WELL ABOVE
THE 30-YEAR CLIMATOLOGICAL AVERAGES.
.DAILY TEMPERATURES...
DAILY TEMPERATURES WERE AVERAGE FOR 2 DAYS.
DAILY TEMPERATURES WERE ABOVE AVERAGE ON 23 DAYS.
DAILY TEMPERATURES WERE BELOW AVERAGE ON 4 DAYS.
.DAILY TEMPERATURE RECORDS TIED OR BROKEN DURING THE MONTH...
DATE RECORD TYPE NEW RECORD OLD RECORD
02/25 HIGH TEMPERATURE 78 IN 2024 78 IN 1981
02/27 WARMEST LOW TEMP 66 IN 2024 59 IN 2011
.MONTHLY RAINFALL...
THE MONTHLY RAINFALL TOTAL OF 2.07 INCHES (-1.83) WAS WELL BELOW
AVERAGE FOR THE MONTH AND THE 8TH DRIEST ON RECORD.
.DAILY RAINFALL RECORDS TIED OR BROKEN DURING THE MONTH...
NO DAILY RAINFALL RECORDS WERE TIED OR BROKEN THIS MONTH.
.MONTHLY SNOWFALL...
THE MONTHLY SNOWFALL TOTAL OF T WAS 1.7 INCHES BELOW AVERAGE FOR THE
MONTH.
.DAILY SNOWFALL RECORDS TIED OR BROKEN DURING THE MONTH...
NO DAILY SNOWFALL RECORDS WERE TIED OR BROKEN THIS MONTH.
$$
69/70