000
CXUS56 KHNX 011146
CF6MAE
PRELIMINARY LOCAL CLIMATOLOGICAL DATA (WS FORM: F-6)
STATION: MADERA CA AIRPORT
MONTH: APRIL
YEAR: 2020
LATITUDE: 36 58 N
LONGITUDE: 120 7 W
TEMPERATURE IN F: :PCPN: SNOW: WIND :SUNSHINE: SKY :PK WND
================================================================================
1 2 3 4 5 6A 6B 7 8 9 10 11 12 13 14 15 16 17 18
12Z AVG MX 2MIN
DY MAX MIN AVG DEP HDD CDD WTR SNW DPTH SPD SPD DIR MIN PSBL S-S WX SPD DR
================================================================================
1 68 43 56 0 9 0 0.00 0.0 0 10.5 18 320 M M 0 25 330
2 67 38 53 -3 12 0 0.00 0.0 0 8.5 17 320 M M 0 23 320
3 68 35 52 -4 13 0 0.00 0.0 0 6.6 14 320 M M 0 19 320
4 66 37 52 -5 13 0 0.02 0.0 0 5.5 13 330 M M 4 1 14 330
5 59 45 52 -5 13 0 0.86 0.0 0 12.1 23 130 M M 9 1 31 120
6 62 43 53 -4 12 0 0.15 0.0 0 6.8 22 150 M M 8 13 26 180
7 66 38 52 -5 13 0 T 0.0 0 6.4 15 330 M M 4 12 21 330
8 64 50 57 -1 8 0 0.10 0.0 0 8.5 17 140 M M 9 1 23 140
9 61 49 55 -3 10 0 0.17 0.0 0 10.2 18 160 M M 6 1 23 180
10 69 41 55 -3 10 0 0.00 0.0 0 3.5 10 270 M M 2 1 12 270
11 72 48 60 2 5 0 0.00 0.0 0 4.6 10 320 M M 5 1 12 310
12 72 49 61 3 4 0 0.00 0.0 0 7.8 15 300 M M 3 1 19 290
13 72 48 60 1 5 0 0.00 0.0 0 4.1 13 300 M M 2 20 350
14 75 42 59 0 6 0 0.00 0.0 0 2.6 10 300 M M 0 1 14 320
15 80 46 63 4 2 0 0.00 0.0 0 3.1 9 310 M M 0 12 310
16 79 50 65 5 0 0 0.00 0.0 0 5.3 12 300 M M 0 16 290
17 74 53 64 4 1 0 T 0.0 0 6.4 15 350 M M 4 19 350
18 69 51 60 0 5 0 T 0.0 0 6.3 16 320 M M 6 20 320
19 75 50 63 3 2 0 0.00 0.0 0 6.6 12 300 M M 3 16 290
20 62 51 57 -4 8 0 0.08 0.0 0 7.0 14 290 M M 8 1 18 10
21 75 48 62 1 3 0 0.00 0.0 0 7.8 15 320 M M 1 21 290
22 83 47 65 4 0 0 0.00 0.0 0 5.8 18 340 M M 0 23 340
23 86 55 71 9 0 6 0.00 0.0 0 9.8 25 340 M M 0 32 330
24 88 50 69 7 0 4 0.00 0.0 0 6.1 14 340 M M 0 18 340
25 91 52 72 10 0 7 0.00 0.0 0 5.0 15 340 M M 0 18 340
26 89 56 73 11 0 8 0.00 0.0 0 7.9 15 320 M M 0 19 330
27 87 50 69 6 0 4 0.00 0.0 0 8.8 20 330 M M 0 24 340
28 90 53 72 9 0 7 0.00 0.0 0 4.9 12 280 M M 0 15 290
29 91 58 75 12 0 10 0.00 0.0 0 6.4 18 330 M M 0 22 330
30 88 54 71 7 0 6 0.00 0.0 0 12.2 23 320 M M 0 31 330
================================================================================
SM 2248 1430 154 52 1.38 0.0 207.1 M 74
================================================================================
AV 74.9 47.7 6.9 FASTST M M 2 MAX(MPH)
MISC ----> # 25 340 # 32 330
================================================================================
NOTES:
# LAST OF SEVERAL OCCURRENCES
COLUMN 17 PEAK WIND IN M.P.H.
PRELIMINARY LOCAL CLIMATOLOGICAL DATA (WS FORM: F-6) , PAGE 2
STATION: MADERA CA AIRPORT
MONTH: APRIL
YEAR: 2020
LATITUDE: 36 58 N
LONGITUDE: 120 7 W
[TEMPERATURE DATA] [PRECIPITATION DATA] SYMBOLS USED IN COLUMN 16
AVERAGE MONTHLY: 61.3 TOTAL FOR MONTH: 1.38 1 = FOG OR MIST
DPTR FM NORMAL: 1.7 DPTR FM NORMAL: 0.43 2 = FOG REDUCING VISIBILITY
HIGHEST: 91 ON 29,25 GRTST 24HR 0.86 ON 5- 5 TO 1/4 MILE OR LESS
LOWEST: 35 ON 3 3 = THUNDER
SNOW, ICE PELLETS, HAIL 4 = ICE PELLETS
TOTAL MONTH: 0.0 INCH 5 = HAIL
GRTST 24HR 0.0 6 = FREEZING RAIN OR DRIZZLE
GRTST DEPTH: 0 7 = DUSTSTORM OR SANDSTORM:
VSBY 1/2 MILE OR LESS
8 = SMOKE OR HAZE
[NO. OF DAYS WITH] [WEATHER - DAYS WITH] 9 = BLOWING SNOW
X = TORNADO
MAX 32 OR BELOW: 0 0.01 INCH OR MORE: 6
MAX 90 OR ABOVE: 3 0.10 INCH OR MORE: 4
MIN 32 OR BELOW: 0 0.50 INCH OR MORE: 1
MIN 0 OR BELOW: 0 1.00 INCH OR MORE: 0
[HDD (BASE 65) ]
TOTAL THIS MO. 154 CLEAR (SCALE 0-3) 20
DPTR FM NORMAL -32 PTCLDY (SCALE 4-7) 7
TOTAL FM JUL 1 2286 CLOUDY (SCALE 8-10) 3
DPTR FM NORMAL -318
[CDD (BASE 65) ]
TOTAL THIS MO. 52
DPTR FM NORMAL 28 [PRESSURE DATA]
TOTAL FM JAN 1 52 HIGHEST SLP 30.27 ON 22
DPTR FM NORMAL 27 LOWEST SLP 29.68 ON 5
[REMARKS]
#FINAL-04-20#