000
CXUS54 KMAF 011638
CLMMAF
CLIMATE REPORT
NATIONAL WEATHER SERVICE MIDLAND/ODESSA TX
1138 AM CDT TUE AUG 01 2023
...................................
...THE MIDLAND INTERNATIONAL AIRPORT CLIMATE SUMMARY FOR THE MONTH OF JULY 2023...
CLIMATE NORMAL PERIOD 1991 TO 2020
CLIMATE RECORD PERIOD 1930 TO 2023
WEATHER OBSERVED NORMAL DEPART LAST YEAR`S
VALUE DATE(S) VALUE FROM VALUE DATE(S)
NORMAL
................................................................
TEMPERATURE (F)
RECORD
HIGH 112 07/02/1989
LOW 49 07/13/1936
HIGHEST 110 07/12 94 16 105 07/11
07/19
LOWEST 66 07/02 69 -3 69 07/15
AVG. MAXIMUM 100.0 95.8 4.2 99.4
AVG. MINIMUM 74.9 72.9 2.0 75.0
MEAN 87.5 84.4 3.1 87.2
DAYS MAX >= 90 31 26.9 4.1 31
DAYS MAX <= 32 0 0.0 0.0 0
DAYS MIN <= 32 0 0.0 0.0 0
DAYS MIN <= 0 0 0.0 0.0 0
PRECIPITATION (INCHES)
RECORD
MAXIMUM 8.50 1991
MINIMUM 0.00 1946
TOTALS 0.33 1.62 -1.29 0.03
DAILY AVG. 0.01 0.05 -0.04 0.00
DAYS >= .01 1 4.5 -3.5 1
DAYS >= .10 1 2.8 -1.8 0
DAYS >= .50 0 1.2 -1.2 0
DAYS >= 1.00 0 0.3 -0.3 0
GREATEST
24 HR. TOTAL 0.33 07/01 TO 07/01 0.03
DEGREE DAYS
COOLING TOTAL 706 600 106 697
SINCE 1/1 1704 1621 83 MM
................................................................
WIND (MPH)
AVERAGE WIND SPEED 11.7
HIGHEST WIND SPEED/DIRECTION 29/260 DATE 07/12
29/030 07/16
29/070 07/21
HIGHEST GUST SPEED/DIRECTION 40/140 DATE 07/06
SKY COVER
POSSIBLE SUNSHINE (PERCENT) MM
AVERAGE SKY COVER 0.04
NUMBER OF DAYS FAIR 31
NUMBER OF DAYS PC 0
NUMBER OF DAYS CLOUDY 0
AVERAGE RH (PERCENT) 42
WEATHER CONDITIONS. NUMBER OF DAYS WITH
THUNDERSTORM 2 MIXED PRECIP 0
HEAVY RAIN 1 RAIN 1
LIGHT RAIN 3 FREEZING RAIN 0
LT FREEZING RAIN 0 HAIL 0
HEAVY SNOW 0 SNOW 0
LIGHT SNOW 0 SLEET 0
FOG 1 FOG W/VIS <= 1/4 MILE 0
HAZE 5
- INDICATES NEGATIVE NUMBERS.
R INDICATES RECORD WAS SET OR TIED.
MM INDICATES DATA IS MISSING.
T INDICATES TRACE AMOUNT.
$$