000
CXUS53 KABR 011100
CF6MBG
PRELIMINARY LOCAL CLIMATOLOGICAL DATA (WS FORM: F-6)
STATION: MOBRIDGE SD
MONTH: OCTOBER
YEAR: 2021
LATITUDE: 45 32 N
LONGITUDE: 100 25 W
TEMPERATURE IN F: :PCPN: SNOW: WIND :SUNSHINE: SKY :PK WND
================================================================================
1 2 3 4 5 6A 6B 7 8 9 10 11 12 13 14 15 16 17 18
12Z AVG MX 2MIN
DY MAX MIN AVG DEP HDD CDD WTR SNW DPTH SPD SPD DIR MIN PSBL S-S WX SPD DR
================================================================================
1 64 50 57 1 8 0 0.34 0.0 0 5.1 14 30 M M 8 18 19 20
2 78 46 62 6 3 0 0.00 0.0 0 4.3 12 50 M M 0 18 15 50
3 81 42 62 7 3 0 0.00 0.0 0 5.6 14 150 M M 0 17 170
4 84 45 65 10 0 0 0.00 0.0 0 6.0 12 130 M M 0 1 15 150
5 87 57 72 18 0 7 0.00 0.0 0 16.1 29 170 M M 0 39 160
6 82 57 70 16 0 5 0.00 0.0 0 17.0 28 160 M M 0 8 36 170
7 78 59 69 16 0 4 0.00 0.0 0 11.1 24 160 M M 0 30 160
8 76 51 64 11 1 0 0.00 0.0 0 8.1 16 20 M M 2 128 21 20
9 67 51 59 7 6 0 0.31 0.0 0 9.7 23 350 M M 9 18 32 360
10 70 44 57 5 8 0 0.65 0.0 0 14.0 29 320 M M 6 1 39 320
11 65 43 54 3 11 0 0.00 0.0 0 9.2 21 360 M M 0 28 350
12 58 41 50 0 15 0 0.24 0.0 0 14.9 29 70 M M 4 40 80
13 61 41 51 1 14 0 1.32 0.0 0 21.7 31 290 M M 10 1 53 300
14 60 39 50 0 15 0 0.00 0.0 0 15.9 38 310 M M 4 53 300
15 58 38 48 -1 17 0 0.00 0.0 0 12.7 24 300 M M 2 37 300
16 68 37 53 5 12 0 0.00 0.0 0 7.3 18 310 M M 1 24 300
17 72 37 55 7 10 0 0.00 0.0 0 6.7 13 120 M M 0 16 140
18 74 49 62 15 3 0 0.00 0.0 0 9.8 22 160 M M 0 28 160
19 51 43 47 0 18 0 T 0.0 0 15.8 25 30 M M 7 8 36 20
20 44 33 39 -7 26 0 0.28 T 0 16.2 23 350 M M 8 1 32 340
21 47 25 36 -10 29 0 T 0.0 0 4.1 13 10 M M 3 1 17 360
22 55 37 46 1 19 0 0.01 0.0 0 10.8 16 80 M M 2 22 80
23 54 32 43 -2 22 0 0.00 0.0 0 16.3 28 130 M M 3 36 130
24 45 40 43 -1 22 0 0.12 0.0 0 12.3 25 100 M M 10 18 33 100
25 53 38 46 2 19 0 0.00 0.0 0 21.1 38 160 M M 7 47 160
26 49 46 48 5 17 0 T 0.0 0 19.3 35 160 M M 10 18 44 140
27 62 39 51 8 14 0 0.16 0.0 0 10.6 17 330 M M 5 18 25 320
28 61 34 48 6 17 0 0.00 0.0 0 13.2 25 350 M M 0 37 340
29 64 29 47 5 18 0 0.00 0.0 0 9.0 18 180 M M 0 25 180
30 52 38 45 4 20 0 0.00 0.0 0 13.7 29 330 M M 5 8 41 330
31 47 22 35 -6 30 0 0.00 0.0 0 12.1 23 320 M M 1 32 300
================================================================================
SM 1967 1283 397 16 3.43 T 369.7 M 107
================================================================================
AV 63.5 41.4 11.9 FASTST M M 3 MAX(MPH)
MISC ----> # 38 310 53 300
================================================================================
NOTES:
# LAST OF SEVERAL OCCURRENCES
COLUMN 17 PEAK WIND IN M.P.H.
PRELIMINARY LOCAL CLIMATOLOGICAL DATA (WS FORM: F-6) , PAGE 2
STATION: MOBRIDGE SD
MONTH: OCTOBER
YEAR: 2021
LATITUDE: 45 32 N
LONGITUDE: 100 25 W
[TEMPERATURE DATA] [PRECIPITATION DATA] SYMBOLS USED IN COLUMN 16
AVERAGE MONTHLY: 52.4 TOTAL FOR MONTH: 3.43 1 = FOG OR MIST
DPTR FM NORMAL: 4.0 DPTR FM NORMAL: 1.62 2 = FOG REDUCING VISIBILITY
HIGHEST: 87 ON 5 GRTST 24HR 1.52 ON 12-13 TO 1/4 MILE OR LESS
LOWEST: 22 ON 31 3 = THUNDER
SNOW, ICE PELLETS, HAIL 4 = ICE PELLETS
TOTAL MONTH: T 5 = HAIL
GRTST 24HR T ON 20-20 6 = FREEZING RAIN OR DRIZZLE
GRTST DEPTH: 0 7 = DUSTSTORM OR SANDSTORM:
VSBY 1/2 MILE OR LESS
8 = SMOKE OR HAZE
[NO. OF DAYS WITH] [WEATHER - DAYS WITH] 9 = BLOWING SNOW
X = TORNADO
MAX 32 OR BELOW: 0 0.01 INCH OR MORE: 9
MAX 90 OR ABOVE: 0 0.10 INCH OR MORE: 8
MIN 32 OR BELOW: 4 0.50 INCH OR MORE: 2
MIN 0 OR BELOW: 0 1.00 INCH OR MORE: 1
[HDD (BASE 65) ]
TOTAL THIS MO. 397 CLEAR (SCALE 0-3) 17
DPTR FM NORMAL -123 PTCLDY (SCALE 4-7) 10
TOTAL FM JUL 1 449 CLOUDY (SCALE 8-10) 4
DPTR FM NORMAL -228
[CDD (BASE 65) ]
TOTAL THIS MO. 16
DPTR FM NORMAL 9 [PRESSURE DATA]
TOTAL FM JAN 1 1133 HIGHEST SLP 30.37 ON 31
DPTR FM NORMAL 321 LOWEST SLP 29.19 ON 13
[REMARKS]
#FINAL-10-21#