000
CXUS54 KLIX 010810
CF6MCB
PRELIMINARY LOCAL CLIMATOLOGICAL DATA (WS FORM: F-6)
STATION: MCCOMB
MONTH: JULY
YEAR: 2021
LATITUDE: 31 10 N
LONGITUDE: 90 28 W
TEMPERATURE IN F: :PCPN: SNOW: WIND :SUNSHINE: SKY :PK WND
================================================================================
1 2 3 4 5 6A 6B 7 8 9 10 11 12 13 14 15 16 17 18
12Z AVG MX 2MIN
DY MAX MIN AVG DEP HDD CDD WTR SNW DPTH SPD SPD DIR MIN PSBL S-S WX SPD DR
================================================================================
1 89 70 80 0 0 15 0.00 0.0 M 1.5 7 150 M M 3 12 10 150
2 88 74 81 1 0 16 0.00 M M 4.8 14 290 M M 3 18 290
3 89 75 82 1 0 17 0.07 0.0 M 3.5 10 20 M M 8 1 13 360
4 89 73 81 0 0 16 0.01 M M 3.3 12 130 M M 3 13 15 130
5 89 74 82 1 0 17 0.10 M M 3.0 20 150 M M 6 123 29 140
6 87 74 81 0 0 16 0.16 M M 3.9 20 170 M M 6 123 23 170
7 86 72 79 -2 0 14 0.31 M M 2.7 14 180 M M 7 123 17 350
8 88 70 79 -2 0 14 0.01 M M 2.2 18 190 M M 3 13 24 180
9 86 72 79 -2 0 14 0.01 M M 3.3 24 170 M M 2 32 150
10 86 72 79 -2 0 14 0.27 M M 4.1 17 160 M M 6 123 22 180
11 86 70 78 -3 0 13 0.70 M M 6.4 17 350 M M 7 13 23 340
12 83 70 77 -4 0 12 0.13 M M 6.4 22 280 M M 4 12 32 280
13 90 70 80 -1 0 15 0.00 M M 3.0 13 170 M M 2 12 16 170
14 91 70 81 0 0 16 0.00 0.0 M 2.9 12 180 M M 2 1 14 220
15 90 71 81 0 0 16 0.00 0.0 M 4.0 16 160 M M 2 13 21 170
16 88 71 80 -1 0 15 1.33 0.0 M 2.7 17 120 M M 4 13 26 140
17 90 70 80 -1 0 15 2.10 0.0 M 4.3 17 320 M M 5 13 24 180
18 91 69 80 -1 0 15 T M M 3.5 18 170 M M 1 1 21 170
19 88 74 81 0 0 16 0.11 M M 3.9 17 310 M M 3 138 24 310
20 80 72 76 -5 0 11 2.01 M M 1.4 16 190 M M 8 13 21 190
21 89 72 81 0 0 16 0.52 M M 2.2 9 200 M M 5 12 12 210
22 91 73 82 1 0 17 0.00 M M 3.5 12 240 M M 1 1 16 280
23 93 75 84 3 0 19 0.00 M M 4.1 13 310 M M 1 3 20 270
24 96 76 86 5 0 21 0.00 M M 4.9 12 350 M M 1 3 15 320
25 95 73 84 3 0 19 0.35 0.0 M 2.0 22 120 M M 2 138 28 170
26 M M M M M M M M M M M M M M M M M
27 M M M M M M M M M M M M M M M M M
28 94 73 84 3 0 19 0.00 0.0 M 2.9 13 150 M M 1 2 17 160
29 95 75 85 3 0 20 0.00 0.0 M 2.2 9 190 M M 2 1 12 170
30 97 75 86 4 0 21 0.00 0.0 M 1.5 7 310 M M 2 1 9 360
31 97 75 86 4 0 21 0.00 0.0 M 3.5 9 180 M M 3 1 12 180
================================================================================
SM 2601 2100 0 470 8.19 0.0 97.6 M 103
================================================================================
AV 89.7 72.4 3.4 FASTST M M 4 MAX(MPH)
MISC ----> 24 170 # 32 150
================================================================================
NOTES:
# LAST OF SEVERAL OCCURRENCES
COLUMN 17 PEAK WIND IN M.P.H.
PRELIMINARY LOCAL CLIMATOLOGICAL DATA (WS FORM: F-6) , PAGE 2
STATION: MCCOMB
MONTH: JULY
YEAR: 2021
LATITUDE: 31 10 N
LONGITUDE: 90 28 W
[TEMPERATURE DATA] [PRECIPITATION DATA] SYMBOLS USED IN COLUMN 16
AVERAGE MONTHLY: 81.1 TOTAL FOR MONTH: 8.19 1 = FOG OR MIST
DPTR FM NORMAL: 0.0 DPTR FM NORMAL: 2.24 2 = FOG REDUCING VISIBILITY
HIGHEST: 97 ON 31,30 GRTST 24HR 2.53 ON 20-21 TO 1/4 MILE OR LESS
LOWEST: 69 ON 18 3 = THUNDER
SNOW, ICE PELLETS, HAIL 4 = ICE PELLETS
TOTAL MONTH: 0.0 INCH 5 = HAIL
GRTST 24HR 0.0 6 = FREEZING RAIN OR DRIZZLE
GRTST DEPTH: M ON M 7 = DUSTSTORM OR SANDSTORM:
VSBY 1/2 MILE OR LESS
8 = SMOKE OR HAZE
[NO. OF DAYS WITH] [WEATHER - DAYS WITH] 9 = BLOWING SNOW
X = TORNADO
MAX 32 OR BELOW: 0 0.01 INCH OR MORE: 16
MAX 90 OR ABOVE: 13 0.10 INCH OR MORE: 12
MIN 32 OR BELOW: 0 0.50 INCH OR MORE: 5
MIN 0 OR BELOW: 0 1.00 INCH OR MORE: 3
[HDD (BASE 65) ]
TOTAL THIS MO. 0 CLEAR (SCALE 0-3) 14
DPTR FM NORMAL 0 PTCLDY (SCALE 4-7) 15
TOTAL FM JUL 1 0 CLOUDY (SCALE 8-10) 2
DPTR FM NORMAL 0
[CDD (BASE 65) ]
TOTAL THIS MO. 470
DPTR FM NORMAL -28 [PRESSURE DATA]
TOTAL FM JAN 1 1333 HIGHEST SLP M ON M
DPTR FM NORMAL -2 LOWEST SLP 29.87 ON 2
[REMARKS]
#FINAL-07-21#