000
CXAK56 PAFG 021615
CF6MCG
PRELIMINARY LOCAL CLIMATOLOGICAL DATA (WS FORM: F-6)
STATION: MCGRATH AK
MONTH: MAY
YEAR: 2022
LATITUDE: 62 57 N
LONGITUDE: 155 36 W
TEMPERATURE IN F: :PCPN: SNOW: WIND :SUNSHINE: SKY :PK WND
================================================================================
1 2 3 4 5 6A 6B 7 8 9 10 11 12 13 14 15 16 17 18
12Z AVG MX 2MIN
DY MAX MIN AVG DEP HDD CDD WTR SNW DPTH SPD SPD DIR MIN PSBL S-S WX SPD DR
================================================================================
1 56 29 43 0 22 0 0.00 M M 4.5 24 70 M M 2 8 31 110
2 52 27 40 -4 25 0 0.00 M M 4.6 15 110 M M 1 21 90
3 53 30 42 -2 23 0 0.00 M M 3.8 10 280 M M 4 13 270
4 53 31 42 -2 23 0 T M M 1.6 9 260 M M 6 11 260
5 55 30 43 -2 22 0 T M M 2.4 13 260 M M 3 15 260
6 56 29 43 -2 22 0 T M M 3.3 17 210 M M 2 23 220
7 50 30 40 -6 25 0 T M M 5.7 17 310 M M 4 23 320
8 41 32 37 -9 28 0 0.04 M M 11.5 24 200 M M 10 1 35 190
9 41 33 37 -9 28 0 T M M 11.3 21 280 M M 10 18 28 300
10 48 31 40 -7 25 0 0.00 M M 5.0 13 270 M M 5 19 290
11 M M M M M M M M M M M M M M M M M
12 M M M M M M M M M M M M M M 0 M M
13 M M M M M M M M M M M M M M M M M
14 M M M M M M M M M M M M M M M M M
15 M M M M M M M M M M M M M M M M M
16 M M M M M M M M M M M M M M M M M
17 M M M M M M M M M M M M M M M M M
18 M M M M M M M M M M M M M M M M M
19 70 33 52 3 13 0 0.00 M M 2.1 7 270 M M 0 9 60
20 75 37 56 6 9 0 0.00 M M 5.6 18 70 M M 0 23 70
21 75 42 59 9 6 0 0.00 M M 6.5 16 70 M M 1 23 70
22 75 35 55 5 10 0 0.00 M M 2.3 12 30 M M 1 15 20
23 68 47 58 7 7 0 0.00 M M 6.4 16 80 M M 1 22 80
24 66 35 51 0 14 0 0.00 M M 3.6 13 220 M M 1 17 220
25 67 43 55 4 10 0 0.00 M M 3.6 12 200 M M 5 16 180
26 71 44 58 6 7 0 0.00 M M 6.9 14 330 M M 1 22 300
27 74 43 59 7 6 0 0.00 M M 4.7 13 340 M M 2 17 340
28 73 44 59 7 6 0 0.00 M M 4.8 13 320 M M 0 18 18 280
29 74 37 56 3 9 0 0.00 M M 3.0 12 360 M M 0 14 360
30 75 45 60 7 5 0 0.00 M M 2.9 15 130 M M 5 8 20 130
31 76 48 62 8 3 0 0.00 M M 3.3 13 230 M M 1 18 24 220
================================================================================
SM 1444 835 348 0 0.04 M 109.4 M 65
================================================================================
AV 62.8 36.3 4.8 FASTST M M 3 MAX(MPH)
MISC ----> # 24 70 35 190
================================================================================
NOTES:
# LAST OF SEVERAL OCCURRENCES
COLUMN 17 PEAK WIND IN M.P.H.
PRELIMINARY LOCAL CLIMATOLOGICAL DATA (WS FORM: F-6) , PAGE 2
STATION: MCGRATH AK
MONTH: MAY
YEAR: 2022
LATITUDE: 62 57 N
LONGITUDE: 155 36 W
[TEMPERATURE DATA] [PRECIPITATION DATA] SYMBOLS USED IN COLUMN 16
AVERAGE MONTHLY: 49.5 TOTAL FOR MONTH: 0.04 1 = FOG OR MIST
DPTR FM NORMAL: 1.1 DPTR FM NORMAL: -0.87 2 = FOG REDUCING VISIBILITY
HIGHEST: 76 ON 31 GRTST 24HR 0.04 ON 8- 8 TO 1/4 MILE OR LESS
LOWEST: 27 ON 2 3 = THUNDER
SNOW, ICE PELLETS, HAIL 4 = ICE PELLETS
TOTAL MONTH: M 5 = HAIL
GRTST 24HR M ON M 6 = FREEZING RAIN OR DRIZZLE
GRTST DEPTH: M ON M 7 = DUSTSTORM OR SANDSTORM:
VSBY 1/2 MILE OR LESS
8 = SMOKE OR HAZE
[NO. OF DAYS WITH] [WEATHER - DAYS WITH] 9 = BLOWING SNOW
X = TORNADO
MAX 32 OR BELOW: 0 0.01 INCH OR MORE: 1
MAX 90 OR ABOVE: 0 0.10 INCH OR MORE: 0
MIN 32 OR BELOW: 9 0.50 INCH OR MORE: 0
MIN 0 OR BELOW: 0 1.00 INCH OR MORE: 0
[HDD (BASE 65) ]
TOTAL THIS MO. 348 CLEAR (SCALE 0-3) 16
DPTR FM NORMAL -165 PTCLDY (SCALE 4-7) 6
TOTAL FM JUL 1 4575 CLOUDY (SCALE 8-10) 9
DPTR FM NORMAL -8387
[CDD (BASE 65) ]
TOTAL THIS MO. 0
DPTR FM NORMAL 0 [PRESSURE DATA]
TOTAL FM JAN 1 0 HIGHEST SLP 30.40 ON 20
DPTR FM NORMAL 0 LOWEST SLP 29.79 ON 23
[REMARKS]
#FINAL-05-22#