000
CXAK56 PAFG 021610
CF6MCG
PRELIMINARY LOCAL CLIMATOLOGICAL DATA (WS FORM: F-6)
STATION: MCGRATH AK
MONTH: APRIL
YEAR: 2020
LATITUDE: 62 57 N
LONGITUDE: 155 36 W
TEMPERATURE IN F: :PCPN: SNOW: WIND :SUNSHINE: SKY :PK WND
================================================================================
1 2 3 4 5 6A 6B 7 8 9 10 11 12 13 14 15 16 17 18
12Z AVG MX 2MIN
DY MAX MIN AVG DEP HDD CDD WTR SNW DPTH SPD SPD DIR MIN PSBL S-S WX SPD DR
================================================================================
1 34 -1 17 -2 48 0 0.03 M M 5.9 14 320 M M 6 18 15 320
2 37 25 31 11 34 0 0.10 M M 6.0 12 30 M M 10 12 13 30
3 36 22 29 8 36 0 0.10 M M 7.5 13 290 M M 10 1 M M
4 40 33 37 16 28 0 0.14 M M 12.6 25 200 M M 10 1 34 200
5 37 16 27 5 38 0 0.02 M M 16.0 32 270 M M 8 128 47 260
6 20 3 12 -11 53 0 T M M 11.0 22 280 M M 9 189 30 260
7 32 -5 14 -10 51 0 T M M 6.0 13 40 M M 4 1 14 40
8 24 0 12 -12 53 0 T M M 9.4 21 320 M M 5 24 320
9 31 -14 9 -16 56 0 T M M 6.6 16 200 M M 6 18 22 220
10 41 21 31 5 34 0 T M M 7.7 14 200 M M 7 19 200
11 41 9 25 -2 40 0 T M M 6.5 14 320 M M 5 8 15 320
12 42 28 35 8 30 0 0.25 M M 5.5 12 70 M M 10 1 13 60
13 42 27 35 7 30 0 0.10 M M 5.8 13 260 M M 4 1 16 280
14 43 25 34 5 31 0 T M M 4.6 13 320 M M 6 14 320
15 44 34 39 9 26 0 0.54 M M 6.2 22 210 M M 10 1 33 210
16 46 35 41 11 24 0 T M M 3.2 10 310 M M 7 12 200
17 48 34 41 10 24 0 0.05 M M 4.1 10 140 M M 9 1 13 200
18 50 35 43 11 22 0 0.01 M M 3.9 8 150 M M 9 M M
19 41 34 38 6 27 0 0.42 M M 3.0 16 190 M M 10 18 24 200
20 44 33 39 6 26 0 0.08 M M 1.4 6 350 M M 9 18 8 290
21 39 28 34 0 31 0 T M M 6.1 14 30 M M 6 1 19 30
22 44 28 36 1 29 0 T M M 5.3 12 310 M M 10 1 12 310
23 48 29 39 4 26 0 0.00 M M 1.9 9 30 M M 7 13 30
24 45 26 36 0 29 0 0.00 M M 8.3 15 80 M M 1 19 80
25 41 24 33 -4 32 0 0.00 M M 8.6 17 30 M M 0 25 30
26 46 17 32 -5 33 0 0.00 M M 7.2 15 30 M M 0 21 30
27 45 20 33 -5 32 0 0.00 M M 7.5 16 40 M M 0 19 30
28 45 19 32 -6 33 0 0.00 M M 5.3 15 30 M M 0 8 18 40
29 44 20 32 -7 33 0 0.00 M M 9.0 16 80 M M 1 24 60
30 44 26 35 -5 30 0 0.00 M M 7.5 16 40 M M 0 20 40
================================================================================
SM 1214 631 1019 0 1.84 M 199.6 M 179
================================================================================
AV 40.5 21.0 6.7 FASTST M M 6 MAX(MPH)
MISC ----> # 32 270 # 47 260
================================================================================
NOTES:
# LAST OF SEVERAL OCCURRENCES
COLUMN 17 PEAK WIND IN M.P.H.
PRELIMINARY LOCAL CLIMATOLOGICAL DATA (WS FORM: F-6) , PAGE 2
STATION: MCGRATH AK
MONTH: APRIL
YEAR: 2020
LATITUDE: 62 57 N
LONGITUDE: 155 36 W
[TEMPERATURE DATA] [PRECIPITATION DATA] SYMBOLS USED IN COLUMN 16
AVERAGE MONTHLY: 30.8 TOTAL FOR MONTH: 1.84 1 = FOG OR MIST
DPTR FM NORMAL: 1.0 DPTR FM NORMAL: 1.10 2 = FOG REDUCING VISIBILITY
HIGHEST: 50 ON 18 GRTST 24HR 0.54 ON 15-15 TO 1/4 MILE OR LESS
LOWEST: -14 ON 9 3 = THUNDER
SNOW, ICE PELLETS, HAIL 4 = ICE PELLETS
TOTAL MONTH: M 5 = HAIL
GRTST 24HR M ON M 6 = FREEZING RAIN OR DRIZZLE
GRTST DEPTH: M ON M 7 = DUSTSTORM OR SANDSTORM:
VSBY 1/2 MILE OR LESS
8 = SMOKE OR HAZE
[NO. OF DAYS WITH] [WEATHER - DAYS WITH] 9 = BLOWING SNOW
X = TORNADO
MAX 32 OR BELOW: 4 0.01 INCH OR MORE: 12
MAX 90 OR ABOVE: 0 0.10 INCH OR MORE: 7
MIN 32 OR BELOW: 23 0.50 INCH OR MORE: 1
MIN 0 OR BELOW: 4 1.00 INCH OR MORE: 0
[HDD (BASE 65) ]
TOTAL THIS MO. 1019 CLEAR (SCALE 0-3) 7
DPTR FM NORMAL -40 PTCLDY (SCALE 4-7) 12
TOTAL FM JUL 1 13141 CLOUDY (SCALE 8-10) 11
DPTR FM NORMAL 195
[CDD (BASE 65) ]
TOTAL THIS MO. 0
DPTR FM NORMAL 0 [PRESSURE DATA]
TOTAL FM JAN 1 0 HIGHEST SLP 30.48 ON 10
DPTR FM NORMAL 0 LOWEST SLP 29.40 ON 26
[REMARKS]
#FINAL-04-20#