000
CXUS53 KEAX 010736
CF6MCI
PRELIMINARY LOCAL CLIMATOLOGICAL DATA (WS FORM: F-6)
STATION: KANSAS CITY INTERNATIONAL MO
MONTH: MARCH
YEAR: 2024
LATITUDE: 39 19 N
LONGITUDE: 94 43 W
TEMPERATURE IN F: :PCPN: SNOW: WIND :SUNSHINE: SKY :PK WND
================================================================================
1 2 3 4 5 6A 6B 7 8 9 10 11 12 13 14 15 16 17 18
12Z AVG MX 2MIN
DY MAX MIN AVG DEP HDD CDD WTR SNW DPTH SPD SPD DIR MIN PSBL S-S WX SPD DR
================================================================================
1 55 37 46 7 19 0 T M M 11.1 22 210 M M 6 8 30 200
2 71 34 53 14 12 0 0.00 0.0 0 15.0 29 160 M M 0 8 39 180
3 80 50 65 25 0 0 0.00 0.0 0 18.8 35 200 M M 2 48 220
4 75 42 59 19 6 0 0.00 0.0 0 14.8 22 220 M M 7 8 34 230
5 57 40 49 9 16 0 0.00 0.0 0 10.4 17 20 M M 7 8 22 20
6 62 32 47 6 18 0 0.00 0.0 0 10.0 21 120 M M 6 12 28 110
7 50 43 47 6 18 0 0.44 0.0 0 9.5 17 100 M M 8 13 25 110
8 49 33 41 -1 24 0 0.01 0.0 0 12.6 23 360 M M 10 12 28 350
9 52 28 40 -2 25 0 0.00 0.0 0 8.2 20 340 M M 1 27 330
10 62 26 44 2 21 0 0.00 0.0 0 8.2 16 180 M M 0 21 220
11 69 42 56 13 9 0 0.00 0.0 0 15.9 25 200 M M 2 8 35 190
12 73 51 62 19 3 0 0.00 0.0 0 12.9 25 210 M M 6 33 210
13 73 43 58 14 7 0 1.01 T 0 6.9 25 180 M M 6 135 38 180
14 66 50 58 14 7 0 0.04 0.0 0 11.3 23 30 M M 8 3 28 10
15 63 45 54 10 11 0 0.00 0.0 0 9.2 21 30 M M 5 27 30
16 65 41 53 8 12 0 0.00 0.0 0 10.5 23 300 M M 5 36 280
17 45 27 36 -9 29 0 0.00 0.0 0 11.6 25 360 M M 3 35 340
18 40 21 31 -14 34 0 0.00 0.0 0 9.1 22 340 M M 2 29 340
19 68 26 47 1 18 0 0.00 0.0 0 11.4 22 240 M M 0 8 31 230
20 55 40 48 2 17 0 0.00 0.0 0 12.0 23 40 M M 1 29 50
21 58 35 47 1 18 0 0.00 0.0 0 13.6 20 100 M M 5 27 110
22 52 34 43 -4 22 0 0.00 0.0 0 13.8 26 10 M M 7 8 36 360
23 45 29 37 -10 28 0 0.00 0.0 0 12.6 23 110 M M 8 30 110
24 56 42 49 1 16 0 0.08 0.0 0 19.2 31 170 M M 9 40 180
25 65 40 53 5 12 0 0.19 0.0 0 17.3 41 150 M M 8 13 56 150
26 40 27 34 -14 31 0 T T 0 12.7 22 290 M M 10 16 32 300
27 49 21 35 -14 30 0 0.00 0.0 0 5.4 12 170 M M 3 14 280
28 67 32 50 1 15 0 0.00 0.0 M 12.7 23 200 M M 4 31 230
29 75 48 62 13 3 0 0.00 0.0 0 17.1 33 220 M M 6 44 220
30 66 41 54 4 11 0 0.00 0.0 0 7.1 15 340 M M 7 23 310
31 78 54 66 16 0 1 0.00 0.0 0 10.6 20 190 M M 9 8 25 230
================================================================================
SM 1881 1154 492 1 1.77 T 371.5 M 161
================================================================================
AV 60.7 37.2 12.0 FASTST M M 5 MAX(MPH)
MISC ----> 41 150 56 150
================================================================================
NOTES:
# LAST OF SEVERAL OCCURRENCES
COLUMN 17 PEAK WIND IN M.P.H.
PRELIMINARY LOCAL CLIMATOLOGICAL DATA (WS FORM: F-6) , PAGE 2
STATION: KANSAS CITY INTERNATIONAL MO
MONTH: MARCH
YEAR: 2024
LATITUDE: 39 19 N
LONGITUDE: 94 43 W
[TEMPERATURE DATA] [PRECIPITATION DATA] SYMBOLS USED IN COLUMN 16
AVERAGE MONTHLY: 49.0 TOTAL FOR MONTH: 1.77 1 = FOG OR MIST
DPTR FM NORMAL: 4.5 DPTR FM NORMAL: -0.59 2 = FOG REDUCING VISIBILITY
HIGHEST: 80 ON 3 GRTST 24HR 1.05 ON 13-14 TO 1/4 MILE OR LESS
LOWEST: 21 ON 27,18 3 = THUNDER
SNOW, ICE PELLETS, HAIL 4 = ICE PELLETS
TOTAL MONTH: T 5 = HAIL
GRTST 24HR T ON 13-13 6 = FREEZING RAIN OR DRIZZLE
GRTST DEPTH: 0 7 = DUSTSTORM OR SANDSTORM:
VSBY 1/2 MILE OR LESS
8 = SMOKE OR HAZE
[NO. OF DAYS WITH] [WEATHER - DAYS WITH] 9 = BLOWING SNOW
X = TORNADO
MAX 32 OR BELOW: 0 0.01 INCH OR MORE: 6
MAX 90 OR ABOVE: 0 0.10 INCH OR MORE: 3
MIN 32 OR BELOW: 10 0.50 INCH OR MORE: 1
MIN 0 OR BELOW: 0 1.00 INCH OR MORE: 1
[HDD (BASE 65) ]
TOTAL THIS MO. 492 CLEAR (SCALE 0-3) 10
DPTR FM NORMAL -147 PTCLDY (SCALE 4-7) 16
TOTAL FM JUL 1 3944 CLOUDY (SCALE 8-10) 5
DPTR FM NORMAL -680
[CDD (BASE 65) ]
TOTAL THIS MO. 1
DPTR FM NORMAL -3 [PRESSURE DATA]
TOTAL FM JAN 1 1 HIGHEST SLP M ON M
DPTR FM NORMAL -3 LOWEST SLP 29.29 ON 25
[REMARKS]
#FINAL-03-24#