000
CXUS53 KGLD 031350
CF6MCK
PRELIMINARY LOCAL CLIMATOLOGICAL DATA (WS FORM: F-6)
STATION: MCCOOK NE
MONTH: MARCH
YEAR: 2024
LATITUDE: 40 13 N
LONGITUDE: 100 35 W
TEMPERATURE IN F: :PCPN: SNOW: WIND :SUNSHINE: SKY :PK WND
================================================================================
1 2 3 4 5 6A 6B 7 8 9 10 11 12 13 14 15 16 17 18
12Z AVG MX 2MIN
DY MAX MIN AVG DEP HDD CDD WTR SNW DPTH SPD SPD DIR MIN PSBL S-S WX SPD DR
================================================================================
1 76 25 51 15 14 0 0.00 M M 7.3 17 160 M M 0 18 22 160
2 72 27 50 14 15 0 0.00 M M 7.5 18 90 M M 2 128 24 90
3 63 39 51 14 14 0 0.00 M M 12.4 30 310 M M 2 8 38 310
4 61 28 45 8 20 0 0.00 M M 10.2 21 20 M M 0 29 360
5 57 25 41 3 24 0 0.00 M M 5.5 13 320 M M 0 17 310
6 63 35 49 11 16 0 0.00 M M 10.0 22 170 M M 3 30 170
7 42 31 37 -1 28 0 0.04 M M 14.9 28 40 M M 7 18 37 40
8 38 25 32 -7 33 0 0.03 M M 13.8 22 10 M M 7 18 29 360
9 51 19 35 -4 30 0 0.00 M M 8.9 15 270 M M 0 21 270
10 69 21 45 5 20 0 0.00 M M 4.8 9 250 M M 0 18 13 260
11 73 27 50 10 15 0 0.00 M M 5.3 14 310 M M 0 19 280
12 72 33 53 13 12 0 0.00 M M 7.1 20 320 M M 0 26 310
13 68 39 54 13 11 0 0.00 M M 14.5 30 40 M M 6 39 20
14 58 41 50 9 15 0 T M M 17.7 29 10 M M 10 39 20
15 58 30 44 2 21 0 0.00 M M 8.3 22 10 M M 3 8 26 10
16 62 28 45 3 20 0 0.00 M M 11.0 25 350 M M 0 35 10
17 54 24 39 -3 26 0 0.00 M M 10.0 26 340 M M 1 35 20
18 59 15 37 -6 28 0 0.00 M M 5.9 14 250 M M 0 22 290
19 73 36 55 12 10 0 0.00 M M 8.8 17 10 M M 0 22 10
20 57 35 46 2 19 0 0.00 M M 13.3 20 60 M M 1 28 70
21 73 30 52 8 13 0 0.00 M M 9.9 22 170 M M 3 30 160
22 57 30 44 0 21 0 0.00 M M 13.6 25 320 M M 0 33 330
23 53 24 39 -6 26 0 0.00 M M 14.4 23 130 M M 4 31 130
24 62 31 47 2 18 0 0.50 M M 17.0 36 10 M M 7 36 48 10
25 31 25 28 -17 37 0 0.01 M M 27.7 41 350 M M 8 56 350
26 39 15 27 -19 38 0 0.00 M M 12.5 30 340 M M 2 39 350
27 56 27 42 -4 23 0 0.00 M M 7.5 13 130 M M 3 17 130
28 M 31 M M M M 0.00 M M M M M M M 0 M M
29 M M M M M M 0.00 M M M M M M M 0 M M
30 M M M M M M 0.00 M M M M M M M 0 M M
31 M M M M M M 0.00 M M M M M M M 0 M M
================================================================================
SM 1597 796 567 0 0.58 M 299.8 M 69
================================================================================
AV 59.1 28.4 11.1 FASTST M M 2 MAX(MPH)
MISC ----> 41 350 56 350
================================================================================
NOTES:
# LAST OF SEVERAL OCCURRENCES
COLUMN 17 PEAK WIND IN M.P.H.
PRELIMINARY LOCAL CLIMATOLOGICAL DATA (WS FORM: F-6) , PAGE 2
STATION: MCCOOK NE
MONTH: MARCH
YEAR: 2024
LATITUDE: 40 13 N
LONGITUDE: 100 35 W
[TEMPERATURE DATA] [PRECIPITATION DATA] SYMBOLS USED IN COLUMN 16
AVERAGE MONTHLY: 43.8 TOTAL FOR MONTH: 0.58 1 = FOG OR MIST
DPTR FM NORMAL: 2.0 DPTR FM NORMAL: -0.32 2 = FOG REDUCING VISIBILITY
HIGHEST: 76 ON 1 GRTST 24HR 0.50 ON 24-24 TO 1/4 MILE OR LESS
LOWEST: 15 ON 26,18 3 = THUNDER
SNOW, ICE PELLETS, HAIL 4 = ICE PELLETS
TOTAL MONTH: M 5 = HAIL
GRTST 24HR M ON M 6 = FREEZING RAIN OR DRIZZLE
GRTST DEPTH: M ON M 7 = DUSTSTORM OR SANDSTORM:
VSBY 1/2 MILE OR LESS
8 = SMOKE OR HAZE
[NO. OF DAYS WITH] [WEATHER - DAYS WITH] 9 = BLOWING SNOW
X = TORNADO
MAX 32 OR BELOW: 1 0.01 INCH OR MORE: 4
MAX 90 OR ABOVE: 0 0.10 INCH OR MORE: 1
MIN 32 OR BELOW: 21 0.50 INCH OR MORE: 1
MIN 0 OR BELOW: 0 1.00 INCH OR MORE: 0
[HDD (BASE 65) ]
TOTAL THIS MO. 567 CLEAR (SCALE 0-3) 23
DPTR FM NORMAL -153 PTCLDY (SCALE 4-7) 7
TOTAL FM JUL 1 4347 CLOUDY (SCALE 8-10) 1
DPTR FM NORMAL -796
[CDD (BASE 65) ]
TOTAL THIS MO. 0
DPTR FM NORMAL 0 [PRESSURE DATA]
TOTAL FM JAN 1 0 HIGHEST SLP 30.44 ON 15
DPTR FM NORMAL 0 LOWEST SLP 29.20 ON 24
[REMARKS]
#FINAL-03-24#