000
CXUS53 KGLD 051850
CF6MCK
PRELIMINARY LOCAL CLIMATOLOGICAL DATA (WS FORM: F-6)
STATION: MCCOOK NE
MONTH: DECEMBER
YEAR: 2020
LATITUDE: 40 13 N
LONGITUDE: 100 35 W
TEMPERATURE IN F: :PCPN: SNOW: WIND :SUNSHINE: SKY :PK WND
================================================================================
1 2 3 4 5 6A 6B 7 8 9 10 11 12 13 14 15 16 17 18
12Z AVG MX 2MIN
DY MAX MIN AVG DEP HDD CDD WTR SNW DPTH SPD SPD DIR MIN PSBL S-S WX SPD DR
================================================================================
1 52 13 33 2 32 0 0.00 M M 14.5 33 350 M M 0 41 350
2 38 32 35 4 30 0 0.00 M M 16.6 26 360 M M 10 8 36 360
3 47 15 31 1 34 0 0.00 M M 9.5 16 310 M M 1 21 350
4 61 20 41 11 24 0 0.00 M M 9.9 16 300 M M 0 20 280
5 59 25 42 12 23 0 0.00 M M 11.4 21 330 M M 0 25 330
6 55 19 37 8 28 0 0.00 M M 6.0 10 270 M M 0 14 270
7 64 22 43 14 22 0 0.00 M M 10.1 20 340 M M 0 26 350
8 66 23 45 16 20 0 0.00 M M 9.9 15 260 M M 0 19 260
9 67 28 48 19 17 0 0.00 M M 6.0 15 270 M M 0 8 19 280
10 46 19 33 5 32 0 0.00 M M 13.3 26 10 M M 3 33 360
11 35 27 31 3 34 0 0.11 M M 11.9 22 360 M M 10 18 27 360
12 29 16 23 -5 42 0 T M M 5.7 13 320 M M 6 18 17 330
13 35 10 23 -5 42 0 0.00 M M 7.1 22 340 M M 3 12 26 340
14 31 6 19 -9 46 0 0.06 M M 11.1 25 130 M M 3 18 31 120
15 27 15 21 -7 44 0 0.10 M M 5.4 10 110 M M 10 18 14 120
16 41 6 24 -4 41 0 0.00 M M 10.4 17 260 M M 2 12 21 270
17 43 19 31 4 34 0 0.00 M M 8.3 16 290 M M 0 20 300
18 44 22 33 6 32 0 0.00 M M 11.6 23 340 M M 2 29 330
19 49 19 34 7 31 0 0.00 M M 9.4 17 250 M M 1 24 280
20 54 29 42 15 23 0 0.00 M M 10.9 25 230 M M 2 33 220
21 56 26 41 14 24 0 0.00 M M 6.6 14 260 M M 0 16 250
22 60 29 45 18 20 0 0.00 M M 11.1 43 300 M M 0 8 60 300
23 47 14 31 4 34 0 T M M 26.2 51 340 M M 6 189 70 340
24 39 11 25 -2 40 0 0.00 M M 11.6 31 350 M M 6 40 350
25 59 24 42 15 23 0 0.00 M M 9.2 18 270 M M 0 24 280
26 54 18 36 9 29 0 0.00 M M 5.6 14 310 M M 0 19 310
27 50 26 38 11 27 0 T M M 12.9 26 320 M M 1 35 320
28 38 19 29 2 36 0 0.03 M M 6.8 16 120 M M 8 18 22 120
29 33 22 28 1 37 0 0.02 M M 11.3 22 120 M M 8 1 29 140
30 32 12 22 -5 43 0 0.00 M M 8.2 16 300 M M 0 1 21 300
31 39 5 22 -5 43 0 0.00 M M M M M M M M M M
================================================================================
SM 1450 591 987 0 0.32 M 308.5 M 82
================================================================================
AV 46.8 19.1 10.3 FASTST M M 3 MAX(MPH)
MISC ----> 51 340 70 340
================================================================================
NOTES:
# LAST OF SEVERAL OCCURRENCES
COLUMN 17 PEAK WIND IN M.P.H.
PRELIMINARY LOCAL CLIMATOLOGICAL DATA (WS FORM: F-6) , PAGE 2
STATION: MCCOOK NE
MONTH: DECEMBER
YEAR: 2020
LATITUDE: 40 13 N
LONGITUDE: 100 35 W
[TEMPERATURE DATA] [PRECIPITATION DATA] SYMBOLS USED IN COLUMN 16
AVERAGE MONTHLY: 32.9 TOTAL FOR MONTH: 0.32 1 = FOG OR MIST
DPTR FM NORMAL: 4.9 DPTR FM NORMAL: -0.32 2 = FOG REDUCING VISIBILITY
HIGHEST: 67 ON 9 GRTST 24HR 0.16 ON 14-15 TO 1/4 MILE OR LESS
LOWEST: 5 ON 31 3 = THUNDER
SNOW, ICE PELLETS, HAIL 4 = ICE PELLETS
TOTAL MONTH: M 5 = HAIL
GRTST 24HR M ON M 6 = FREEZING RAIN OR DRIZZLE
GRTST DEPTH: M ON M 7 = DUSTSTORM OR SANDSTORM:
VSBY 1/2 MILE OR LESS
8 = SMOKE OR HAZE
[NO. OF DAYS WITH] [WEATHER - DAYS WITH] 9 = BLOWING SNOW
X = TORNADO
MAX 32 OR BELOW: 4 0.01 INCH OR MORE: 5
MAX 90 OR ABOVE: 0 0.10 INCH OR MORE: 2
MIN 32 OR BELOW: 31 0.50 INCH OR MORE: 0
MIN 0 OR BELOW: 0 1.00 INCH OR MORE: 0
[HDD (BASE 65) ]
TOTAL THIS MO. 987 CLEAR (SCALE 0-3) 20
DPTR FM NORMAL -160 PTCLDY (SCALE 4-7) 5
TOTAL FM JUL 1 2212 CLOUDY (SCALE 8-10) 6
DPTR FM NORMAL -298
[CDD (BASE 65) ]
TOTAL THIS MO. 0
DPTR FM NORMAL 0 [PRESSURE DATA]
TOTAL FM JAN 1 1286 HIGHEST SLP 30.48 ON 2
DPTR FM NORMAL 330 LOWEST SLP 29.31 ON 22
[REMARKS]
#FINAL-12-20#