000
CXUS53 KGLD 020944
CLMMCK
CLIMATE REPORT
NATIONAL WEATHER SERVICE
244 AM MST FRI FEB 02 2024
...................................
...THE MCCOOK NE CLIMATE SUMMARY FOR THE MONTH OF JANUARY 2024...
CLIMATE NORMAL PERIOD: 1991 TO 2020
CLIMATE RECORD PERIOD: 1896 TO 2024
WEATHER OBSERVED NORMAL DEPART LAST YEAR`S
VALUE DATE(S) VALUE FROM VALUE DATE(S)
NORMAL
................................................................
TEMPERATURE (F)
RECORD
HIGH 78 01/10/1911
LOW -30 01/12/1912
HIGHEST 69 01/31 63 6 45 01/16
LOWEST -16 01/16 -2 -14 0 01/29
AVG. MAXIMUM 36.0 41.2 -5.2 33.8
AVG. MINIMUM 14.1 16.1 -2.0 17.9
MEAN 25.0 28.7 -3.7 25.9
DAYS MAX >= 90 0 0.0 0.0 0
DAYS MAX <= 32 12 7.9 4.1 9
DAYS MIN <= 32 31 30.4 0.6 28
DAYS MIN <= 0 7 2.3 4.7 1
PRECIPITATION (INCHES)
RECORD
MAXIMUM 1.74 2023
MINIMUM 0.00 1986
TOTALS 0.45 0.26 0.19 1.74
DAILY AVG. 0.01 0.01 0.00 0.06
DAYS >= .01 5 2.7 2.3 4
DAYS >= .10 1 0.7 0.3 3
DAYS >= .50 0 0.0 0.0 1
DAYS >= 1.00 0 0.0 0.0 0
GREATEST
24 HR. TOTAL 0.27 01/08 TO 01/08 0.92
STORM TOTAL 0.27
(MM/DD(HH))
................................................................
- INDICATES NEGATIVE NUMBERS.
R INDICATES RECORD WAS SET OR TIED.
MM INDICATES DATA IS MISSING.
T INDICATES TRACE AMOUNT.
$$