000
CXUS52 KMLB 011208
CLMMCO
CLIMATE REPORT
NATIONAL WEATHER SERVICE MELBOURNE FL
808 AM EDT MON MAY 01 2023
...................................
...THE ORLANDO INTL CLIMATE SUMMARY FOR THE MONTH OF APRIL 2023...
CLIMATE NORMAL PERIOD 1991 TO 2020
CLIMATE RECORD PERIOD 1892 TO 2023
WEATHER OBSERVED NORMAL DEPART LAST YEAR`S
VALUE DATE(S) VALUE FROM VALUE
NORMAL
..............................................................
TEMPERATURE (F)
MONTHLY RECORD
HOTTEST 78.7 1908
COLDEST 66.8 1987, 1901
DAILY RECORD
HIGH 99 04/24/1923
LOW 37 04/02/1919
APRIL 2023
HIGHEST 94 04/15 93
LOWEST 54 04/18 50
AVG. MAXIMUM 86.9 83.6 3.3 84.3
AVG. MINIMUM 65.9 60.7 5.2 64.9
MEAN 76.4 72.2 4.2 74.6
DAYS MAX >= 90 12 3.6 8.4 4
DAYS MAX <= 32 0 0.0 0.0 0
DAYS MIN <= 32 0 0.0 0.0 0
DAYS MIN <= 0 0 0.0 0.0 0
PRECIPITATION (INCHES)
MONTHLY RECORD
MAXIMUM 9.10 1992
MINIMUM 0.00 1896
DAILY RECORD
MAXIMUM 5.13 04/11/1992
APRIL 2023
TOTALS 3.92 2.58 1.34 5.20
DAYS >= .01 13 6.3 6.7 5
DAYS >= .10 6 3.9 2.1 5
DAYS >= .50 2 1.8 0.2 4
DAYS >= 1.00 1 0.6 0.4 3
GREATEST
24 HR. TOTAL 2.25 04/29 TO 04/30
SNOWFALL (INCHES)
TOTALS 0.0 0.0 0.0 0.0
SINCE 7/1 0.0 0.0 0.0 MM
DAYS >= TRACE 0 0
DEGREE DAYS
HEATING TOTAL 0 10 -10 2
SINCE 7/1 282 519 -237 MM
COOLING TOTAL 349 224 125 298
SINCE 1/1 845 464 381 MM
..............................................................
WIND (MPH)
AVERAGE WIND SPEED 8.9
HIGHEST WIND SPEED/DIRECTION 32/280 DATE 04/27
32/260 04/30
HIGHEST GUST SPEED/DIRECTION 50/270 DATE 04/30
SKY COVER
POSSIBLE SUNSHINE (PERCENT) MM
AVERAGE SKY COVER 0.59
NUMBER OF DAYS FAIR 4
NUMBER OF DAYS PC 19
NUMBER OF DAYS CLOUDY 7
AVERAGE RH (PERCENT) 68
WEATHER CONDITIONS. NUMBER OF DAYS WITH
THUNDERSTORM 10 MIXED PRECIP 0
HEAVY RAIN 4 RAIN 4
LIGHT RAIN 15 LT FREEZING RAIN 0
HAIL 0 LIGHT SNOW 0
SLEET 0 FOG 10
FOG W/VIS <= 1/4 MILE 0 HAZE 2
- INDICATES NEGATIVE NUMBERS.
R INDICATES RECORD WAS SET OR TIED.
MM INDICATES DATA IS MISSING.
T INDICATES TRACE AMOUNT.
$$