000
CXUS54 KMEG 010900
CF6MEG
PRELIMINARY LOCAL CLIMATOLOGICAL DATA (WS FORM: F-6)
STATION: MEMPHIS/GERMANTOWN WFO
MONTH: APRIL
YEAR: 2021
LATITUDE: 35 7 N
LONGITUDE: 89 48 W
TEMPERATURE IN F: :PCPN: SNOW: WIND :SUNSHINE: SKY :PK WND
================================================================================
1 2 3 4 5 6A 6B 7 8 9 10 11 12 13 14 15 16 17 18
12Z AVG MX 2MIN
DY MAX MIN AVG DEP HDD CDD WTR SNW DPTH SPD SPD DIR MIN PSBL S-S WX SPD DR
================================================================================
1 52 34 43 -13 22 0 0.00 0.0 0 M M M M M 0 M M
2 58 29 44 -12 21 0 0.00 0.0 0 M M M M M 0 M M
3 68 35 52 -5 13 0 0.00 0.0 0 M M M M M M M M
4 75 42 59 2 6 0 0.00 0.0 0 M M M M M M M M
5 78 47 63 6 2 0 0.00 0.0 0 M M M M M M M M
6 81 57 69 11 0 4 0.00 0.0 0 M M M M M M M M
7 79 60 70 12 0 5 0.69 0.0 0 M M M M M M 13 M M
8 71 54 63 5 2 0 0.00 0.0 0 M M M M M M M M
9 86 55 71 13 0 6 0.03 0.0 0 M M M M M M 3 M M
10 72 51 62 3 3 0 0.13 0.0 0 M M M M M M 13 M M
11 75 47 61 2 4 0 0.00 0.0 0 M M M M M M M M
12 85 53 69 10 0 4 0.00 0.0 0 M M M M M M M M
13 77 57 67 7 0 2 0.00 0.0 0 M M M M M M M M
14 67 51 59 -1 6 0 0.16 0.0 0 M M M M M 0 M M
15 65 52 59 -1 6 0 0.01 0.0 0 M M M M M 0 M M
16 64 51 58 -3 7 0 T 0.0 0 M M M M M 0 M M
17 64 46 55 -6 10 0 0.00 0.0 0 M M M M M 0 M M
18 63 43 53 -8 12 0 0.00 0.0 0 M M M M M 0 M M
19 71 40 56 -6 9 0 0.00 0.0 0 M M M M M 0 M M
20 75 38 57 -5 8 0 T 0.0 0 M M M M M 0 M M
21 58 34 46 -16 19 0 T 0.0 0 M M M M M 0 M M
22 65 36 51 -11 14 0 0.00 0.0 0 M M M M M 0 M M
23 68 50 59 -4 6 0 0.21 0.0 0 M M M M M 0 1 M M
24 65 48 57 -6 8 0 0.75 0.0 0 M M M M M 0 M M
25 75 44 60 -3 5 0 0.00 0.0 0 M M M M M 0 M M
26 83 49 66 2 0 1 0.00 0.0 0 M M M M M M M M
27 83 60 72 8 0 7 0.00 0.0 0 M M M M M M M M
28 83 71 77 13 0 12 T 0.0 0 M M M M M 0 M M
29 75 62 69 4 0 4 1.11 0.0 0 M M M M M 0 3 M M
30 80 54 67 2 0 2 0.00 0.0 0 M M M M M 0 M M
================================================================================
SM 2161 1450 183 47 3.09 0.0 M M 0
================================================================================
AV 72.0 48.3 M FASTST M M 0 MAX(MPH)
MISC ----> M M M M
================================================================================
NOTES:
# LAST OF SEVERAL OCCURRENCES
COLUMN 17 PEAK WIND IN M.P.H.
PRELIMINARY LOCAL CLIMATOLOGICAL DATA (WS FORM: F-6) , PAGE 2
STATION: MEMPHIS/GERMANTOWN WFO
MONTH: APRIL
YEAR: 2021
LATITUDE: 35 7 N
LONGITUDE: 89 48 W
[TEMPERATURE DATA] [PRECIPITATION DATA] SYMBOLS USED IN COLUMN 16
AVERAGE MONTHLY: 60.2 TOTAL FOR MONTH: 3.09 1 = FOG OR MIST
DPTR FM NORMAL: -0.3 DPTR FM NORMAL: -2.23 2 = FOG REDUCING VISIBILITY
HIGHEST: 86 ON 9 GRTST 24HR 1.11 ON 29-29 TO 1/4 MILE OR LESS
LOWEST: 29 ON 2 3 = THUNDER
SNOW, ICE PELLETS, HAIL 4 = ICE PELLETS
TOTAL MONTH: 0.0 INCH 5 = HAIL
GRTST 24HR 0.0 6 = FREEZING RAIN OR DRIZZLE
GRTST DEPTH: 0 7 = DUSTSTORM OR SANDSTORM:
VSBY 1/2 MILE OR LESS
8 = SMOKE OR HAZE
[NO. OF DAYS WITH] [WEATHER - DAYS WITH] 9 = BLOWING SNOW
X = TORNADO
MAX 32 OR BELOW: 0 0.01 INCH OR MORE: 8
MAX 90 OR ABOVE: 0 0.10 INCH OR MORE: 6
MIN 32 OR BELOW: 1 0.50 INCH OR MORE: 3
MIN 0 OR BELOW: 0 1.00 INCH OR MORE: 1
[HDD (BASE 65) ]
TOTAL THIS MO. 183 CLEAR (SCALE 0-3) 17
DPTR FM NORMAL -8 PTCLDY (SCALE 4-7) 0
TOTAL FM JUL 1 3067 CLOUDY (SCALE 8-10) 13
DPTR FM NORMAL -305
[CDD (BASE 65) ]
TOTAL THIS MO. 47
DPTR FM NORMAL -7 [PRESSURE DATA]
TOTAL FM JAN 1 62 HIGHEST SLP M ON M
DPTR FM NORMAL -4 LOWEST SLP M ON M
[REMARKS]
#FINAL-04-21#