000
CXUS56 KPDT 030622
CF6MEH
PRELIMINARY LOCAL CLIMATOLOGICAL DATA (WS FORM: F-6)
STATION: MEACHAM OR
MONTH: MARCH
YEAR: 2021
LATITUDE: 45 30 N
LONGITUDE: 118 24 W
TEMPERATURE IN F: :PCPN: SNOW: WIND :SUNSHINE: SKY :PK WND
================================================================================
1 2 3 4 5 6A 6B 7 8 9 10 11 12 13 14 15 16 17 18
12Z AVG MX 2MIN
DY MAX MIN AVG DEP HDD CDD WTR SNW DPTH SPD SPD DIR MIN PSBL S-S WX SPD DR
================================================================================
1 43 28 36 4 29 0 0.00 M M 0.7 8 110 M M 2 20 140
2 53 26 40 8 25 0 0.00 M M 0.5 6 290 M M 4 13 310
3 52 22 37 5 28 0 0.00 M M 0.3 6 100 M M 0 12 140
4 56 26 41 8 24 0 0.00 M M 0.0 7 60 M M 0 8 15 90
5 51 35 43 10 22 0 0.00 M M 1.6 7 170 M M 1 26 30
6 41 25 33 0 32 0 0.12 M M 1.0 7 290 M M 7 1 13 300
7 43 28 36 3 29 0 0.03 M M 0.3 8 310 M M 9 17 260
8 39 27 33 -1 32 0 0.02 M M 0.0 7 270 M M 8 12 290
9 43 18 31 -3 34 0 0.01 M M 0.2 8 80 M M 3 8 14 70
10 44 17 31 -3 34 0 T M M 1.0 6 30 M M 5 11 80
11 44 16 30 -4 35 0 0.00 M M 0.9 7 30 M M 0 13 40
12 48 14 31 -3 34 0 0.00 M M 0.4 7 40 M M 0 10 20
13 51 17 34 -1 31 0 0.00 M M 0.7 6 20 M M 0 12 350
14 56 23 40 5 25 0 0.01 M M 0.1 7 90 M M 2 11 70
15 38 29 34 -1 31 0 0.05 M M 1.5 6 260 M M 10 1 11 250
16 41 25 33 -2 32 0 0.00 M M 0.8 6 300 M M 7 11 280
17 M M M M M M M M M M M M M M M M M
18 M M M M M M M M M M M M M M M M M
19 M M M M M M M M M M M M M M M M M
20 M M M M M M M M M M M M M M M M M
21 M M M M M M M M M M M M M M M M M
22 M M M M M M M M M M M M M M M M M
23 M M M M M M M M M M M M M M M M M
24 M M M M M M M M M M M M M M M M M
25 M M M M M M M M M M M M M M M M M
26 48 M M M M M M M M 0.9 7 270 M M 2 8 13 260
27 57 22 40 2 25 0 0.00 M M 0.6 7 290 M M M 12 260
28 62 29 46 8 19 0 0.30 M M 2.5 14 270 M M M 34 320
29 38 27 33 -5 32 0 0.14 M M 3.0 12 280 M M 10 8 32 220
30 43 14 29 -9 36 0 0.00 M M 0.8 8 30 M M 1 12 20
31 57 17 37 -1 28 0 0.00 M M 0.2 8 100 M M 0 21 100
================================================================================
SM 1048 485 617 0 0.68 M 18.0 M 71
================================================================================
AV 47.6 23.1 0.8 FASTST M M 4 MAX(MPH)
MISC ----> 14 270 34 320
================================================================================
NOTES:
# LAST OF SEVERAL OCCURRENCES
COLUMN 17 PEAK WIND IN M.P.H.
PRELIMINARY LOCAL CLIMATOLOGICAL DATA (WS FORM: F-6) , PAGE 2
STATION: MEACHAM OR
MONTH: MARCH
YEAR: 2021
LATITUDE: 45 30 N
LONGITUDE: 118 24 W
[TEMPERATURE DATA] [PRECIPITATION DATA] SYMBOLS USED IN COLUMN 16
AVERAGE MONTHLY: 35.4 TOTAL FOR MONTH: 0.68 1 = FOG OR MIST
DPTR FM NORMAL: 0.2 DPTR FM NORMAL: -3.45 2 = FOG REDUCING VISIBILITY
HIGHEST: 62 ON 28 GRTST 24HR 0.44 ON 28-29 TO 1/4 MILE OR LESS
LOWEST: 14 ON 30,12 3 = THUNDER
SNOW, ICE PELLETS, HAIL 4 = ICE PELLETS
TOTAL MONTH: M 5 = HAIL
GRTST 24HR M ON M 6 = FREEZING RAIN OR DRIZZLE
GRTST DEPTH: M ON M 7 = DUSTSTORM OR SANDSTORM:
VSBY 1/2 MILE OR LESS
8 = SMOKE OR HAZE
[NO. OF DAYS WITH] [WEATHER - DAYS WITH] 9 = BLOWING SNOW
X = TORNADO
MAX 32 OR BELOW: 0 0.01 INCH OR MORE: 8
MAX 90 OR ABOVE: 0 0.10 INCH OR MORE: 3
MIN 32 OR BELOW: 20 0.50 INCH OR MORE: 0
MIN 0 OR BELOW: 0 1.00 INCH OR MORE: 0
[HDD (BASE 65) ]
TOTAL THIS MO. 617 CLEAR (SCALE 0-3) 11
DPTR FM NORMAL -305 PTCLDY (SCALE 4-7) 6
TOTAL FM JUL 1 5727 CLOUDY (SCALE 8-10) 14
DPTR FM NORMAL -984
[CDD (BASE 65) ]
TOTAL THIS MO. 0
DPTR FM NORMAL 0 [PRESSURE DATA]
TOTAL FM JAN 1 0 HIGHEST SLP 30.48 ON 31
DPTR FM NORMAL 0 LOWEST SLP 29.77 ON 28
[REMARKS]
#FINAL-03-21#