000
CXUS54 KMEG 090707
CLMMEM
CLIMATE REPORT
NATIONAL WEATHER SERVICE MEMPHIS TN
207 AM CDT SUN APR 09 2023
...................................
...THE MEMPHIS CLIMATE SUMMARY FOR THE MONTH OF MARCH 2023...
CLIMATE NORMAL PERIOD 1991 TO 2020
CLIMATE RECORD PERIOD 1872 TO 2023
WEATHER OBSERVED NORMAL DEPART LAST YEAR`S
VALUE DATE(S) VALUE FROM VALUE DATE(S)
NORMAL
................................................................
TEMPERATURE (F)
RECORD
HIGH 87 03/09/1911
03/28/1895
LOW 12 03/03/1943
HIGHEST 79 03/23 63 16 81 03/06
03/26
LOWEST 25 03/19 43 -18 25 03/12
03/20
AVG. MAXIMUM 63.7 64.2 -0.5 66.7
AVG. MINIMUM 46.4 44.3 2.1 43.7
MEAN 55.1 54.2 0.9 55.2
DAYS MAX >= 90 0 0.0 0.0 0
DAYS MAX <= 32 0 0.2 -0.2 0
DAYS MIN <= 32 5 3.5 1.5 3
DAYS MIN <= 0 0 0.0 0.0 0
PRECIPITATION (INCHES)
RECORD
MAXIMUM 16.20 2016
MINIMUM 0.70 1918
TOTALS 8.42 5.74 2.68 5.64
DAILY AVG. 0.28 0.19 0.09 0.18
DAYS >= .01 14 11.5 2.5 11
DAYS >= .10 12 7.9 4.1 7
DAYS >= .50 6 3.6 2.4 4
DAYS >= 1.00 2 1.7 0.3 2
GREATEST
24 HR. TOTAL 2.04 03/01 TO 03/02
SNOWFALL (INCHES)
RECORDS
TOTAL 18.5 1892
TOTALS 0.0 0.5 -0.5 2.0
SINCE 7/1 0.7 2.7 -2.0 MM
SNOWDEPTH AVG. 0 0
DAYS >= 1.0 0 0.2 -0.2 1
GREATEST
SNOW DEPTH 0 2 03/12
24 HR TOTAL MM
DEGREE DAYS
HEATING TOTAL 318 352 -34 311
SINCE 7/1 2333 2724 -391 MM
COOLING TOTAL 20 18 2 12
SINCE 1/1 31 21 10 MM
................................................................
WIND (MPH)
AVERAGE WIND SPEED 9.5
HIGHEST WIND SPEED/DIRECTION 38/290 DATE 03/24
HIGHEST GUST SPEED/DIRECTION 57/290 DATE 03/24
SKY COVER
POSSIBLE SUNSHINE (PERCENT) MM
AVERAGE SKY COVER 0.56
NUMBER OF DAYS FAIR 12
NUMBER OF DAYS PC 8
NUMBER OF DAYS CLOUDY 11
AVERAGE RH (PERCENT) 66
WEATHER CONDITIONS. NUMBER OF DAYS WITH
THUNDERSTORM 6 MIXED PRECIP 0
HEAVY RAIN 8 RAIN 13
LIGHT RAIN 15 FREEZING RAIN 0
LT FREEZING RAIN 0 HAIL 0
HEAVY SNOW 0 SNOW 0
LIGHT SNOW 0 SLEET 0
FOG 13 FOG W/VIS <= 1/4 MILE 0
HAZE 0
- INDICATES NEGATIVE NUMBERS.
R INDICATES RECORD WAS SET OR TIED.
MM INDICATES DATA IS MISSING.
T INDICATES TRACE AMOUNT.
$$