000
CXUS54 KMEG 041736
CLMMEM
CLIMATE REPORT
NATIONAL WEATHER SERVICE MEMPHIS TN
1136 AM CST MON MAR 04 2024
...................................
...THE MEMPHIS CLIMATE SUMMARY FOR THE MONTH OF FEBRUARY 2024...
CLIMATE NORMAL PERIOD 1991 TO 2020
CLIMATE RECORD PERIOD 1872 TO 2024
WEATHER OBSERVED NORMAL DEPART LAST YEAR`S
VALUE DATE(S) VALUE FROM VALUE DATE(S)
NORMAL
................................................................
TEMPERATURE (F)
RECORD
HIGH 81 02/13/1962
LOW -11 02/02/1951
HIGHEST 78 02/27 54 24 78 02/23
LOWEST 25 02/18 35 -10 25 02/01
AVG. MAXIMUM 62.8 55.5 7.3 60.9
AVG. MINIMUM 42.0 36.7 5.3 42.2
MEAN 52.4 46.1 6.3 51.5
DAYS MAX >= 90 0 0.0 0.0 0
DAYS MAX <= 32 0 0.8 -0.8 1
DAYS MIN <= 32 5 10.0 -5.0 7
DAYS MIN <= 0 0 0.0 0.0 0
PRECIPITATION (INCHES)
RECORD
MAXIMUM 13.43 2018
MINIMUM 0.71 1947
TOTALS 3.82 4.55 -0.73 3.84
DAILY AVG. 0.13 NAN NAN 0.14
DAYS >= .01 9 9.9 -0.9 11
DAYS >= .10 6 6.5 -0.5 9
DAYS >= .50 2 3.3 -1.3 2
DAYS >= 1.00 2 1.3 0.7 1
GREATEST
24 HR. TOTAL 1.64 02/10 TO 02/10
SNOWFALL (INCHES)
RECORDS
TOTAL 10.3 1905
TOTALS T 1.0 -1.0 0.0
SINCE 7/1 3.4 2.2 1.2 MM
SNOWDEPTH AVG. 0 -1
DAYS >= 1.0 0 0.3 -0.3 0
GREATEST
SNOW DEPTH 0 MM 02/25
02/02
02/01
24 HR TOTAL 0.0
DEGREE DAYS
HEATING TOTAL 363 532 -169 381
SINCE 7/1 2092 2405 -313 MM
COOLING TOTAL 7 2 5 9
SINCE 1/1 7 3 4 MM
................................................................
WIND (MPH)
AVERAGE WIND SPEED 9.6
HIGHEST WIND SPEED/DIRECTION 30/360 DATE 02/16
30/200 02/27
HIGHEST GUST SPEED/DIRECTION 48/190 DATE 02/27
SKY COVER
POSSIBLE SUNSHINE (PERCENT) MM
AVERAGE SKY COVER 0.54
NUMBER OF DAYS FAIR 11
NUMBER OF DAYS PC 7
NUMBER OF DAYS CLOUDY 11
AVERAGE RH (PERCENT) 64
WEATHER CONDITIONS. NUMBER OF DAYS WITH
THUNDERSTORM 3 MIXED PRECIP 0
HEAVY RAIN 2 RAIN 2
LIGHT RAIN 11 FREEZING RAIN 0
LT FREEZING RAIN 0 HAIL 0
HEAVY SNOW 0 SNOW 0
LIGHT SNOW 1 SLEET 0
FOG 7 FOG W/VIS <= 1/4 MILE 0
HAZE 0
- INDICATES NEGATIVE NUMBERS.
R INDICATES RECORD WAS SET OR TIED.
MM INDICATES DATA IS MISSING.
T INDICATES TRACE AMOUNT.
$$