000
CXUS54 KMEG 032135
CLMMEM
CLIMATE REPORT
NATIONAL WEATHER SERVICE MEMPHIS TN
435 PM CDT THU AUG 03 2023
...................................
...THE MEMPHIS CLIMATE SUMMARY FOR THE MONTH OF JULY 2023...
CLIMATE NORMAL PERIOD 1991 TO 2020
CLIMATE RECORD PERIOD 1872 TO 2023
WEATHER OBSERVED NORMAL DEPART LAST YEAR`S
VALUE DATE(S) VALUE FROM VALUE DATE(S)
NORMAL
................................................................
TEMPERATURE (F)
RECORD
HIGH 108 07/13/1980
LOW 52 07/23/1947
HIGHEST 96 07/01 92 4 103 07/05
07/08
LOWEST 68 07/10 73 -5 71 07/18
07/11
07/23
AVG. MAXIMUM 90.7 91.9 -1.2 97.1
AVG. MINIMUM 73.8 73.6 0.2 77.2
MEAN 82.3 82.8 -0.5 87.2
DAYS MAX >= 90 21 22.1 -1.1 29
DAYS MAX <= 32 0 0.0 0.0 0
DAYS MIN <= 32 0 0.0 0.0 0
DAYS MIN <= 0 0 0.0 0.0 0
PRECIPITATION (INCHES)
RECORD
MAXIMUM 9.96 1998
MINIMUM 0.01 1943
TOTALS 8.62 4.82 3.80 4.24
DAILY AVG. 0.28 0.16 0.12 0.14
DAYS >= .01 14 9.5 4.5 9
DAYS >= .10 8 6.3 1.7 5
DAYS >= .50 4 3.3 0.7 3
DAYS >= 1.00 2 1.6 0.4 2
GREATEST
24 HR. TOTAL 4.53 07/21 TO 07/21
SNOWFALL (INCHES)
RECORDS
TOTAL 0.0 2002
TOTALS 0.0 0.0 0.0 0.0
SINCE 7/1 0.0 0.0 0.0 MM
SNOWDEPTH AVG. 0 0
DAYS >= 1.0 0 0.0 0.0 0
GREATEST
SNOW DEPTH 0 0 MM
24 HR TOTAL MM
DEGREE DAYS
HEATING TOTAL 0 0 0 0
SINCE 7/1 0 0 0 MM
COOLING TOTAL 543 550 -7 693
SINCE 1/1 1305 1334 -29 MM
................................................................
WIND (MPH)
AVERAGE WIND SPEED 6.6
HIGHEST WIND SPEED/DIRECTION 47/310 DATE 07/05
HIGHEST GUST SPEED/DIRECTION 69/330 DATE 07/05
SKY COVER
POSSIBLE SUNSHINE (PERCENT) MM
AVERAGE SKY COVER 0.52
NUMBER OF DAYS FAIR 7
NUMBER OF DAYS PC 18
NUMBER OF DAYS CLOUDY 6
AVERAGE RH (PERCENT) 73
WEATHER CONDITIONS. NUMBER OF DAYS WITH
THUNDERSTORM 9 MIXED PRECIP 0
HEAVY RAIN 7 RAIN 6
LIGHT RAIN 14 FREEZING RAIN 0
LT FREEZING RAIN 0 HAIL 0
HEAVY SNOW 0 SNOW 0
LIGHT SNOW 0 SLEET 0
FOG 9 FOG W/VIS <= 1/4 MILE 1
HAZE 1
- INDICATES NEGATIVE NUMBERS.
R INDICATES RECORD WAS SET OR TIED.
MM INDICATES DATA IS MISSING.
T INDICATES TRACE AMOUNT.
$$