000
CXUS54 KLZK 011330
CF6MEZ
PRELIMINARY LOCAL CLIMATOLOGICAL DATA (WS FORM: F-6)
STATION: MENA AIRPORT
MONTH: NOVEMBER
YEAR: 2023
LATITUDE: 34 9 N
LONGITUDE: 94 15 W
TEMPERATURE IN F: :PCPN: SNOW: WIND :SUNSHINE: SKY :PK WND
================================================================================
1 2 3 4 5 6A 6B 7 8 9 10 11 12 13 14 15 16 17 18
12Z AVG MX 2MIN
DY MAX MIN AVG DEP HDD CDD WTR SNW DPTH SPD SPD DIR MIN PSBL S-S WX SPD DR
================================================================================
1 53 22 38 -17 27 0 0.00 M M 1.8 7 270 M M 0 M M
2 58 27 43 -12 22 0 0.00 M M 1.6 7 99 M M 0 M M
3 67 31 49 -6 16 0 0.00 M M 1.2 6 99 M M 0 18 M M
4 71 39 55 1 10 0 0.00 M M 1.6 8 240 M M 2 1 M M
5 74 43 59 5 6 0 0.00 M M 1.2 8 240 M M 1 1 M M
6 78 63 71 17 0 6 0.00 M M 5.7 8 220 M M 1 21 240
7 78 61 70 17 0 5 0.00 M M 3.7 8 250 M M 2 M M
8 79 67 73 20 0 8 0.00 M M 5.0 9 250 M M 5 1 21 250
9 69 49 59 7 6 0 0.08 M M 6.2 13 50 M M 8 13 18 70
10 61 37 49 -3 16 0 T M M 5.3 12 50 M M 1 20 40
11 63 37 50 -2 15 0 0.00 M M 3.2 13 70 M M 4 18 18 70
12 65 35 50 -1 15 0 0.00 M M 1.0 7 20 M M 0 M M
13 62 37 50 -1 15 0 0.00 M M 0.2 3 120 M M 0 18 M M
14 70 38 54 3 11 0 0.00 M M 2.3 8 40 M M 2 M M
15 64 34 49 -1 16 0 0.00 M M 2.8 9 100 M M 3 1 M M
16 61 55 58 8 7 0 0.01 M M 2.0 6 230 M M 10 1 M M
17 63 51 57 8 8 0 0.01 M M 2.2 7 40 M M 8 1 M M
18 68 39 54 5 11 0 0.00 M M 1.7 7 60 M M 1 12 M M
19 63 36 50 2 15 0 0.04 M M 2.6 8 70 M M 4 1 M M
20 55 47 51 3 14 0 0.06 M M 4.5 9 280 M M 10 1 M M
21 52 37 45 -3 20 0 T M M 9.5 15 320 M M 7 22 310
22 53 28 41 -6 24 0 0.00 M M 3.4 9 20 M M 0 M M
23 58 27 43 -4 22 0 0.02 M M 1.4 7 290 M M 0 M M
24 58 25 42 -4 23 0 0.00 M M 2.1 7 100 M M 0 M M
25 57 27 42 -4 23 0 T M M 2.1 8 70 M M 0 1 M M
26 47 29 38 -8 27 0 T M M 7.2 14 300 M M 0 1 23 280
27 52 22 37 -8 28 0 0.00 M M 4.1 9 260 M M 0 M M
28 58 25 42 -3 23 0 0.00 M M 1.8 7 260 M M 0 M M
29 62 31 47 2 18 0 0.00 M M 3.5 10 260 M M 0 M M
30 54 47 51 7 14 0 T M M 3.5 13 90 M M 0 1 31 M
================================================================================
SM 1873 1146 452 19 0.22 M 94.2 M 69
================================================================================
AV 62.4 38.2 3.1 FASTST M M 2 MAX(MPH)
MISC ----> 15 320 31 9999
================================================================================
NOTES:
# LAST OF SEVERAL OCCURRENCES
COLUMN 17 PEAK WIND IN M.P.H.
PRELIMINARY LOCAL CLIMATOLOGICAL DATA (WS FORM: F-6) , PAGE 2
STATION: MENA AIRPORT
MONTH: NOVEMBER
YEAR: 2023
LATITUDE: 34 9 N
LONGITUDE: 94 15 W
[TEMPERATURE DATA] [PRECIPITATION DATA] SYMBOLS USED IN COLUMN 16
AVERAGE MONTHLY: 50.3 TOTAL FOR MONTH: 0.22 1 = FOG OR MIST
DPTR FM NORMAL: 0.4 DPTR FM NORMAL: -5.54 2 = FOG REDUCING VISIBILITY
HIGHEST: 79 ON 8 GRTST 24HR 0.08 ON 9- 9 TO 1/4 MILE OR LESS
LOWEST: 22 ON 27, 1 3 = THUNDER
SNOW, ICE PELLETS, HAIL 4 = ICE PELLETS
TOTAL MONTH: M 5 = HAIL
GRTST 24HR M ON M 6 = FREEZING RAIN OR DRIZZLE
GRTST DEPTH: M ON M 7 = DUSTSTORM OR SANDSTORM:
VSBY 1/2 MILE OR LESS
8 = SMOKE OR HAZE
[NO. OF DAYS WITH] [WEATHER - DAYS WITH] 9 = BLOWING SNOW
X = TORNADO
MAX 32 OR BELOW: 0 0.01 INCH OR MORE: 6
MAX 90 OR ABOVE: 0 0.10 INCH OR MORE: 0
MIN 32 OR BELOW: 11 0.50 INCH OR MORE: 0
MIN 0 OR BELOW: 0 1.00 INCH OR MORE: 0
[HDD (BASE 65) ]
TOTAL THIS MO. 452 CLEAR (SCALE 0-3) 21
DPTR FM NORMAL -6 PTCLDY (SCALE 4-7) 6
TOTAL FM JUL 1 604 CLOUDY (SCALE 8-10) 3
DPTR FM NORMAL -74
[CDD (BASE 65) ]
TOTAL THIS MO. 19
DPTR FM NORMAL 14 [PRESSURE DATA]
TOTAL FM JAN 1 1762 HIGHEST SLP M ON M
DPTR FM NORMAL 245 LOWEST SLP M ON M
[REMARKS]
#FINAL-11-23#