000
CXUS51 KCLE 010900
CF6MFD
PRELIMINARY LOCAL CLIMATOLOGICAL DATA (WS FORM: F-6)
STATION: MANSFIELD OH
MONTH: JANUARY
YEAR: 2021
LATITUDE: 40 49 N
LONGITUDE: 82 31 W
TEMPERATURE IN F: :PCPN: SNOW: WIND :SUNSHINE: SKY :PK WND
================================================================================
1 2 3 4 5 6A 6B 7 8 9 10 11 12 13 14 15 16 17 18
12Z AVG MX 2MIN
DY MAX MIN AVG DEP HDD CDD WTR SNW DPTH SPD SPD DIR MIN PSBL S-S WX SPD DR
================================================================================
1 46 28 37 11 28 0 0.70 T 0 10.7 18 240 M M 8 12468 25 230
2 45 35 40 14 25 0 0.02 0.0 0 7.0 30 240 M M 10 1 41 230
3 39 33 36 10 29 0 0.02 T 0 5.5 14 240 M M 10 1 19 240
4 33 32 33 7 32 0 T T 0 3.7 9 200 M M 10 1 11 200
5 35 32 34 8 31 0 0.03 T 0 5.5 12 320 M M 10 168 14 270
6 36 32 34 8 31 0 0.00 0.0 0 6.6 12 330 M M 10 1 14 360
7 35 29 32 6 33 0 T T 0 8.4 15 50 M M 10 1 22 10
8 31 25 28 2 37 0 0.00 0.0 0 11.3 17 360 M M 10 22 360
9 38 21 30 4 35 0 0.00 0.0 0 5.0 13 360 M M 4 19 10
10 40 21 31 6 34 0 0.00 0.0 0 4.1 9 220 M M 0 18 11 300
11 30 26 28 3 37 0 0.00 0.0 0 6.9 17 210 M M 10 18 22 220
12 30 23 27 2 38 0 0.00 0.0 0 10.7 18 190 M M 9 18 22 170
13 46 27 37 12 28 0 0.00 0.0 0 13.9 21 200 M M 4 18 30 190
14 44 36 40 15 25 0 0.00 0.0 0 11.6 18 220 M M 6 24 220
15 42 27 35 10 30 0 0.15 0.2 0 9.0 17 170 M M 6 1 21 150
16 33 26 30 5 35 0 0.01 T T 8.6 14 210 M M 8 1 19 230
17 35 30 33 8 32 0 0.11 0.9 T 8.4 16 210 M M 10 1 21 210
18 31 28 30 5 35 0 0.02 T 1 10.0 18 230 M M 10 18 24 230
19 34 25 30 5 35 0 T T 1 11.6 18 230 M M 8 1 29 240
20 32 21 27 2 38 0 0.04 0.4 T 11.9 24 320 M M 8 18 30 270
21 42 29 36 11 29 0 0.00 0.0 T 16.2 25 240 M M 1 38 230
22 34 21 28 3 37 0 0.02 0.2 0 10.8 17 280 M M 8 26 290
23 28 14 21 -4 44 0 T T 0 7.0 18 310 M M 3 1 24 300
24 29 18 24 -2 41 0 T T 0 8.6 17 120 M M 10 1 21 110
25 33 27 30 4 35 0 0.02 T T 6.5 14 70 M M 10 168 18 50
26 37 30 34 8 31 0 0.11 T T 12.0 22 230 M M 10 16 29 230
27 30 22 26 0 39 0 T T T 9.5 15 320 M M 9 1 19 340
28 23 18 21 -5 44 0 T 0.2 T 10.1 18 330 M M 10 18 23 330
29 28 15 22 -4 43 0 0.00 0.0 0 5.4 14 330 M M 4 17 330
30 31 13 22 -4 43 0 0.00 0.0 0 9.4 16 120 M M 6 21 120
31 32 26 29 3 36 0 0.54 5.8 2 13.0 18 90 M M 10 12 24 90
================================================================================
SM 1082 790 1070 0 1.79 7.7 278.9 M 242
================================================================================
AV 34.9 25.5 9.0 FASTST M M 8 MAX(MPH)
MISC ----> 30 240 41 230
================================================================================
NOTES:
# LAST OF SEVERAL OCCURRENCES
COLUMN 17 PEAK WIND IN M.P.H.
PRELIMINARY LOCAL CLIMATOLOGICAL DATA (WS FORM: F-6) , PAGE 2
STATION: MANSFIELD OH
MONTH: JANUARY
YEAR: 2021
LATITUDE: 40 49 N
LONGITUDE: 82 31 W
[TEMPERATURE DATA] [PRECIPITATION DATA] SYMBOLS USED IN COLUMN 16
AVERAGE MONTHLY: 30.2 TOTAL FOR MONTH: 1.79 1 = FOG OR MIST
DPTR FM NORMAL: 4.7 DPTR FM NORMAL: -1.08 2 = FOG REDUCING VISIBILITY
HIGHEST: 46 ON 13, 1 GRTST 24HR 0.70 ON 1- 1 TO 1/4 MILE OR LESS
LOWEST: 13 ON 30 3 = THUNDER
SNOW, ICE PELLETS, HAIL 4 = ICE PELLETS
TOTAL MONTH: 7.7 INCHES 5 = HAIL
GRTST 24HR 5.8 ON 31-31 6 = FREEZING RAIN OR DRIZZLE
GRTST DEPTH: 2 ON 31 7 = DUSTSTORM OR SANDSTORM:
VSBY 1/2 MILE OR LESS
8 = SMOKE OR HAZE
[NO. OF DAYS WITH] [WEATHER - DAYS WITH] 9 = BLOWING SNOW
X = TORNADO
MAX 32 OR BELOW: 12 0.01 INCH OR MORE: 13
MAX 90 OR ABOVE: 0 0.10 INCH OR MORE: 5
MIN 32 OR BELOW: 28 0.50 INCH OR MORE: 2
MIN 0 OR BELOW: 0 1.00 INCH OR MORE: 0
[HDD (BASE 65) ]
TOTAL THIS MO. 1070 CLEAR (SCALE 0-3) 2
DPTR FM NORMAL -153 PTCLDY (SCALE 4-7) 10
TOTAL FM JUL 1 3056 CLOUDY (SCALE 8-10) 19
DPTR FM NORMAL -546
[CDD (BASE 65) ]
TOTAL THIS MO. 0
DPTR FM NORMAL 0 [PRESSURE DATA]
TOTAL FM JAN 1 0 HIGHEST SLP 30.55 ON 28
DPTR FM NORMAL 0 LOWEST SLP 29.52 ON 15
[REMARKS]
#FINAL-01-21#