000
CXUS54 KBRO 010917
CF6MFE
PRELIMINARY LOCAL CLIMATOLOGICAL DATA (WS FORM: F-6)
STATION: MCALLEN
MONTH: JULY
YEAR: 2021
LATITUDE: 26 10 N
LONGITUDE: 98 14 W
TEMPERATURE IN F: :PCPN: SNOW: WIND :SUNSHINE: SKY :PK WND
================================================================================
1 2 3 4 5 6A 6B 7 8 9 10 11 12 13 14 15 16 17 18
12Z AVG MX 2MIN
DY MAX MIN AVG DEP HDD CDD WTR SNW DPTH SPD SPD DIR MIN PSBL S-S WX SPD DR
================================================================================
1 95 76 86 -2 0 21 0.00 0.0 0 6.5 21 50 M M 2 3 26 70
2 96 75 86 -2 0 21 0.00 0.0 0 6.6 23 80 M M 1 13 30 100
3 96 76 86 -2 0 21 T 0.0 0 8.2 21 120 M M 2 26 130
4 97 77 87 -1 0 22 0.00 0.0 0 10.2 22 120 M M 2 18 26 120
5 94 78 86 -2 0 21 T 0.0 0 11.4 21 130 M M 3 138 26 140
6 82 74 78 -10 0 13 1.20 0.0 0 4.9 15 170 M M 7 138 20 170
7 81 74 78 -10 0 13 4.63 0.0 0 5.7 14 130 M M 8 13 16 130
8 87 75 81 -7 0 16 0.12 0.0 0 6.3 15 280 M M 8 13 20 280
9 86 73 80 -8 0 15 0.90 0.0 0 9.0 28 160 M M 7 13 36 160
10 89 78 84 -4 0 19 0.02 0.0 0 12.7 21 130 M M 6 13 29 150
11 92 79 86 -2 0 21 0.00 0.0 0 15.7 25 150 M M 5 18 32 140
12 93 78 86 -2 0 21 0.00 0.0 0 10.9 20 120 M M 5 18 27 110
13 90 77 84 -4 0 19 0.09 0.0 0 7.9 21 70 M M 3 13 26 60
14 92 77 85 -3 0 20 0.04 0.0 0 8.6 22 110 M M 1 13 26 110
15 93 75 84 -4 0 19 0.00 0.0 0 12.2 28 140 M M 2 1 34 130
16 93 76 85 -3 0 20 T 0.0 0 13.7 24 130 M M 2 32 130
17 94 77 86 -3 0 21 0.00 0.0 0 12.0 22 120 M M 1 1 27 120
18 94 77 86 -3 0 21 T 0.0 0 8.6 17 120 M M 2 1 21 120
19 96 77 87 -2 0 22 0.00 0.0 0 8.8 17 150 M M 1 1 24 150
20 98 74 86 -3 0 21 1.57 0.0 0 7.7 24 90 M M 2 13 30 80
21 90 74 82 -7 0 17 0.05 0.0 0 5.1 18 110 M M 4 3 27 80
22 90 75 83 -6 0 18 0.09 0.0 0 10.4 28 140 M M 3 13 34 150
23 94 76 85 -4 0 20 0.00 0.0 0 13.7 24 140 M M 1 33 140
24 95 77 86 -3 0 21 0.00 0.0 0 13.8 22 150 M M 3 28 150
25 95 75 85 -4 0 20 0.00 0.0 0 10.7 20 120 M M 0 1 28 120
26 95 74 85 -4 0 20 0.00 0.0 0 9.0 17 120 M M 0 22 120
27 94 76 85 -4 0 20 0.00 0.0 0 7.2 18 110 M M 1 1 23 110
28 95 76 86 -4 0 21 0.16 0.0 0 2.8 36 60 M M 1 138 54 70
29 94 73 84 -6 0 19 0.00 0.0 0 5.8 18 100 M M 2 24 130
30 96 76 86 -4 0 21 0.00 0.0 0 6.3 21 120 M M 1 1 26 130
31 97 76 87 -3 0 22 0.00 0.0 0 11.5 23 140 M M 0 28 130
================================================================================
SM 2873 2351 0 606 8.87 0.0 283.9 M 86
================================================================================
AV 92.7 75.8 9.2 FASTST M M 3 MAX(MPH)
MISC ----> 36 60 54 70
================================================================================
NOTES:
# LAST OF SEVERAL OCCURRENCES
COLUMN 17 PEAK WIND IN M.P.H.
PRELIMINARY LOCAL CLIMATOLOGICAL DATA (WS FORM: F-6) , PAGE 2
STATION: MCALLEN
MONTH: JULY
YEAR: 2021
LATITUDE: 26 10 N
LONGITUDE: 98 14 W
[TEMPERATURE DATA] [PRECIPITATION DATA] SYMBOLS USED IN COLUMN 16
AVERAGE MONTHLY: 84.3 TOTAL FOR MONTH: 8.87 1 = FOG OR MIST
DPTR FM NORMAL: -4.3 DPTR FM NORMAL: 6.84 2 = FOG REDUCING VISIBILITY
HIGHEST: 98 ON 20 GRTST 24HR 5.71 ON 6- 7 TO 1/4 MILE OR LESS
LOWEST: 73 ON 29, 9 3 = THUNDER
SNOW, ICE PELLETS, HAIL 4 = ICE PELLETS
TOTAL MONTH: 0.0 INCH 5 = HAIL
GRTST 24HR 0.0 6 = FREEZING RAIN OR DRIZZLE
GRTST DEPTH: 0 7 = DUSTSTORM OR SANDSTORM:
VSBY 1/2 MILE OR LESS
8 = SMOKE OR HAZE
[NO. OF DAYS WITH] [WEATHER - DAYS WITH] 9 = BLOWING SNOW
X = TORNADO
MAX 32 OR BELOW: 0 0.01 INCH OR MORE: 11
MAX 90 OR ABOVE: 26 0.10 INCH OR MORE: 6
MIN 32 OR BELOW: 0 0.50 INCH OR MORE: 4
MIN 0 OR BELOW: 0 1.00 INCH OR MORE: 3
[HDD (BASE 65) ]
TOTAL THIS MO. 0 CLEAR (SCALE 0-3) 22
DPTR FM NORMAL 0 PTCLDY (SCALE 4-7) 7
TOTAL FM JUL 1 0 CLOUDY (SCALE 8-10) 2
DPTR FM NORMAL 0
[CDD (BASE 65) ]
TOTAL THIS MO. 606
DPTR FM NORMAL -127 [PRESSURE DATA]
TOTAL FM JAN 1 2532 HIGHEST SLP 30.13 ON 22
DPTR FM NORMAL -359 LOWEST SLP 29.75 ON 8
[REMARKS]
#FINAL-07-21#