000
CXUS53 KGRB 230723
CF6MFI
PRELIMINARY LOCAL CLIMATOLOGICAL DATA (WS FORM: F-6)
STATION: MARSHFIELD WI
MONTH: APRIL
YEAR: 2024
LATITUDE: 44 37 N
LONGITUDE: 90 11 W
TEMPERATURE IN F: :PCPN: SNOW: WIND :SUNSHINE: SKY :PK WND
================================================================================
1 2 3 4 5 6A 6B 7 8 9 10 11 12 13 14 15 16 17 18
12Z AVG MX 2MIN
DY MAX MIN AVG DEP HDD CDD WTR SNW DPTH SPD SPD DIR MIN PSBL S-S WX SPD DR
================================================================================
1 39 31 35 -3 30 0 0.05 T T 9.9 17 70 M M 7 1 24 60
2 35 31 33 -5 32 0 0.46 1.7 2 14.1 26 350 M M 10 18 41 360
3 34 31 33 -5 32 0 M M M 18.4 30 360 M M 10 18 45 360
4 41 31 36 -3 29 0 M M M 11.9 20 350 M M 10 18 29 340
5 53 29 41 2 24 0 0.00 0.0 M 5.8 13 330 M M 2 18 350
6 54 29 42 2 23 0 0.00 0.0 0 9.2 21 150 M M 0 28 150
7 47 35 41 1 24 0 0.09 0.0 0 15.1 30 150 M M 6 13 46 150
8 53 41 47 7 18 0 0.01 M M 10.3 23 220 M M 9 1 32 210
9 58 40 49 8 16 0 0.01 M M 8.0 18 280 M M 9 1 27 290
10 67 37 52 11 13 0 T M M 7.0 13 250 M M 2 21 250
11 61 45 53 11 12 0 0.43 M M 7.5 17 140 M M 6 138 24 190
12 57 38 48 6 17 0 0.00 M M 14.7 29 330 M M 2 37 310
13 70 31 51 8 14 0 0.00 M M 8.7 22 210 M M 0 29 200
14 73 45 59 16 6 0 0.00 M M 9.7 23 320 M M 0 32 310
15 68 39 54 11 11 0 0.00 M M 7.2 17 110 M M 0 24 120
16 62 43 53 9 12 0 0.40 M M 19.6 35 100 M M 5 13 51 120
17 53 43 48 4 17 0 0.72 M M 13.0 25 290 M M 9 1 39 100
18 51 37 44 -1 21 0 0.02 M M 9.2 17 220 M M 6 1 25 300
19 42 31 37 -8 28 0 T M M 15.1 28 290 M M 6 40 300
20 38 28 33 -13 32 0 0.00 M M 11.6 20 310 M M 6 28 330
21 58 27 43 -3 22 0 0.00 M M 9.4 22 310 M M 1 32 310
22 66 35 51 5 14 0 0.01 M M 12.2 26 220 M M 3 42 240
================================================================================
SM 1180 777 447 0 2.20 1.7 247.6 M 109
================================================================================
AV 53.6 35.3 11.3 FASTST M M 5 MAX(MPH)
MISC ----> 35 100 51 120
================================================================================
NOTES:
# LAST OF SEVERAL OCCURRENCES
COLUMN 17 PEAK WIND IN M.P.H.
PRELIMINARY LOCAL CLIMATOLOGICAL DATA (WS FORM: F-6) , PAGE 2
STATION: MARSHFIELD WI
MONTH: APRIL
YEAR: 2024
LATITUDE: 44 37 N
LONGITUDE: 90 11 W
[TEMPERATURE DATA] [PRECIPITATION DATA] SYMBOLS USED IN COLUMN 16
AVERAGE MONTHLY: 44.5 TOTAL FOR MONTH: 2.20 1 = FOG OR MIST
DPTR FM NORMAL: 2.5 DPTR FM NORMAL: 0.59 2 = FOG REDUCING VISIBILITY
HIGHEST: 73 ON 14 GRTST 24HR 1.12 ON 16-17 TO 1/4 MILE OR LESS
LOWEST: 27 ON 21 3 = THUNDER
SNOW, ICE PELLETS, HAIL 4 = ICE PELLETS
TOTAL MONTH: 1.7 INCHES 5 = HAIL
GRTST 24HR 1.7 ON 2- 2 6 = FREEZING RAIN OR DRIZZLE
GRTST DEPTH: 2 ON 2 7 = DUSTSTORM OR SANDSTORM:
VSBY 1/2 MILE OR LESS
8 = SMOKE OR HAZE
[NO. OF DAYS WITH] [WEATHER - DAYS WITH] 9 = BLOWING SNOW
X = TORNADO
MAX 32 OR BELOW: 0 0.01 INCH OR MORE: 10
MAX 90 OR ABOVE: 0 0.10 INCH OR MORE: 4
MIN 32 OR BELOW: 10 0.50 INCH OR MORE: 1
MIN 0 OR BELOW: 0 1.00 INCH OR MORE: 0
[HDD (BASE 65) ]
TOTAL THIS MO. 447 CLEAR (SCALE 0-3) 9
DPTR FM NORMAL -61 PTCLDY (SCALE 4-7) 7
TOTAL FM JUL 1 6257 CLOUDY (SCALE 8-10) 6
DPTR FM NORMAL -1358
[CDD (BASE 65) ]
TOTAL THIS MO. 0
DPTR FM NORMAL 0 [PRESSURE DATA]
TOTAL FM JAN 1 0 HIGHEST SLP M ON M
DPTR FM NORMAL 0 LOWEST SLP 29.38 ON 3
[REMARKS]