000
CXUS56 KMFR 010956
CF6MFR
PRELIMINARY LOCAL CLIMATOLOGICAL DATA (WS FORM: F-6)
STATION: MEDFORD OR
MONTH: MAY
YEAR: 2023
LATITUDE: 42 22 N
LONGITUDE: 122 52 W
TEMPERATURE IN F: :PCPN: SNOW: WIND :SUNSHINE: SKY :PK WND
================================================================================
1 2 3 4 5 6A 6B 7 8 9 10 11 12 13 14 15 16 17 18
12Z AVG MX 2MIN
DY MAX MIN AVG DEP HDD CDD WTR SNW DPTH SPD SPD DIR MIN PSBL S-S WX SPD DR
================================================================================
1 55 49 52 -5 13 0 0.02 0.0 0 4.8 13 300 M M 10 17 300
2 65 47 56 -1 9 0 0.38 0.0 0 5.0 18 140 M M 7 18 24 140
3 72 50 61 4 4 0 0.00 0.0 0 5.2 16 160 M M 6 22 170
4 65 51 58 0 7 0 0.00 0.0 0 4.6 16 300 M M 9 24 300
5 64 45 55 -3 10 0 0.09 0.0 0 6.5 18 300 M M 8 8 24 310
6 59 44 52 -6 13 0 0.03 0.0 0 4.9 15 140 M M 9 20 150
7 61 38 50 -8 15 0 T 0.0 0 3.5 10 290 M M 7 16 260
8 59 42 51 -8 14 0 0.50 0.0 0 5.2 17 150 M M 8 1 25 320
9 70 39 55 -4 10 0 T 0.0 0 3.6 12 290 M M 4 17 290
10 71 45 58 -1 7 0 0.00 0.0 0 4.2 20 220 M M 3 30 230
11 78 47 63 4 2 0 0.00 0.0 0 3.7 15 270 M M 2 19 270
12 88 49 69 9 0 4 0.00 0.0 0 3.7 13 10 M M 0 17 350
13 92 55 74 14 0 9 0.00 0.0 0 2.9 14 20 M M 0 19 30
14 93 53 73 13 0 8 0.00 0.0 0 5.4 16 30 M M 1 28 140
15 91 59 75 15 0 10 0.01 0.0 M 6.1 21 20 M M 2 3 26 20
16 89 56 73 12 0 8 0.00 0.0 M 3.4 12 310 M M 1 17 290
17 92 57 75 14 0 10 0.00 0.0 M 3.9 13 300 M M 0 19 290
18 90 58 74 13 0 9 0.00 0.0 M 5.1 17 350 M M 0 23 270
19 91 58 75 14 0 10 0.00 0.0 M 5.7 16 340 M M 0 24 360
20 89 60 75 13 0 10 0.00 0.0 M 6.5 17 290 M M 1 25 270
21 79 57 68 6 0 3 0.00 0.0 M 7.3 22 350 M M 6 28 340
22 72 49 61 -1 4 0 0.00 0.0 0 5.9 15 340 M M 2 20 330
23 72 44 58 -4 7 0 0.00 0.0 0 5.5 16 350 M M 0 21 350
24 79 43 61 -1 4 0 0.00 0.0 0 4.4 14 330 M M 0 20 330
25 84 48 66 4 0 1 0.00 0.0 0 3.8 17 320 M M 0 23 330
26 86 52 69 6 0 4 0.00 0.0 0 5.2 17 350 M M 0 22 350
27 82 56 69 6 0 4 0.00 0.0 0 5.9 20 360 M M 2 38 25 340
28 84 53 69 6 0 4 T 0.0 0 3.5 15 70 M M 3 22 70
29 88 54 71 8 0 6 0.00 0.0 0 4.7 17 350 M M 0 25 300
30 83 53 68 5 0 3 0.00 0.0 0 6.7 20 350 M M 1 26 360
31 74 50 62 -1 3 0 0.00 0.0 0 6.1 16 320 M M 2 23 330
================================================================================
SM 2417 1561 122 103 1.03 0.0 152.9 M 94
================================================================================
AV 78.0 50.4 4.9 FASTST M M 3 MAX(MPH)
MISC ----> 22 350 30 230
================================================================================
NOTES:
# LAST OF SEVERAL OCCURRENCES
COLUMN 17 PEAK WIND IN M.P.H.
PRELIMINARY LOCAL CLIMATOLOGICAL DATA (WS FORM: F-6) , PAGE 2
STATION: MEDFORD OR
MONTH: MAY
YEAR: 2023
LATITUDE: 42 22 N
LONGITUDE: 122 52 W
[TEMPERATURE DATA] [PRECIPITATION DATA] SYMBOLS USED IN COLUMN 16
AVERAGE MONTHLY: 64.2 TOTAL FOR MONTH: 1.03 1 = FOG OR MIST
DPTR FM NORMAL: 3.8 DPTR FM NORMAL: -0.31 2 = FOG REDUCING VISIBILITY
HIGHEST: 93 ON 14 GRTST 24HR 0.50 ON 7- 8 TO 1/4 MILE OR LESS
LOWEST: 38 ON 7 3 = THUNDER
SNOW, ICE PELLETS, HAIL 4 = ICE PELLETS
TOTAL MONTH: 0.0 INCH 5 = HAIL
GRTST 24HR 0.0 6 = FREEZING RAIN OR DRIZZLE
GRTST DEPTH: 0 7 = DUSTSTORM OR SANDSTORM:
VSBY 1/2 MILE OR LESS
8 = SMOKE OR HAZE
[NO. OF DAYS WITH] [WEATHER - DAYS WITH] 9 = BLOWING SNOW
X = TORNADO
MAX 32 OR BELOW: 0 0.01 INCH OR MORE: 6
MAX 90 OR ABOVE: 6 0.10 INCH OR MORE: 2
MIN 32 OR BELOW: 0 0.50 INCH OR MORE: 1
MIN 0 OR BELOW: 0 1.00 INCH OR MORE: 0
[HDD (BASE 65) ]
TOTAL THIS MO. 122 CLEAR (SCALE 0-3) 21
DPTR FM NORMAL -57 PTCLDY (SCALE 4-7) 7
TOTAL FM JUL 1 4231 CLOUDY (SCALE 8-10) 3
DPTR FM NORMAL 80
[CDD (BASE 65) ]
TOTAL THIS MO. 103
DPTR FM NORMAL 66 [PRESSURE DATA]
TOTAL FM JAN 1 120 HIGHEST SLP 30.18 ON 22
DPTR FM NORMAL 80 LOWEST SLP 29.69 ON 3
[REMARKS]
#FINAL-05-23#