000
CXUS51 KPBZ 010830
CF6MGW
PRELIMINARY LOCAL CLIMATOLOGICAL DATA (WS FORM: F-6)
STATION: MORGANTOWN WV
MONTH: JANUARY
YEAR: 2023
LATITUDE: 39 39 N
LONGITUDE: 79 55 W
TEMPERATURE IN F: :PCPN: SNOW: WIND :SUNSHINE: SKY :PK WND
================================================================================
1 2 3 4 5 6A 6B 7 8 9 10 11 12 13 14 15 16 17 18
12Z AVG MX 2MIN
DY MAX MIN AVG DEP HDD CDD WTR SNW DPTH SPD SPD DIR MIN PSBL S-S WX SPD DR
================================================================================
1 55 44 50 17 15 0 0.00 M M 5.2 14 230 M M 7 19 200
2 62 46 54 21 11 0 0.02 M M 2.8 10 200 M M 10 1 16 190
3 64 54 59 26 6 0 1.00 M M 4.6 13 210 M M 9 18 21 200
4 67 51 59 26 6 0 0.13 M M 4.2 13 220 M M 9 1 18 230
5 53 41 47 14 18 0 0.00 M M 3.2 15 200 M M 6 1 23 200
6 44 35 40 8 25 0 0.03 M M 5.5 10 240 M M 10 20 270
7 36 32 34 2 31 0 0.00 M M 3.5 12 220 M M 9 16 210
8 44 26 35 3 30 0 0.18 M M 2.0 8 30 M M 7 1 9 40
9 34 27 31 -1 34 0 0.05 M M 5.5 14 220 M M 9 1 21 230
10 42 28 35 3 30 0 0.00 M M 2.5 8 210 M M 1 18 12 200
11 48 28 38 6 27 0 0.04 M M 4.4 14 120 M M 6 1 17 130
12 58 44 51 19 14 0 0.62 M M 5.0 14 310 M M 9 13 23 300
13 45 29 37 5 28 0 0.18 M M 6.5 12 330 M M 10 18 19 310
14 30 24 27 -5 38 0 0.04 M M 7.8 14 330 M M 10 18 20 330
15 33 23 28 -4 37 0 0.00 M M 2.4 9 350 M M 6 13 310
16 51 20 36 4 29 0 0.00 M M 2.1 6 110 M M 2 8 40
17 54 38 46 14 19 0 0.37 M M 6.8 14 220 M M 10 1 18 220
18 52 38 45 13 20 0 0.01 M M 4.3 17 230 M M 10 24 240
19 60 39 50 18 15 0 0.42 M M 7.6 18 230 M M 8 1 36 230
20 46 34 40 8 25 0 T M M 7.8 20 290 M M 10 18 31 290
21 36 28 32 0 33 0 0.00 M M 3.9 8 200 M M 9 12 220
22 42 26 34 2 31 0 0.12 M M 1.8 9 160 M M 7 12 13 150
23 38 33 36 4 29 0 0.12 M M 6.8 14 230 M M 10 18 20 210
24 44 30 37 5 28 0 0.00 M M 6.7 15 230 M M 5 28 260
25 57 32 45 13 20 0 0.25 M M 9.3 23 120 M M 7 18 34 100
26 41 32 37 5 28 0 0.02 M M 7.6 18 240 M M 10 18 29 210
27 41 27 34 2 31 0 T M M 8.6 17 210 M M 8 18 27 210
28 52 38 45 13 20 0 0.00 M M 7.1 15 200 M M 5 24 200
29 48 40 44 12 21 0 0.14 M M 4.4 10 220 M M 9 1 15 200
30 50 33 42 10 23 0 0.13 M M 4.0 13 350 M M 10 12 20 200
31 33 25 29 -3 36 0 0.27 M M 4.1 9 350 M M 10 168 14 330
================================================================================
SM 1460 1045 758 0 4.14 M 158.0 M 248
================================================================================
AV 47.1 33.7 5.1 FASTST M M 8 MAX(MPH)
MISC ----> 23 120 36 230
================================================================================
NOTES:
# LAST OF SEVERAL OCCURRENCES
COLUMN 17 PEAK WIND IN M.P.H.
PRELIMINARY LOCAL CLIMATOLOGICAL DATA (WS FORM: F-6) , PAGE 2
STATION: MORGANTOWN WV
MONTH: JANUARY
YEAR: 2023
LATITUDE: 39 39 N
LONGITUDE: 79 55 W
[TEMPERATURE DATA] [PRECIPITATION DATA] SYMBOLS USED IN COLUMN 16
AVERAGE MONTHLY: 40.4 TOTAL FOR MONTH: 4.14 1 = FOG OR MIST
DPTR FM NORMAL: 8.4 DPTR FM NORMAL: 1.02 2 = FOG REDUCING VISIBILITY
HIGHEST: 67 ON 4 GRTST 24HR 1.12 ON 2- 3 TO 1/4 MILE OR LESS
LOWEST: 20 ON 16 3 = THUNDER
SNOW, ICE PELLETS, HAIL 4 = ICE PELLETS
TOTAL MONTH: M 5 = HAIL
GRTST 24HR M ON M 6 = FREEZING RAIN OR DRIZZLE
GRTST DEPTH: M ON M 7 = DUSTSTORM OR SANDSTORM:
VSBY 1/2 MILE OR LESS
8 = SMOKE OR HAZE
[NO. OF DAYS WITH] [WEATHER - DAYS WITH] 9 = BLOWING SNOW
X = TORNADO
MAX 32 OR BELOW: 1 0.01 INCH OR MORE: 20
MAX 90 OR ABOVE: 0 0.10 INCH OR MORE: 13
MIN 32 OR BELOW: 16 0.50 INCH OR MORE: 2
MIN 0 OR BELOW: 0 1.00 INCH OR MORE: 1
[HDD (BASE 65) ]
TOTAL THIS MO. 758 CLEAR (SCALE 0-3) 2
DPTR FM NORMAL -263 PTCLDY (SCALE 4-7) 11
TOTAL FM JUL 1 2626 CLOUDY (SCALE 8-10) 18
DPTR FM NORMAL -268
[CDD (BASE 65) ]
TOTAL THIS MO. 0
DPTR FM NORMAL 0 [PRESSURE DATA]
TOTAL FM JAN 1 0 HIGHEST SLP 30.40 ON 8
DPTR FM NORMAL 0 LOWEST SLP 29.49 ON 25
[REMARKS]
#FINAL-01-23#