000
CXUS53 KFSD 011541
CF6MHE
PRELIMINARY LOCAL CLIMATOLOGICAL DATA (WS FORM: F-6)
STATION: MITCHELL SD
MONTH: SEPTEMBER
YEAR: 2022
LATITUDE: 43 46 N
LONGITUDE: 98 2 W
TEMPERATURE IN F: :PCPN: SNOW: WIND :SUNSHINE: SKY :PK WND
================================================================================
1 2 3 4 5 6A 6B 7 8 9 10 11 12 13 14 15 16 17 18
12Z AVG MX 2MIN
DY MAX MIN AVG DEP HDD CDD WTR SNW DPTH SPD SPD DIR MIN PSBL S-S WX SPD DR
================================================================================
1 96 56 76 7 0 11 0.00 0.0 0 6.2 14 170 M M 0 20 180
2 94 54 74 5 0 9 T 0.0 0 11.7 23 360 M M 0 3 35 360
3 82 46 64 -4 1 0 0.00 0.0 0 6.1 13 50 M M 0 18 20
4 84 47 66 -2 0 1 0.00 0.0 0 9.2 20 140 M M 0 29 140
5 88 58 73 5 0 8 0.00 0.0 0 14.7 24 160 M M 1 1 34 160
6 95 60 78 10 0 13 0.00 0.0 0 6.4 15 160 M M 0 1 20 160
7 92 61 77 10 0 12 0.00 0.0 0 10.5 21 160 M M 0 1 31 150
8 100 66 83 16 0 18 0.00 0.0 0 14.5 26 320 M M 0 36 360
9 68 52 60 -7 5 0 0.01 0.0 0 10.6 23 350 M M 8 33 360
10 76 43 60 -6 5 0 0.00 0.0 0 4.8 16 340 M M 1 22 350
11 81 39 60 -6 5 0 0.00 0.0 0 3.7 12 340 M M 0 20 320
12 85 45 65 -1 0 0 0.00 0.0 0 7.8 15 140 M M 0 24 160
13 90 55 73 8 0 8 0.00 0.0 0 10.3 18 140 M M 0 25 140
14 95 57 76 11 0 11 0.00 0.0 0 13.7 29 160 M M 0 40 170
15 83 65 74 10 0 9 0.01 0.0 0 10.9 23 190 M M 3 1 34 210
16 78 57 68 4 0 3 T 0.0 0 5.8 22 180 M M 6 13 31 200
17 84 57 71 7 0 6 0.00 0.0 0 8.8 22 300 M M 0 29 300
18 77 51 64 1 1 0 T 0.0 0 4.2 12 190 M M 2 1 15 190
19 90 54 72 9 0 7 0.00 0.0 0 9.6 23 160 M M 0 1 30 170
20 93 57 75 13 0 10 0.00 0.0 0 10.1 24 350 M M 0 1 33 340
21 71 43 57 -5 8 0 T 0.0 0 12.1 26 340 M M 1 35 330
22 68 37 53 -9 12 0 0.00 0.0 0 7.6 18 180 M M 1 30 200
23 76 54 65 4 0 0 T 0.0 0 13.0 22 170 M M 7 33 170
24 75 52 64 3 1 0 0.00 0.0 0 11.1 22 320 M M 1 29 340
25 75 47 61 1 4 0 0.00 0.0 0 13.6 29 330 M M 0 48 360
26 76 43 60 0 5 0 0.00 0.0 0 6.0 12 290 M M 2 15 320
27 75 35 55 -4 10 0 0.00 0.0 0 5.6 15 50 M M 0 23 40
28 74 38 56 -3 9 0 0.00 0.0 0 14.0 24 140 M M 0 32 160
29 81 50 66 8 0 1 T 0.0 0 18.1 28 170 M M 0 41 160
30 82 57 70 12 0 5 T 0.0 0 16.4 26 160 M M 1 35 170
================================================================================
SM 2484 1536 66 132 0.02 0.0 297.1 M 34
================================================================================
AV 82.8 51.2 9.9 FASTST M M 1 MAX(MPH)
MISC ----> # 29 160 48 360
================================================================================
NOTES:
# LAST OF SEVERAL OCCURRENCES
-COLUMN 17 PEAK WIND IN M.P.H.
-PRECIPITATION AMOUNTS IN COLUMNS 7,8 AND 9 ARE THE OFFICIAL
PRECIPITATION AMOUNTS FOR MITCHELL, SD.
-SNOW DEPTH IN COLUMN 9 IS RECORDED AT 6 AM CST (12Z).
PRELIMINARY LOCAL CLIMATOLOGICAL DATA (WS FORM: F-6) , PAGE 2
STATION: MITCHELL SD
MONTH: SEPTEMBER
YEAR: 2022
LATITUDE: 43 46 N
LONGITUDE: 98 2 W
[TEMPERATURE DATA] [PRECIPITATION DATA] SYMBOLS USED IN COLUMN 16
AVERAGE MONTHLY: 67.0 TOTAL FOR MONTH: 0.02 1 = FOG OR MIST
DPTR FM NORMAL: 3.1 DPTR FM NORMAL: -2.32 2 = FOG REDUCING VISIBILITY
HIGHEST: 100 ON 8 GRTST 24HR 0.01 ON 9,15 TO 1/4 MILE OR LESS
LOWEST: 35 ON 27 3 = THUNDER
SNOW, ICE PELLETS, HAIL 4 = ICE PELLETS
TOTAL MONTH: 0.0 INCH 5 = HAIL
GRTST 24HR 0.0 6 = FREEZING RAIN OR DRIZZLE
GRTST DEPTH: 0 7 = DUSTSTORM OR SANDSTORM:
VSBY 1/2 MILE OR LESS
8 = SMOKE OR HAZE
[NO. OF DAYS WITH] [WEATHER - DAYS WITH] 9 = BLOWING SNOW
X = TORNADO
MAX 32 OR BELOW: 0 0.01 INCH OR MORE: 2
MAX 90 OR ABOVE: 9 0.10 INCH OR MORE: 0
MIN 32 OR BELOW: 0 0.50 INCH OR MORE: 0
MIN 0 OR BELOW: 0 1.00 INCH OR MORE: 0
[HDD (BASE 65) ]
TOTAL THIS MO. 66 CLEAR (SCALE 0-3) 26
DPTR FM NORMAL -57 PTCLDY (SCALE 4-7) 4
TOTAL FM JUL 1 67 CLOUDY (SCALE 8-10) 0
DPTR FM NORMAL -71
[CDD (BASE 65) ]
TOTAL THIS MO. 132
DPTR FM NORMAL 42 [PRESSURE DATA]
TOTAL FM JAN 1 1094 HIGHEST SLP 30.46 ON 28
DPTR FM NORMAL 223 LOWEST SLP 29.54 ON 8
[REMARKS]
MONTHLY TOTAL PRECIPITATION OF 0.02 INCHES IS THE LOWEST MONTHLY
PRECIPITATION ON RECORD FOR SEPTEMBER.
#FINAL-09-22#