000
CXUS53 KTOP 010910
CF6MHK
PRELIMINARY LOCAL CLIMATOLOGICAL DATA (WS FORM: F-6)
STATION: MANHATTAN KS
MONTH: FEBRUARY
YEAR: 2022
LATITUDE: 39 9 N
LONGITUDE: 96 40 W
TEMPERATURE IN F: :PCPN: SNOW: WIND :SUNSHINE: SKY :PK WND
================================================================================
1 2 3 4 5 6A 6B 7 8 9 10 11 12 13 14 15 16 17 18
12Z AVG MX 2MIN
DY MAX MIN AVG DEP HDD CDD WTR SNW DPTH SPD SPD DIR MIN PSBL S-S WX SPD DR
================================================================================
1 53 23 38 7 27 0 0.02 M M 11.8 29 40 M M 5 38 50
2 23 12 18 -13 47 0 0.08 M M 16.8 25 40 M M 10 18 38 40
3 22 2 12 -19 53 0 0.00 M M 8.5 21 40 M M 1 28 40
4 37 -4 17 -14 48 0 0.00 M M 4.8 13 260 M M 0 17 230
5 50 11 31 0 34 0 0.00 M M 11.0 32 210 M M 0 42 220
6 53 19 36 4 29 0 0.00 M M 4.3 15 20 M M 1 26 20
7 59 17 38 6 27 0 0.00 M M 6.6 16 240 M M 2 23 240
8 67 22 45 13 20 0 0.00 M M 6.3 16 330 M M 0 30 330
9 60 25 43 11 22 0 0.00 M M 5.1 18 320 M M 2 36 320
10 57 25 41 9 24 0 0.00 M M 9.8 23 230 M M 3 30 230
11 57 22 40 7 25 0 T M M 11.4 20 360 M M 3 36 310
12 39 7 23 -10 42 0 0.00 M M 5.3 14 240 M M 1 27 10
13 39 22 31 -2 34 0 0.00 M M 6.9 20 30 M M 1 28 20
14 53 18 36 2 29 0 0.00 M M 5.4 17 40 M M 0 22 50
15 71 27 49 15 16 0 0.00 M M 14.6 33 200 M M 0 50 190
16 60 32 46 12 19 0 0.00 M M M 28 M M M 1 48 M
17 32 9 21 -13 44 0 T M M 10.2 26 30 M M 0 8 40 30
18 56 9 33 -2 32 0 0.00 M M 12.7 26 220 M M 1 35 40
19 43 20 32 -3 33 0 0.00 M M 9.6 21 30 M M 0 29 30
20 69 34 52 17 13 0 0.00 M M 12.3 26 210 M M 0 43 200
21 71 19 45 9 20 0 0.00 M M 8.2 21 220 M M 1 31 350
22 19 7 13 -23 52 0 T M M 9.8 17 360 M M 6 8 33 10
23 23 2 13 -23 52 0 0.00 M M 10.6 15 50 M M 0 22 40
24 20 7 14 -23 51 0 T M M 6.3 14 40 M M 8 8 17 30
25 31 -1 15 -22 50 0 0.00 M M 2.1 8 90 M M 0 14 270
26 42 4 23 -15 42 0 0.00 M M 1.6 9 210 M M 1 15 210
27 57 7 32 -6 33 0 0.00 M M 2.6 13 240 M M 1 8 19 240
28 70 17 44 6 21 0 0.00 M M 2.9 10 230 M M 0 14 240
================================================================================
SM 1333 414 939 0 0.10 M 217.5 M 48
================================================================================
AV 47.6 14.8 8.1 FASTST M M 2 MAX(MPH)
MISC ----> 33 200 50 190
================================================================================
NOTES:
# LAST OF SEVERAL OCCURRENCES
COLUMN 17 PEAK WIND IN M.P.H.
PRELIMINARY LOCAL CLIMATOLOGICAL DATA (WS FORM: F-6) , PAGE 2
STATION: MANHATTAN KS
MONTH: FEBRUARY
YEAR: 2022
LATITUDE: 39 9 N
LONGITUDE: 96 40 W
[TEMPERATURE DATA] [PRECIPITATION DATA] SYMBOLS USED IN COLUMN 16
AVERAGE MONTHLY: 31.2 TOTAL FOR MONTH: 0.10 1 = FOG OR MIST
DPTR FM NORMAL: -2.8 DPTR FM NORMAL: -0.86 2 = FOG REDUCING VISIBILITY
HIGHEST: 71 ON 21,15 GRTST 24HR 0.10 ON 1- 2 TO 1/4 MILE OR LESS
LOWEST: -4 ON 4 3 = THUNDER
SNOW, ICE PELLETS, HAIL 4 = ICE PELLETS
TOTAL MONTH: M 5 = HAIL
GRTST 24HR M ON M 6 = FREEZING RAIN OR DRIZZLE
GRTST DEPTH: M ON M 7 = DUSTSTORM OR SANDSTORM:
VSBY 1/2 MILE OR LESS
8 = SMOKE OR HAZE
[NO. OF DAYS WITH] [WEATHER - DAYS WITH] 9 = BLOWING SNOW
X = TORNADO
MAX 32 OR BELOW: 7 0.01 INCH OR MORE: 2
MAX 90 OR ABOVE: 0 0.10 INCH OR MORE: 0
MIN 32 OR BELOW: 27 0.50 INCH OR MORE: 0
MIN 0 OR BELOW: 2 1.00 INCH OR MORE: 0
[HDD (BASE 65) ]
TOTAL THIS MO. 939 CLEAR (SCALE 0-3) 23
DPTR FM NORMAL 70 PTCLDY (SCALE 4-7) 4
TOTAL FM JUL 1 3503 CLOUDY (SCALE 8-10) 1
DPTR FM NORMAL -516
[CDD (BASE 65) ]
TOTAL THIS MO. 0
DPTR FM NORMAL 0 [PRESSURE DATA]
TOTAL FM JAN 1 0 HIGHEST SLP 30.75 ON 23
DPTR FM NORMAL 0 LOWEST SLP 29.55 ON 21
[REMARKS]
#FINAL-02-22#