000
CXUS56 KMFR 010930
CF6MHS
PRELIMINARY LOCAL CLIMATOLOGICAL DATA (WS FORM: F-6)
STATION: MT SHASTA CITY CA
MONTH: MARCH
YEAR: 2023
LATITUDE: 41 19 N
LONGITUDE: 122 19 W
TEMPERATURE IN F: :PCPN: SNOW: WIND :SUNSHINE: SKY :PK WND
================================================================================
1 2 3 4 5 6A 6B 7 8 9 10 11 12 13 14 15 16 17 18
12Z AVG MX 2MIN
DY MAX MIN AVG DEP HDD CDD WTR SNW DPTH SPD SPD DIR MIN PSBL S-S WX SPD DR
================================================================================
1 37 22 30 -10 35 0 T M M 5.1 14 340 M M 5 8 33 340
2 47 18 33 -7 32 0 0.01 M M 2.6 9 300 M M 5 1 19 310
3 44 27 36 -4 29 0 T M M 1.7 8 310 M M 2 18 17 330
4 37 28 33 -7 32 0 0.52 M M 2.0 7 80 M M 7 128 M M
5 36 24 30 -11 35 0 0.55 M M 1.5 7 140 M M 5 128 17 150
6 34 24 29 -12 36 0 0.29 M M 1.5 6 130 M M 9 128 14 120
7 34 23 29 -12 36 0 0.35 M M 2.4 7 100 M M 9 128 21 140
8 38 24 31 -10 34 0 0.33 M M 2.2 7 120 M M 7 128 15 110
9 34 30 32 -9 33 0 1.66 M M 4.0 12 90 M M 9 128 25 80
10 41 24 33 -8 32 0 0.27 M M 2.3 13 90 M M 3 18 23 80
11 40 21 31 -11 34 0 0.02 M M 1.6 6 130 M M 9 18 14 80
12 44 34 39 -3 26 0 0.61 M M 5.0 12 90 M M 10 1 20 90
13 46 40 43 1 22 0 0.26 M M 4.6 12 90 M M 10 1 20 90
14 41 33 37 -5 28 0 1.92 M M 1.8 13 340 M M 10 1 27 330
15 41 25 33 -9 32 0 0.00 M M 3.1 9 300 M M 1 18 22 60
16 52 20 36 -6 29 0 0.00 M M 1.3 9 300 M M 0 18 14 310
17 54 23 39 -3 26 0 0.00 M M 0.3 6 220 M M 0 18 12 210
18 53 25 39 -4 26 0 0.00 M M 0.3 5 140 M M 0 8 10 230
19 45 33 39 -4 26 0 0.48 M M 0.9 7 130 M M 10 12 21 140
20 47 27 37 -6 28 0 0.00 M M 0.9 7 90 M M 3 128 12 90
21 46 26 36 -7 29 0 0.01 M M 2.1 8 290 M M 3 8 22 80
22 47 34 41 -2 24 0 0.14 M M 1.0 7 100 M M 10 1 14 60
23 45 28 37 -6 28 0 0.11 M M 0.6 14 300 M M 8 128 26 320
24 44 27 36 -7 29 0 0.00 M M 3.9 12 340 M M 4 21 340
25 41 24 33 -10 32 0 0.06 M M 3.6 13 350 M M 9 128 25 300
26 44 24 34 -10 31 0 T M M 3.4 13 340 M M 2 8 23 340
27 41 23 32 -12 33 0 0.29 M M 2.0 8 100 M M 6 128 24 140
28 36 30 33 -11 32 0 1.97 M M 2.4 12 90 M M 7 12 20 80
29 38 27 33 -11 32 0 0.14 M M 0.1 6 90 M M 8 128 11 80
30 48 21 35 -9 30 0 0.00 M M 1.3 9 300 M M 3 18 18 290
31 42 31 37 -7 28 0 0.02 M M 3.1 9 90 M M 9 18 16 80
================================================================================
SM 1317 820 939 0 10.01 M 68.6 M 183
================================================================================
AV 42.5 26.5 2.2 FASTST M M 6 MAX(MPH)
MISC ----> # 14 340 33 340
================================================================================
NOTES:
# LAST OF SEVERAL OCCURRENCES
COLUMN 17 PEAK WIND IN M.P.H.
PRELIMINARY LOCAL CLIMATOLOGICAL DATA (WS FORM: F-6) , PAGE 2
STATION: MT SHASTA CITY CA
MONTH: MARCH
YEAR: 2023
LATITUDE: 41 19 N
LONGITUDE: 122 19 W
[TEMPERATURE DATA] [PRECIPITATION DATA] SYMBOLS USED IN COLUMN 16
AVERAGE MONTHLY: 34.5 TOTAL FOR MONTH: 10.01 1 = FOG OR MIST
DPTR FM NORMAL: -7.7 DPTR FM NORMAL: 4.41 2 = FOG REDUCING VISIBILITY
HIGHEST: 54 ON 17 GRTST 24HR 2.12 ON 27-28 TO 1/4 MILE OR LESS
LOWEST: 18 ON 2 3 = THUNDER
SNOW, ICE PELLETS, HAIL 4 = ICE PELLETS
TOTAL MONTH: M 5 = HAIL
GRTST 24HR M ON M 6 = FREEZING RAIN OR DRIZZLE
GRTST DEPTH: M ON M 7 = DUSTSTORM OR SANDSTORM:
VSBY 1/2 MILE OR LESS
8 = SMOKE OR HAZE
[NO. OF DAYS WITH] [WEATHER - DAYS WITH] 9 = BLOWING SNOW
X = TORNADO
MAX 32 OR BELOW: 0 0.01 INCH OR MORE: 21
MAX 90 OR ABOVE: 0 0.10 INCH OR MORE: 16
MIN 32 OR BELOW: 26 0.50 INCH OR MORE: 6
MIN 0 OR BELOW: 0 1.00 INCH OR MORE: 3
[HDD (BASE 65) ]
TOTAL THIS MO. 939 CLEAR (SCALE 0-3) 8
DPTR FM NORMAL 232 PTCLDY (SCALE 4-7) 10
TOTAL FM JUL 1 4772 CLOUDY (SCALE 8-10) 13
DPTR FM NORMAL 148
[CDD (BASE 65) ]
TOTAL THIS MO. 0
DPTR FM NORMAL 0 [PRESSURE DATA]
TOTAL FM JAN 1 0 HIGHEST SLP M ON M
DPTR FM NORMAL 0 LOWEST SLP 29.47 ON 10
[REMARKS]
#FINAL-03-23#