000
CXUS53 KIND 011539
CLMMIE
CLIMATE REPORT
NATIONAL WEATHER SERVICE INDIANAPOLIS IN
1139 AM EDT MON MAY 01 2023
...................................
...THE MUNCIE IN CLIMATE SUMMARY FOR THE MONTH OF APRIL 2023...
CLIMATE NORMAL PERIOD 1991 TO 2020
CLIMATE RECORD PERIOD 9999 TO 9999
WEATHER OBSERVED NORMAL DEPART LAST YEAR`S
VALUE DATE(S) VALUE FROM VALUE DATE(S)
NORMAL
................................................................
TEMPERATURE (F)
HIGHEST 85 04/20 85 04/23
LOWEST 34 04/24 24 04/02
04/26
04/27
AVG. MAXIMUM 65.0 64.1 0.9 61.0
AVG. MINIMUM 42.1 43.0 -0.9 41.7
MEAN 53.5 53.5 0.0 51.3
DAYS MAX >= 90 0 0.0 0.0 0
DAYS MAX <= 32 0 0.1 -0.1 0
DAYS MIN <= 32 0 5.7 -5.7 4
DAYS MIN <= 0 0 0.0 0.0 0
PRECIPITATION (INCHES)
TOTALS 3.03 3.89 -0.86 2.99
DAILY AVG. 0.10 0.13 -0.03 0.10
DAYS >= .01 10 12.3 -2.3 17
DAYS >= .10 6 8.0 -2.0 7
DAYS >= .50 2 2.6 -0.6 1
DAYS >= 1.00 0 0.8 -0.8 0
GREATEST
24 HR. TOTAL 0.94 04/27 TO 04/28
DEGREE DAYS
HEATING TOTAL 354 362 -8 422
SINCE 7/1 4563 5123 -560 MM
COOLING TOTAL 18 18 0 19
SINCE 1/1 18 21 -3 MM
................................................................
WIND (MPH)
AVERAGE WIND SPEED 9.0
HIGHEST WIND SPEED/DIRECTION 38/270 DATE 04/01
HIGHEST GUST SPEED/DIRECTION 57/300 DATE 04/01
SKY COVER
AVERAGE SKY COVER 0.40
AVERAGE RH (PERCENT) 57
WEATHER CONDITIONS. NUMBER OF DAYS WITH
THUNDERSTORM 2 MIXED PRECIP 0
HEAVY RAIN 2 RAIN 6
LIGHT RAIN 13 FREEZING RAIN 0
LT FREEZING RAIN 0 HAIL 0
HEAVY SNOW 0 SNOW 0
LIGHT SNOW 1 SLEET 0
FOG 9 FOG W/VIS <= 1/4 MILE 0
HAZE 10
- INDICATES NEGATIVE NUMBERS.
R INDICATES RECORD WAS SET OR TIED.
MM INDICATES DATA IS MISSING.
T INDICATES TRACE AMOUNT.
$$