000
CXUS53 KDMX 020348
CF6MIW
PRELIMINARY LOCAL CLIMATOLOGICAL DATA (WS FORM: F-6)
STATION: MARSHALLTOWN IA
MONTH: APRIL
YEAR: 2020
LATITUDE: 42 6 N
LONGITUDE: 92 55 W
TEMPERATURE IN F: :PCPN: SNOW: WIND :SUNSHINE: SKY :PK WND
================================================================================
1 2 3 4 5 6A 6B 7 8 9 10 11 12 13 14 15 16 17 18
12Z AVG MX 2MIN
DY MAX MIN AVG DEP HDD CDD WTR SNW DPTH SPD SPD DIR MIN PSBL S-S WX SPD DR
================================================================================
1 59 34 47 3 18 0 0.03 0.0 0 15.3 24 130 M M 4 1 32 140
2 66 46 56 12 9 0 T 0.0 0 16.2 24 150 M M 6 32 130
3 52 26 39 -5 26 0 0.18 0.0 0 17.8 24 320 M M 10 16 29 340
4 48 25 37 -8 28 0 0.00 0.0 0 9.5 20 340 M M 5 25 340
5 60 24 42 -3 23 0 0.00 0.0 0 8.6 17 160 M M 0 24 150
6 62 41 52 6 13 0 0.04 0.0 0 9.5 22 160 M M 8 13 27 160
7 80 49 65 19 0 0 0.00 0.0 0 10.2 20 300 M M 2 1 28 300
8 64 34 49 3 16 0 0.00 0.0 0 12.0 28 320 M M 3 18 36 330
9 46 26 36 -11 29 0 T M 0 17.4 44 320 M M 3 1 59 310
10 51 19 35 -12 30 0 0.00 0.0 0 8.6 15 190 M M 3 23 260
11 56 36 46 -1 19 0 0.26 0.0 0 8.9 18 170 M M 6 12 25 160
12 47 28 38 -10 27 0 1.10 M 0 20.3 37 340 M M 10 1236 50 330
13 40 22 31 -17 34 0 T M M 19.6 32 260 M M 3 1 43 260
14 38 21 30 -18 35 0 0.04 M 0 14.0 31 300 M M 5 18 39 300
15 38 16 27 -22 38 0 T M M 6.8 15 310 M M 6 12 20 290
16 42 22 32 -17 33 0 0.08 M 0 3.9 13 190 M M 5 1 15 200
17 50 29 40 -10 25 0 0.05 M M 10.2 22 240 M M 8 1 29 250
18 64 31 48 -2 17 0 0.00 0.0 0 16.7 31 220 M M 0 42 180
19 58 34 46 -4 19 0 0.00 0.0 0 9.9 21 20 M M 1 28 10
20 66 28 47 -4 18 0 T 0.0 0 14.7 32 290 M M 6 45 280
21 60 28 44 -7 21 0 0.00 0.0 0 9.9 22 290 M M 1 29 290
22 78 44 61 10 4 0 0.49 0.0 0 14.6 31 240 M M 4 13 42 240
23 65 48 57 5 8 0 T 0.0 0 8.6 17 90 M M 3 1 23 80
24 55 46 51 -1 14 0 0.57 0.0 0 10.0 22 300 M M 5 138 28 300
25 66 40 53 1 12 0 0.01 0.0 0 7.5 16 320 M M 2 1 22 30
26 67 38 53 0 12 0 0.00 0.0 0 5.8 17 190 M M 2 1 24 210
27 78 50 64 11 1 0 0.00 0.0 0 13.0 30 220 M M 3 39 210
28 70 48 59 5 6 0 0.07 0.0 0 12.9 37 320 M M 4 1 46 320
29 60 40 50 -4 15 0 0.00 0.0 0 23.8 40 350 M M 7 51 360
30 70 35 53 -1 12 0 0.00 0.0 0 9.7 20 320 M M 0 8 28 300
================================================================================
SM 1756 1008 562 0 2.92 0.0 365.9 M 125
================================================================================
AV 58.5 33.6 12.2 FASTST M M 4 MAX(MPH)
MISC ----> # 44 320 # 59 310
================================================================================
NOTES:
# LAST OF SEVERAL OCCURRENCES
COLUMN 17 PEAK WIND IN M.P.H.
PRELIMINARY LOCAL CLIMATOLOGICAL DATA (WS FORM: F-6) , PAGE 2
STATION: MARSHALLTOWN IA
MONTH: APRIL
YEAR: 2020
LATITUDE: 42 6 N
LONGITUDE: 92 55 W
[TEMPERATURE DATA] [PRECIPITATION DATA] SYMBOLS USED IN COLUMN 16
AVERAGE MONTHLY: 46.1 TOTAL FOR MONTH: 2.92 1 = FOG OR MIST
DPTR FM NORMAL: -2.9 DPTR FM NORMAL: -0.51 2 = FOG REDUCING VISIBILITY
HIGHEST: 80 ON 7 GRTST 24HR 1.10 ON 12-12 TO 1/4 MILE OR LESS
LOWEST: 16 ON 15 3 = THUNDER
SNOW, ICE PELLETS, HAIL 4 = ICE PELLETS
TOTAL MONTH: 0.0 INCH 5 = HAIL
GRTST 24HR 0.0 6 = FREEZING RAIN OR DRIZZLE
GRTST DEPTH: 0 7 = DUSTSTORM OR SANDSTORM:
VSBY 1/2 MILE OR LESS
8 = SMOKE OR HAZE
[NO. OF DAYS WITH] [WEATHER - DAYS WITH] 9 = BLOWING SNOW
X = TORNADO
MAX 32 OR BELOW: 0 0.01 INCH OR MORE: 12
MAX 90 OR ABOVE: 0 0.10 INCH OR MORE: 5
MIN 32 OR BELOW: 14 0.50 INCH OR MORE: 2
MIN 0 OR BELOW: 0 1.00 INCH OR MORE: 1
[HDD (BASE 65) ]
TOTAL THIS MO. 562 CLEAR (SCALE 0-3) 12
DPTR FM NORMAL 78 PTCLDY (SCALE 4-7) 16
TOTAL FM JUL 1 6569 CLOUDY (SCALE 8-10) 2
DPTR FM NORMAL -216
[CDD (BASE 65) ]
TOTAL THIS MO. 0
DPTR FM NORMAL -4 [PRESSURE DATA]
TOTAL FM JAN 1 0 HIGHEST SLP 30.37 ON 16
DPTR FM NORMAL -4 LOWEST SLP 29.54 ON 12
[REMARKS]
#FINAL-04-20#