000
CXUS53 KDMX 102303
CF6MIW
PRELIMINARY LOCAL CLIMATOLOGICAL DATA (WS FORM: F-6)
STATION: MARSHALLTOWN IA
MONTH: JULY
YEAR: 2023
LATITUDE: 42 6 N
LONGITUDE: 92 55 W
TEMPERATURE IN F: :PCPN: SNOW: WIND :SUNSHINE: SKY :PK WND
================================================================================
1 2 3 4 5 6A 6B 7 8 9 10 11 12 13 14 15 16 17 18
12Z AVG MX 2MIN
DY MAX MIN AVG DEP HDD CDD WTR SNW DPTH SPD SPD DIR MIN PSBL S-S WX SPD DR
================================================================================
1 74 66 70 -2 0 5 0.60 0.0 0 4.1 15 340 M M 6 1 20 20
2 86 63 75 3 0 10 0.00 0.0 0 M M M M M M 1 M M
3 88 65 77 5 0 12 0.00 0.0 0 M M M M M 0 M M
4 90 68 79 7 0 14 0.04 0.0 0 M M M M M M 3 M M
5 80 59 70 -2 0 5 0.00 0.0 0 11.7 17 330 M M 2 22 330
6 76 52 64 -9 1 0 0.00 0.0 0 7.8 16 320 M M 0 22 320
7 72 48 60 -13 5 0 0.10 0.0 0 4.1 16 300 M M 6 1 22 320
8 79 52 66 -7 0 1 0.13 0.0 0 6.4 14 290 M M 4 1 23 300
9 82 50 66 -7 0 1 0.00 0.0 0 5.5 12 290 M M 0 16 300
10 89 60 75 2 0 10 T 0.0 0 10.0 21 230 M M 0 38 26 220
11 86 63 75 2 0 10 0.00 0.0 0 6.7 14 30 M M 0 1 18 40
12 82 62 72 -1 0 7 0.88 0.0 0 8.8 24 120 M M 5 13 30 120
13 85 62 74 1 0 9 0.74 0.0 0 6.2 38 350 M M 4 1238 50 340
14 84 64 74 1 0 9 T 0.0 0 6.6 23 290 M M 1 1 32 280
15 82 63 73 0 0 8 0.00 0.0 0 6.5 14 300 M M 3 18 18 290
16 81 59 70 -3 0 5 0.00 0.0 0 6.2 16 310 M M 5 128 22 310
17 76 57 67 -6 0 2 0.00 0.0 0 6.0 13 300 M M M 18 17 310
18 79 54 67 -6 0 2 0.00 0.0 0 3.8 9 120 M M 0 15 130
19 82 57 70 -3 0 5 0.00 0.0 0 4.7 10 200 M M 1 16 190
20 82 61 72 -1 0 7 0.00 0.0 0 9.9 21 310 M M 1 1 27 330
21 82 56 69 -4 0 4 0.00 0.0 0 3.5 10 350 M M 0 17 330
22 85 58 72 -1 0 7 0.00 0.0 0 4.6 13 80 M M 1 17 70
23 87 60 74 1 0 9 0.00 0.0 0 4.0 10 80 M M 1 1 13 150
24 89 58 74 1 0 9 0.00 0.0 0 4.4 13 160 M M 0 18 15 160
25 91 66 79 6 0 14 0.00 0.0 0 8.1 16 140 M M 1 18 24 140
26 92 72 82 9 0 17 0.03 0.0 0 4.9 15 340 M M 2 1 23 10
27 91 68 80 7 0 15 0.04 0.0 0 6.2 20 150 M M 2 12 27 130
28 96 70 83 11 0 18 0.35 0.0 0 8.2 63 310 M M 1 13 93 290
29 85 67 76 4 0 11 0.00 0.0 0 7.9 16 20 M M 2 21 30
30 85 60 73 1 0 8 T 0.0 0 3.4 9 70 M M 0 12 350
31 85 61 73 1 0 8 0.00 0.0 0 5.0 12 130 M M 1 16 120
================================================================================
SM 2603 1881 6 242 2.91 0.0 175.2 M 49
================================================================================
AV 84.0 60.7 6.3 FASTST M M 2 MAX(MPH)
MISC ----> 63 310 93 290
================================================================================
NOTES:
# LAST OF SEVERAL OCCURRENCES
COLUMN 17 PEAK WIND IN M.P.H.
PRELIMINARY LOCAL CLIMATOLOGICAL DATA (WS FORM: F-6) , PAGE 2
STATION: MARSHALLTOWN IA
MONTH: JULY
YEAR: 2023
LATITUDE: 42 6 N
LONGITUDE: 92 55 W
[TEMPERATURE DATA] [PRECIPITATION DATA] SYMBOLS USED IN COLUMN 16
AVERAGE MONTHLY: 72.3 TOTAL FOR MONTH: 2.91 1 = FOG OR MIST
DPTR FM NORMAL: -0.3 DPTR FM NORMAL: -0.76 2 = FOG REDUCING VISIBILITY
HIGHEST: 96 ON 28 GRTST 24HR 0.88 ON 12-12 TO 1/4 MILE OR LESS
LOWEST: 48 ON 7 3 = THUNDER
SNOW, ICE PELLETS, HAIL 4 = ICE PELLETS
TOTAL MONTH: 0.0 INCH 5 = HAIL
GRTST 24HR 0.0 6 = FREEZING RAIN OR DRIZZLE
GRTST DEPTH: 0 7 = DUSTSTORM OR SANDSTORM:
VSBY 1/2 MILE OR LESS
8 = SMOKE OR HAZE
[NO. OF DAYS WITH] [WEATHER - DAYS WITH] 9 = BLOWING SNOW
X = TORNADO
MAX 32 OR BELOW: 0 0.01 INCH OR MORE: 9
MAX 90 OR ABOVE: 5 0.10 INCH OR MORE: 6
MIN 32 OR BELOW: 0 0.50 INCH OR MORE: 3
MIN 0 OR BELOW: 0 1.00 INCH OR MORE: 0
[HDD (BASE 65) ]
TOTAL THIS MO. 6 CLEAR (SCALE 0-3) 22
DPTR FM NORMAL -1 PTCLDY (SCALE 4-7) 6
TOTAL FM JUL 1 6 CLOUDY (SCALE 8-10) 3
DPTR FM NORMAL 6
[CDD (BASE 65) ]
TOTAL THIS MO. 242
DPTR FM NORMAL -2 [PRESSURE DATA]
TOTAL FM JAN 1 517 HIGHEST SLP 30.17 ON 30
DPTR FM NORMAL 50 LOWEST SLP 29.66 ON 26
[REMARKS]
#FINAL-07-23#