000
CXUS53 KEAX 010736
CF6MKC
PRELIMINARY LOCAL CLIMATOLOGICAL DATA (WS FORM: F-6)
STATION: DOWNTOWN KANSAS CITY MO
MONTH: MAY
YEAR: 2021
LATITUDE: 39 7 N
LONGITUDE: 94 36 W
TEMPERATURE IN F: :PCPN: SNOW: WIND :SUNSHINE: SKY :PK WND
================================================================================
1 2 3 4 5 6A 6B 7 8 9 10 11 12 13 14 15 16 17 18
12Z AVG MX 2MIN
DY MAX MIN AVG DEP HDD CDD WTR SNW DPTH SPD SPD DIR MIN PSBL S-S WX SPD DR
================================================================================
1 82 61 72 11 0 7 0.00 M M 14.8 28 210 M M 0 39 230
2 77 63 70 8 0 5 0.00 M M 11.8 20 210 M M 3 28 210
3 71 58 65 3 0 0 0.00 M M 9.3 21 220 M M 5 27 300
4 64 47 56 -6 9 0 T M M 10.3 21 360 M M 4 30 350
5 70 40 55 -8 10 0 T M M 5.0 25 290 M M 3 36 280
6 64 49 57 -6 8 0 0.00 M M 8.1 20 340 M M 2 27 350
7 71 44 58 -5 7 0 0.00 M M 6.7 17 220 M M 6 23 230
8 78 54 66 2 0 1 0.87 M M 9.9 28 310 M M 7 13 41 320
9 54 44 49 -15 16 0 0.66 M M 9.7 28 70 M M 8 13 45 70
10 64 41 53 -11 12 0 0.00 M M 2.3 12 360 M M 1 1 14 360
11 62 47 55 -10 10 0 0.00 M M 6.7 18 70 M M 7 26 70
12 64 49 57 -8 8 0 0.00 M M 7.1 15 40 M M 1 22 90
13 69 42 56 -10 9 0 0.00 M M 5.0 13 140 M M 0 18 150
14 74 55 65 -1 0 0 T M M 8.1 21 200 M M 6 27 200
15 71 57 64 -2 1 0 T M M 8.2 17 180 M M 7 24 170
16 66 57 62 -5 3 0 1.92 M M 6.2 14 90 M M 8 13 21 80
17 69 61 65 -2 0 0 0.01 M M 8.4 15 50 M M 10 1 22 30
18 80 63 72 5 0 7 T M M 5.0 14 160 M M 7 13 19 180
19 76 66 71 3 0 6 0.09 M M 8.0 18 190 M M 7 1 25 170
20 76 64 70 2 0 5 0.35 M M 10.0 22 140 M M 8 1 30 130
21 75 69 72 4 0 7 T M M 9.9 20 160 M M 9 32 140
22 71 65 68 -1 0 3 0.05 M M 7.2 20 190 M M 9 1 26 180
23 81 65 73 4 0 8 T M M 4.8 15 180 M M 3 21 170
24 81 68 75 5 0 10 0.01 M M 7.1 22 190 M M 5 1 27 190
25 81 68 75 5 0 10 0.01 M M 9.9 22 210 M M 6 8 28 210
26 89 66 78 8 0 13 0.00 M M 4.9 12 140 M M 3 17 130
27 77 62 70 -1 0 5 0.95 M M 8.5 20 220 M M 6 13 29 300
28 62 50 56 -15 9 0 0.00 M M 11.3 18 360 M M 10 29 320
29 67 49 58 -13 7 0 0.00 M M 7.6 15 30 M M 4 21 20
30 69 50 60 -12 5 0 0.00 M M 4.8 13 140 M M 3 18 150
31 65 59 62 -10 3 0 0.01 M M 4.2 9 20 M M 10 1 11 20
================================================================================
SM 2220 1733 117 87 4.93 M 240.8 M 168
================================================================================
AV 71.6 55.9 7.8 FASTST M M 5 MAX(MPH)
MISC ----> # 28 210 45 70
================================================================================
NOTES:
# LAST OF SEVERAL OCCURRENCES
COLUMN 17 PEAK WIND IN M.P.H.
PRELIMINARY LOCAL CLIMATOLOGICAL DATA (WS FORM: F-6) , PAGE 2
STATION: DOWNTOWN KANSAS CITY MO
MONTH: MAY
YEAR: 2021
LATITUDE: 39 7 N
LONGITUDE: 94 36 W
[TEMPERATURE DATA] [PRECIPITATION DATA] SYMBOLS USED IN COLUMN 16
AVERAGE MONTHLY: 63.8 TOTAL FOR MONTH: 4.93 1 = FOG OR MIST
DPTR FM NORMAL: -2.9 DPTR FM NORMAL: -0.17 2 = FOG REDUCING VISIBILITY
HIGHEST: 89 ON 26 GRTST 24HR 1.93 ON 16-17 TO 1/4 MILE OR LESS
LOWEST: 40 ON 5 3 = THUNDER
SNOW, ICE PELLETS, HAIL 4 = ICE PELLETS
TOTAL MONTH: M 5 = HAIL
GRTST 24HR M ON M 6 = FREEZING RAIN OR DRIZZLE
GRTST DEPTH: M ON M 7 = DUSTSTORM OR SANDSTORM:
VSBY 1/2 MILE OR LESS
8 = SMOKE OR HAZE
[NO. OF DAYS WITH] [WEATHER - DAYS WITH] 9 = BLOWING SNOW
X = TORNADO
MAX 32 OR BELOW: 0 0.01 INCH OR MORE: 11
MAX 90 OR ABOVE: 0 0.10 INCH OR MORE: 5
MIN 32 OR BELOW: 0 0.50 INCH OR MORE: 4
MIN 0 OR BELOW: 0 1.00 INCH OR MORE: 1
[HDD (BASE 65) ]
TOTAL THIS MO. 117 CLEAR (SCALE 0-3) 9
DPTR FM NORMAL 36 PTCLDY (SCALE 4-7) 15
TOTAL FM JUL 1 4708 CLOUDY (SCALE 8-10) 7
DPTR FM NORMAL 98
[CDD (BASE 65) ]
TOTAL THIS MO. 87
DPTR FM NORMAL -47 [PRESSURE DATA]
TOTAL FM JAN 1 122 HIGHEST SLP M ON M
DPTR FM NORMAL -45 LOWEST SLP 29.45 ON 3
[REMARKS]
#FINAL-05-21#