000
CXUS53 KMKX 141456 CCA
CLMMKE
CLIMATE REPORT
NATIONAL WEATHER SERVICE MILWAUKEE/SULLIVAN WI
912 AM CDT WED NOV 01 2023
...................................
...THE MILWAUKEE WI CLIMATE SUMMARY FOR THE MONTH OF OCTOBER 2023...
CLIMATE NORMAL PERIOD 1991 TO 2020
CLIMATE RECORD PERIOD 1871 TO 2023
WEATHER OBSERVED NORMAL DEPART LAST YEAR`S
VALUE DATE(S) VALUE FROM VALUE DATE(S)
NORMAL
................................................................
TEMPERATURE (F)
RECORD
HIGH 89 10/06/1963
LOW 15 10/25/1887
HIGHEST 85 10/03 78 7 77 10/21
10/22
LOWEST 31 10/30 29 2 34 10/19
10/31
AVG. MAXIMUM 62.9 61.3 1.6 62.5
AVG. MINIMUM 48.2 44.7 3.5 42.9
MEAN 55.5 53.0 2.5 52.7
DAYS MAX >= 90 0 0.0 0.0 0
DAYS MAX <= 32 0 0.0 0.0 0
DAYS MIN <= 32 2 1.9 0.1 0
DAYS MIN <= 0 0 0.0 0.0 0
PRECIPITATION (INCHES)
RECORD
MAXIMUM 7.15 1877
MINIMUM 0.09 1924
TOTALS 3.42 2.78 0.64 1.59
DAILY AVG. 0.11 0.09 0.02 0.05
DAYS >= .01 11 10.3 0.7 9
DAYS >= .10 8 5.8 2.2 4
DAYS >= .50 3 1.8 1.2 2
DAYS >= 1.00 1 0.5 0.5 0
GREATEST
24 HR. TOTAL 1.61 10/13 TO 10/14 0.76 10/25 TO 10/26
SNOWFALL (INCHES)
RECORDS
TOTAL 6.3 1989
TOTALS 3.3 0.3 3.0 T
SINCE 7/1 3.3 0.3 3.0 T
SNOWDEPTH AVG. 0 0
DAYS >= 1.0 1 0.0 1.0 0
GREATEST
SNOW DEPTH 0 0
24 HR TOTAL 3.3 10/31 TO 10/31 T 10/13 TO 10/13
10/17 TO 10/17
DEGREE DAYS
HEATING TOTAL 329 383 -54 379
SINCE 7/1 361 491 -130 468
COOLING TOTAL 42 11 31 4
SINCE 1/1 875 780 95 940
................................................................
WIND (MPH)
AVERAGE WIND SPEED 9.9
HIGHEST WIND SPEED/DIRECTION 31/080 DATE 10/13
HIGHEST GUST SPEED/DIRECTION 45/350 DATE 10/31
SKY COVER
AVERAGE SKY COVER 0.65
NUMBER OF DAYS FAIR 6
NUMBER OF DAYS PC 14
NUMBER OF DAYS CLOUDY 11
AVERAGE RH (PERCENT) 65
WEATHER CONDITIONS. NUMBER OF DAYS WITH
THUNDERSTORM 0 MIXED PRECIP 0
HEAVY RAIN 3 RAIN 13
LIGHT RAIN 13 FREEZING RAIN 0
LT FREEZING RAIN 0 HAIL 0
HEAVY SNOW 1 SNOW 2
LIGHT SNOW 2 SLEET 0
FOG 10 FOG W/VIS <= 1/4 MILE 0
HAZE 8
- INDICATES NEGATIVE NUMBERS.
R INDICATES RECORD WAS SET OR TIED.
MM INDICATES DATA IS MISSING.
T INDICATES TRACE AMOUNT.
$$