000
CXUS53 KMKX 011426
CLSMKE
CLIMATE REPORT
NATIONAL WEATHER SERVICE MILWAUKEE/SULLIVAN WI
826 AM CST THU DEC 01 2022
...................................
...THE MILWAUKEE WI CLIMATE SUMMARY FOR THE SEASON, FROM
9/1/2022 TO 11/30/2022...
CLIMATE NORMAL PERIOD 1991 TO 2020
CLIMATE RECORD PERIOD 1871 TO 2022
WEATHER OBSERVED NORMAL DEPART LAST YEAR`S
VALUE DATE(S) VALUE FROM VALUE DATE(S)
NORMAL
................................................................
TEMPERATURE (F)
RECORD
HIGH 99 09/15/1939
LOW -14 11/29/1875
HIGHEST 89 09/01 88 1 89 09/17
LOWEST 13 11/20 13 0 18 11/26
AVG. MAXIMUM 62.6 60.9 1.7 63.8
AVG. MINIMUM 45.3 44.7 0.6 48.1
MEAN 54.0 52.8 1.2 56.0
DAYS MAX >= 90 0 0.7 -0.7 0
DAYS MAX <= 32 3 2.5 0.5 1
DAYS MIN <= 32 13 16.5 -3.5 16
DAYS MIN <= 0 0 0.0 0.0 0
PRECIPITATION (INCHES)
RECORD
MAXIMUM 15.94 1985
MINIMUM 2.07 1956
TOTALS 9.08 8.18 0.90 5.77
DAILY AVG. 0.10 0.09 0.01 0.06
DAYS >= .01 26 29.1 -3.1 26
DAYS >= .10 12 16.3 -4.3 13
DAYS >= .50 4 5.2 -1.2 4
DAYS >= 1.00 1 1.8 -0.8 1
GREATEST
24 HR. TOTAL 5.57 09/11 TO 09/12 1.49 10/24 TO 10/25
SNOWFALL (INCHES)
RECORDS
TOTAL 18.7 1896
TOTALS 2.1 2.7 -0.6 T
SINCE 7/1 2.1 2.7 -0.6 T
SNOWDEPTH AVG. 0
DAYS >= 1.0 0 0
GREATEST
SNOW DEPTH 1 11/20 0
24 HR TOTAL 0.7 11/15 TO 11/15 T 11/29 TO 11/29
DEGREE DAYS
HEATING TOTAL 1124 1214 -90 960
SINCE 7/1 1124 1227 -103 1124
COOLING TOTAL 140 104 36 166
SINCE 1/1 944 780 164 944
FREEZE DATES
RECORD
EARLIEST 09/20/1956
LATEST 05/27/1961
EARLIEST 11/13
LATEST 04/27
................................................................
WIND (MPH)
AVERAGE WIND SPEED 9.4
RESULTANT WIND SPEED/DIRECTION 3/250
HIGHEST WIND SPEED/DIRECTION 39/310 DATE 10/12
39/210 11/05
HIGHEST GUST SPEED/DIRECTION 61/210 DATE 11/05
SKY COVER
AVERAGE SKY COVER 0.55
NUMBER OF DAYS FAIR 25
NUMBER OF DAYS PC 40
NUMBER OF DAYS CLOUDY 26
AVERAGE RH (PERCENT) 65
WEATHER CONDITIONS. NUMBER OF DAYS WITH
THUNDERSTORM 6 MIXED PRECIP 0
HEAVY RAIN 5 RAIN 11
LIGHT RAIN 26 FREEZING RAIN 0
LT FREEZING RAIN 0 HAIL 1
HEAVY SNOW 1 SNOW 1
LIGHT SNOW 9 SLEET 0
FOG 27 FOG W/VIS <= 1/4 MILE 1
HAZE 19
- INDICATES NEGATIVE NUMBERS.
R INDICATES RECORD WAS SET OR TIED.
MM INDICATES DATA IS MISSING.
T INDICATES TRACE AMOUNT.
$$