000
CXUS53 KMKX 011951 CCA
CLSMKE
CLIMATE REPORT
NATIONAL WEATHER SERVICE MILWAUKEE/SULLIVAN WI
1107 AM CST TUE MAR 01 2022
...................................
...THE MILWAUKEE WI CLIMATE SUMMARY FOR THE SEASON, FROM
12/1/2021 TO 2/28/2022...
CLIMATE NORMAL PERIOD 1991 TO 2020
CLIMATE RECORD PERIOD 1871 TO 2022
WEATHER OBSERVED NORMAL DEPART LAST YEAR`S
VALUE DATE(S) VALUE FROM VALUE DATE(S)
NORMAL
................................................................
TEMPERATURE (F)
RECORD
HIGH 71 02/22/2017
LOW -26 02/03/1996
01/17/1982
HIGHEST 68 12/16 55 13 57 12/23
LOWEST -5 01/26 -13 8 -7 02/07
AVG. MAXIMUM 35.1 33.7 1.4 32.6
AVG. MINIMUM 19.7 20.1 -0.4 20.4
MEAN 27.4 26.9 0.5 26.6
DAYS MAX >= 90 0 0.0 0.0 0
DAYS MAX <= 32 37 42.8 -5.8 35
DAYS MIN <= 32 82 79.0 3.0 80
DAYS MIN <= 0 2 6.4 -4.4 6
PRECIPITATION (INCHES)
RECORD
MAXIMUM 11.13 1876
MINIMUM 1.53 2003
TOTALS 3.69 5.36 -1.67 5.36
DAILY AVG. 0.04 0.06 -0.02 0.06
DAYS >= .01 26 31.7 -5.7 26
DAYS >= .10 12 13.9 -1.9 16
DAYS >= .50 1 2.7 -1.7 3
DAYS >= 1.00 1 0.5 0.5 0
GREATEST
24 HR. TOTAL 1.13 12/10 TO 12/11 1.50
SNOWFALL (INCHES)
RECORDS
TOTAL 89.8 1886
TOTALS 21.9 37.1 -15.2 46.1
SINCE 7/1 21.9 39.9 -18.0 46.2
SNOWDEPTH AVG. 1 7
DAYS >= 1.0 7 10.5 -3.5 17
GREATEST
SNOW DEPTH 5 01/02 22 02/16
02/25
02/17
24 HR TOTAL 3.9 01/01 TO 01/01 6.5
DEGREE DAYS
HEATING TOTAL 3364 3429 -65 3420
SINCE 7/1 4327 4657 -330 4571
COOLING TOTAL 0 0 0 0
SINCE 1/1 0 0 0 0
FREEZE DATES
RECORD
EARLIEST 09/20/1956
LATEST 05/27/1961
EARLIEST 11/02
LATEST 04/22
................................................................
WIND (MPH)
AVERAGE WIND SPEED 11.1
RESULTANT WIND SPEED/DIRECTION 4/270
HIGHEST WIND SPEED/DIRECTION 43/230 DATE 12/16
HIGHEST GUST SPEED/DIRECTION 63/260 DATE 12/16
SKY COVER
AVERAGE SKY COVER 0.69
NUMBER OF DAYS FAIR 10
NUMBER OF DAYS PC 36
NUMBER OF DAYS CLOUDY 44
AVERAGE RH (PERCENT) 62
WEATHER CONDITIONS. NUMBER OF DAYS WITH
THUNDERSTORM 3 MIXED PRECIP 0
HEAVY RAIN 1 RAIN 4
LIGHT RAIN 20 FREEZING RAIN 1
LT FREEZING RAIN 9 HAIL 0
HEAVY SNOW 0 SNOW 3
LIGHT SNOW 41 SLEET 3
FOG 26 FOG W/VIS <= 1/4 MILE 3
HAZE 18
- INDICATES NEGATIVE NUMBERS.
R INDICATES RECORD WAS SET OR TIED.
MM INDICATES DATA IS MISSING.
T INDICATES TRACE AMOUNT.
$$