893
CXHW52 PHFO 011250
CF6MKK
PRELIMINARY LOCAL CLIMATOLOGICAL DATA (WS FORM: F-6)
STATION: MOLOKAI HI
MONTH: SEPTEMBER
YEAR: 2020
LATITUDE: 21 8 N
LONGITUDE: 157 6 W
TEMPERATURE IN F: :PCPN: SNOW: WIND :SUNSHINE: SKY :PK WND
================================================================================
1 2 3 4 5 6A 6B 7 8 9 10 11 12 13 14 15 16 17 18
12Z AVG MX 2MIN
DY MAX MIN AVG DEP HDD CDD WTR SNW DPTH SPD SPD DIR MIN PSBL S-S WX SPD DR
================================================================================
1 86 76 81 2 0 16 0.00 0.0 M 13.3 24 40 M M M 35 50
2 87 73 80 2 0 15 T 0.0 M 10.7 22 50 M M M 28 50
3 88 71 80 2 0 15 0.00 0.0 M 8.4 22 50 M M M 27 50
4 89 72 81 3 0 16 0.00 0.0 M 7.9 16 70 M M M 26 70
5 87 73 80 2 0 15 0.00 0.0 M 11.8 24 50 M M M 32 50
6 87 74 81 3 0 16 0.01 0.0 M 11.5 23 50 M M M 30 60
7 86 75 81 3 0 16 T 0.0 M 9.8 18 60 M M M 28 30
8 87 76 82 4 0 17 0.01 0.0 M 13.1 26 50 M M M 33 50
9 86 75 81 3 0 16 T 0.0 M 13.6 26 50 M M M 35 50
10 87 76 82 4 0 17 0.00 0.0 M 14.2 24 50 M M M 35 50
11 87 74 81 3 0 16 0.00 0.0 M 12.1 25 60 M M M 31 60
12 86 73 80 2 0 15 0.00 0.0 M 9.8 23 50 M M M 32 60
13 88 72 80 2 0 15 0.00 0.0 M 7.4 17 50 M M M 24 50
14 86 73 80 2 0 15 0.00 0.0 M 9.3 17 50 M M M 26 30
15 87 72 80 2 0 15 0.00 0.0 M 7.8 18 50 M M M 24 50
16 89 70 80 2 0 15 0.00 0.0 M 8.0 17 50 M M M 29 110
17 88 74 81 3 0 16 0.00 0.0 M 9.2 17 40 M M M 25 60
18 90 68 79 1 0 14 0.00 0.0 M 9.9 21 30 M M M 30 50
19 85 76 81 3 0 16 0.03 0.0 M 11.4 21 30 M M M 29 40
20 86 75 81 3 0 16 T 0.0 M 11.0 23 50 M M M 8 31 60
21 86 74 80 2 0 15 0.01 0.0 M 10.5 20 40 M M M 30 50
22 86 73 80 2 0 15 0.00 0.0 M 10.7 24 50 M M M 32 40
23 86 68 77 -1 0 12 T 0.0 M 10.8 23 50 M M M 33 60
24 88 75 82 4 0 17 T 0.0 M 12.8 24 50 M M M 35 50
25 86 75 81 3 0 16 T 0.0 M 13.1 23 50 M M M 33 30
26 87 75 81 3 0 16 0.03 0.0 M 11.0 21 50 M M M 29 50
27 86 68 77 -1 0 12 0.00 0.0 M 9.9 21 360 M M M 26 360
28 87 71 79 1 0 14 T 0.0 M 7.5 16 10 M M M 21 10
29 M M M M M M M M M M M M M M M M M
30 85 70 78 0 0 13 0.00 0.0 M 7.9 16 10 M M M 21 10
================================================================================
SM 2519 2117 0 442 0.09 0.0 304.4 M M
================================================================================
AV 86.9 73.0 10.5 FASTST M M 0 MAX(MPH)
MISC ----> # 26 50 # 35 50
================================================================================
NOTES:
# LAST OF SEVERAL OCCURRENCES
COLUMN 17 PEAK WIND IN M.P.H.
PRELIMINARY LOCAL CLIMATOLOGICAL DATA (WS FORM: F-6) , PAGE 2
STATION: MOLOKAI HI
MONTH: SEPTEMBER
YEAR: 2020
LATITUDE: 21 8 N
LONGITUDE: 157 6 W
[TEMPERATURE DATA] [PRECIPITATION DATA] SYMBOLS USED IN COLUMN 16
AVERAGE MONTHLY: 79.9 TOTAL FOR MONTH: 0.09 1 = FOG OR MIST
DPTR FM NORMAL: 1.6 DPTR FM NORMAL: -0.66 2 = FOG REDUCING VISIBILITY
HIGHEST: 90 ON 18 GRTST 24HR 0.03 ON 26-26 TO 1/4 MILE OR LESS
LOWEST: 68 ON 27,23 3 = THUNDER
SNOW, ICE PELLETS, HAIL 4 = ICE PELLETS
TOTAL MONTH: 0.0 INCH 5 = HAIL
GRTST 24HR 0.0 6 = FREEZING RAIN OR DRIZZLE
GRTST DEPTH: M ON M 7 = DUSTSTORM OR SANDSTORM:
VSBY 1/2 MILE OR LESS
8 = SMOKE OR HAZE
[NO. OF DAYS WITH] [WEATHER - DAYS WITH] 9 = BLOWING SNOW
X = TORNADO
MAX 32 OR BELOW: 0 0.01 INCH OR MORE: 5
MAX 90 OR ABOVE: 1 0.10 INCH OR MORE: 0
MIN 32 OR BELOW: 0 0.50 INCH OR MORE: 0
MIN 0 OR BELOW: 0 1.00 INCH OR MORE: 0
[HDD (BASE 65) ]
TOTAL THIS MO. 0 CLEAR (SCALE 0-3) 0
DPTR FM NORMAL 0 PTCLDY (SCALE 4-7) 0
TOTAL FM JUL 1 0 CLOUDY (SCALE 8-10) 0
DPTR FM NORMAL 0
[CDD (BASE 65) ]
TOTAL THIS MO. 442
DPTR FM NORMAL 42 [PRESSURE DATA]
TOTAL FM JAN 1 3038 HIGHEST SLP 30.12 ON 24
DPTR FM NORMAL 461 LOWEST SLP 29.89 ON 30
[REMARKS]
#FINAL-09-20#