000
CXUS54 KTSA 091309
CF6MKO
PRELIMINARY LOCAL CLIMATOLOGICAL DATA (WS FORM: F-6)
STATION: MUSKOGEE OKLAHOMA
MONTH: OCTOBER
YEAR: 2021
LATITUDE: 35 40 N
LONGITUDE: 95 22 W
TEMPERATURE IN F: :PCPN: SNOW: WIND :SUNSHINE: SKY :PK WND
================================================================================
1 2 3 4 5 6A 6B 7 8 9 10 11 12 13 14 15 16 17 18
12Z AVG MX 2MIN
DY MAX MIN AVG DEP HDD CDD WTR SNW DPTH SPD SPD DIR MIN PSBL S-S WX SPD DR
================================================================================
1 81 62 72 4 0 7 0.00 0.0 M 2.5 10 250 M M 6 12 14 260
2 83 64 74 7 0 9 0.34 0.0 M 5.5 17 270 M M 5 13 30 300
3 83 59 71 4 0 6 0.00 0.0 M 4.3 14 360 M M 2 12 20 340
4 84 54 69 3 0 4 0.00 0.0 M 5.4 14 360 M M 0 1 24 350
5 M M M M M M 0.00 0.0 M M M M M M M M M
6 M M M M M M 0.00 0.0 M M M M M M M M M
7 M M M M M M 0.00 0.0 M M M M M M M M M
8 M M M M M M 0.00 0.0 M M M M M M M M M
9 93 69 81 16 0 16 0.00 0.0 M 11.4200 23 M M M 220 34
10 87 68 78 14 0 13 0.57 0.0 M 12.9170 22 M M M 170 33
11 79 53 66 2 0 1 0.06 0.0 M 10.6250 30 M M M 190 41
12 81 49 65 1 0 0 T 0.0 M 9.7140 21 M M M 130 28
13 77 64 71 8 0 6 2.06 0.0 M 9.3 29 290 M M M 3 38 270
14 74 62 68 5 0 3 0.11 0.0 M 5.1120 15 M M M 110 22
15 69 49 59 -3 6 0 0.13 0.0 M 10.5 26 340 M M M 3 40 190
16 71 40 56 -6 9 0 0.00 0.0 M 5.0 16 330 M M M 24 320
17 76 42 59 -3 6 0 0.00 0.0 M 5.9 13 210 M M M 17 200
18 75 45 60 -1 5 0 0.00 0.0 M 8.1 16 150 M M M 24 160
19 79 54 67 6 0 2 0.00 0.0 M 10.0 18 140 M M M 28 140
20 74 57 66 6 0 1 0.00 0.0 M 6.7 17 230 M M M 22 230
21 72 47 60 0 5 0 0.00 0.0 M 5.6 13 20 M M M 18 350
22 78 45 62 2 3 0 0.00 0.0 M 4.6 13 230 M M 2 1 17 160
23 85 58 72 13 0 7 0.00 0.0 M 11.3 22 190 M M 1 31 180
24 80 54 67 8 0 2 T 0.0 M 12.1 25 200 M M 2 3 42 200
25 63 47 55 -4 10 0 0.00 0.0 M 5.0 15 360 M M 1 1 20 10
26 72 47 60 2 5 0 0.00 0.0 M 15.3 24 140 M M 4 1 35 130
27 63 53 58 0 7 0 1.27 0.0 M 10.9 24 80 M M 9 1 33 160
28 54 51 53 -4 12 0 0.55 0.0 M 19.8 37 330 M M 10 1 52 340
29 62 43 53 -4 12 0 0.01 0.0 M 13.3 25 330 M M 7 1 39 320
30 70 36 53 -4 12 0 0.00 0.0 M 3.6 12 290 M M 0 8 15 350
31 63 38 51 -5 14 0 0.00 0.0 M 8.2 18 10 M M 0 25 10
================================================================================
SM 2028 1410 106 77 5.10 0.0 232.6 M 49
================================================================================
AV 75.1 52.2 8.6 FASTST M M 4 MAX(MPH)
MISC ----> 250 30 220 34
================================================================================
NOTES:
# LAST OF SEVERAL OCCURRENCES
COLUMN 17 PEAK WIND IN M.P.H.
PRELIMINARY LOCAL CLIMATOLOGICAL DATA (WS FORM: F-6) , PAGE 2
STATION: MUSKOGEE OKLAHOMA
MONTH: OCTOBER
YEAR: 2021
LATITUDE: 35 40 N
LONGITUDE: 95 22 W
[TEMPERATURE DATA] [PRECIPITATION DATA] SYMBOLS USED IN COLUMN 16
AVERAGE MONTHLY: 63.7 TOTAL FOR MONTH: 5.10 1 = FOG OR MIST
DPTR FM NORMAL: 1.7 DPTR FM NORMAL: 0.98 2 = FOG REDUCING VISIBILITY
HIGHEST: 93 ON 9 GRTST 24HR 2.06 ON 13-13 TO 1/4 MILE OR LESS
LOWEST: 36 ON 30 3 = THUNDER
SNOW, ICE PELLETS, HAIL 4 = ICE PELLETS
TOTAL MONTH: 0.0 INCH 5 = HAIL
GRTST 24HR 0.0 6 = FREEZING RAIN OR DRIZZLE
GRTST DEPTH: M ON M 7 = DUSTSTORM OR SANDSTORM:
VSBY 1/2 MILE OR LESS
8 = SMOKE OR HAZE
[NO. OF DAYS WITH] [WEATHER - DAYS WITH] 9 = BLOWING SNOW
X = TORNADO
MAX 32 OR BELOW: 0 0.01 INCH OR MORE: 9
MAX 90 OR ABOVE: 1 0.10 INCH OR MORE: 7
MIN 32 OR BELOW: 0 0.50 INCH OR MORE: 4
MIN 0 OR BELOW: 0 1.00 INCH OR MORE: 2
[HDD (BASE 65) ]
TOTAL THIS MO. 106 CLEAR (SCALE 0-3) 8
DPTR FM NORMAL -55 PTCLDY (SCALE 4-7) 4
TOTAL FM JUL 1 107 CLOUDY (SCALE 8-10) 19
DPTR FM NORMAL -69
[CDD (BASE 65) ]
TOTAL THIS MO. 77
DPTR FM NORMAL 9 [PRESSURE DATA]
TOTAL FM JAN 1 1921 HIGHEST SLP 30.39 ON 16
DPTR FM NORMAL 9 LOWEST SLP 29.43 ON 28
[REMARKS]
#FINAL-10-21#