000
CXUS53 KMPX 052004
CF6MKT
PRELIMINARY LOCAL CLIMATOLOGICAL DATA (WS FORM: F-6)
STATION: MANKATO MN
MONTH: MARCH
YEAR: 2022
LATITUDE: 44 13 N
LONGITUDE: 93 55 W
TEMPERATURE IN F: :PCPN: SNOW: WIND :SUNSHINE: SKY :PK WND
================================================================================
1 2 3 4 5 6A 6B 7 8 9 10 11 12 13 14 15 16 17 18
12Z AVG MX 2MIN
DY MAX MIN AVG DEP HDD CDD WTR SNW DPTH SPD SPD DIR MIN PSBL S-S WX SPD DR
================================================================================
1 39 31 35 10 30 0 0.00 M M 5.4 10 360 M M 8 M M
2 38 26 32 6 33 0 0.00 M M 8.4 16 350 M M 7 1 M M
3 26 19 23 -3 42 0 T M M 8.3 12 20 M M 7 M M
4 39 25 32 6 33 0 0.00 M M 16.1 24 120 M M 5 36 120
5 39 30 35 8 30 0 T M M 10.4 22 330 M M 10 1 31 330
6 30 23 27 0 38 0 0.32 M M 18.9 25 280 M M 10 1 37 310
7 29 17 23 -5 42 0 0.00 M M 12.7 18 330 M M 2 24 330
8 38 23 31 3 34 0 T M M 12.3 18 270 M M 4 1 23 320
9 23 12 18 -11 47 0 T M M 16.4 24 330 M M 7 30 330
10 28 9 19 -10 46 0 T M M 9.4 20 240 M M 2 30 250
11 22 4 13 -16 52 0 0.00 M M 19.8 30 300 M M 5 37 300
12 31 1 16 -14 49 0 0.00 M M 11.3 20 200 M M 2 29 200
13 47 27 37 7 28 0 T M M 10.1 16 310 M M 2 18 280
14 40 27 34 3 31 0 0.00 M M 12.1 21 50 M M 7 27 50
15 54 23 39 8 26 0 T M M 7.6 14 220 M M 0 1 18 210
16 58 38 48 16 17 0 0.00 M M 9.3 15 220 M M 0 M M
17 47 33 40 8 25 0 0.00 M M 10.9 15 350 M M 3 1 M M
18 47 31 39 7 26 0 0.00 M M 10.3 20 20 M M 1 22 30
19 55 26 41 8 24 0 0.00 M M 5.8 9 290 M M 0 M M
20 60 26 43 9 22 0 0.00 M M 8.9 23 130 M M 3 12 29 130
21 70 44 57 23 8 0 0.00 M M 11.5 20 140 M M 2 24 190
22 43 33 38 4 27 0 0.05 M M 11.2 21 350 M M 10 1 M M
23 36 32 34 -1 31 0 1.10 M M 19.0 22 360 M M 10 1 30 360
24 42 33 38 3 27 0 0.08 M M 11.3 17 350 M M 9 1 24 350
25 42 27 35 -1 30 0 T M M 23.8 37 310 M M 7 48 300
26 31 19 25 -11 40 0 T M M 20.8 33 330 M M 1 40 330
27 29 15 22 -15 43 0 0.00 M M 9.8 20 350 M M 0 M M
28 39 21 30 -7 35 0 0.00 M M 11.7 18 130 M M 7 M M
29 42 33 38 0 27 0 0.00 M M 20.2 30 120 M M 10 37 140
30 35 32 34 -4 31 0 0.50 M M 15.0 20 350 M M 10 13 23 350
31 34 27 31 -8 34 0 0.05 M M 15.5 23 340 M M 10 33 340
================================================================================
SM 1233 767 1008 0 2.10 M 394.2 M 161
================================================================================
AV 39.8 24.7 12.7 FASTST M M 5 MAX(MPH)
MISC ----> 37 310 48 300
================================================================================
NOTES:
# LAST OF SEVERAL OCCURRENCES
COLUMN 17 PEAK WIND IN M.P.H.
PRELIMINARY LOCAL CLIMATOLOGICAL DATA (WS FORM: F-6) , PAGE 2
STATION: MANKATO MN
MONTH: MARCH
YEAR: 2022
LATITUDE: 44 13 N
LONGITUDE: 93 55 W
[TEMPERATURE DATA] [PRECIPITATION DATA] SYMBOLS USED IN COLUMN 16
AVERAGE MONTHLY: 32.3 TOTAL FOR MONTH: 2.10 1 = FOG OR MIST
DPTR FM NORMAL: 0.6 DPTR FM NORMAL: 0.14 2 = FOG REDUCING VISIBILITY
HIGHEST: 70 ON 21 GRTST 24HR 1.10 ON 23-23 TO 1/4 MILE OR LESS
LOWEST: 1 ON 12 3 = THUNDER
SNOW, ICE PELLETS, HAIL 4 = ICE PELLETS
TOTAL MONTH: M 5 = HAIL
GRTST 24HR M ON M 6 = FREEZING RAIN OR DRIZZLE
GRTST DEPTH: M ON M 7 = DUSTSTORM OR SANDSTORM:
VSBY 1/2 MILE OR LESS
8 = SMOKE OR HAZE
[NO. OF DAYS WITH] [WEATHER - DAYS WITH] 9 = BLOWING SNOW
X = TORNADO
MAX 32 OR BELOW: 9 0.01 INCH OR MORE: 6
MAX 90 OR ABOVE: 0 0.10 INCH OR MORE: 3
MIN 32 OR BELOW: 25 0.50 INCH OR MORE: 2
MIN 0 OR BELOW: 0 1.00 INCH OR MORE: 1
[HDD (BASE 65) ]
TOTAL THIS MO. 1008 CLEAR (SCALE 0-3) 13
DPTR FM NORMAL -23 PTCLDY (SCALE 4-7) 10
TOTAL FM JUL 1 6244 CLOUDY (SCALE 8-10) 8
DPTR FM NORMAL -710
[CDD (BASE 65) ]
TOTAL THIS MO. 0
DPTR FM NORMAL 0 [PRESSURE DATA]
TOTAL FM JAN 1 0 HIGHEST SLP M ON M
DPTR FM NORMAL 0 LOWEST SLP M ON M
[REMARKS]
#FINAL-03-22#
THE PRECIPITATION DATA IS FROM COCORAHS STATION
MN-BU-23 WITH AN OBSERVATION TIME OF 7 AM.