000
CXUS53 KDVN 011329
CF6MLI
PRELIMINARY LOCAL CLIMATOLOGICAL DATA (WS FORM: F-6)
STATION: MOLINE IL
MONTH: DECEMBER
YEAR: 2023
LATITUDE: 41 27 N
LONGITUDE: 90 31 W
TEMPERATURE IN F: :PCPN: SNOW: WIND :SUNSHINE: SKY :PK WND
================================================================================
1 2 3 4 5 6A 6B 7 8 9 10 11 12 13 14 15 16 17 18
12Z AVG MX 2MIN
DY MAX MIN AVG DEP HDD CDD WTR SNW DPTH SPD SPD DIR MIN PSBL S-S WX SPD DR
================================================================================
1 43 36 40 6 25 0 0.23 T 0 9.8 16 40 M M 10 18 24 40
2 39 33 36 3 29 0 0.34 0.2 0 3.4 9 80 M M 10 12 11 70
3 41 30 36 3 29 0 0.11 0.7 1 4.7 16 270 M M 10 1 21 280
4 36 28 32 -1 33 0 0.03 T 0 4.0 13 260 M M 9 1 16 260
5 39 35 37 5 28 0 0.02 0.0 0 7.4 15 340 M M 10 1 22 340
6 41 27 34 2 31 0 0.00 0.0 0 8.3 15 200 M M 2 1 24 200
7 57 37 47 15 18 0 0.00 0.0 0 9.8 18 180 M M 0 29 180
8 60 44 52 21 13 0 0.26 0.0 0 9.4 22 190 M M 2 18 34 200
9 49 33 41 10 24 0 0.18 T 0 15.9 28 270 M M 9 1 42 250
10 34 18 26 -4 39 0 0.00 0.0 0 8.3 21 300 M M 7 30 300
11 44 15 30 0 35 0 0.00 0.0 0 3.3 10 140 M M 0 13 150
12 39 27 33 3 32 0 0.00 0.0 0 7.5 20 320 M M 1 26 300
13 47 23 35 5 30 0 0.00 0.0 0 1.8 9 220 M M 3 11 250
14 55 21 38 9 27 0 0.00 0.0 0 2.4 12 240 M M 0 15 250
15 59 31 45 16 20 0 0.00 0.0 0 5.7 14 170 M M 1 18 140
16 48 42 45 16 20 0 0.18 0.0 0 8.3 14 260 M M 10 1 20 170
17 44 34 39 11 26 0 0.00 0.0 0 12.1 22 310 M M 9 1 31 320
18 36 16 26 -2 39 0 0.00 0.0 0 16.3 32 310 M M 3 50 310
19 36 12 24 -4 41 0 0.00 0.0 0 5.6 16 190 M M 0 23 150
20 48 25 37 9 28 0 0.00 0.0 0 5.3 10 180 M M 0 16 190
21 47 36 42 15 23 0 0.00 0.0 0 6.3 10 80 M M 10 12 90
22 48 43 46 19 19 0 0.49 0.0 0 3.5 8 150 M M 10 1 11 160
23 55 42 49 22 16 0 0.00 0.0 0 3.0 9 150 M M 9 12 13 170
24 59 49 54 28 11 0 0.09 0.0 0 11.4 17 120 M M 9 1 24 160
25 56 39 48 22 17 0 0.48 0.0 0 13.9 21 230 M M 8 1 29 120
26 39 31 35 9 30 0 T 0.0 0 7.2 20 220 M M 10 27 240
27 44 34 39 13 26 0 0.05 T 0 10.7 18 110 M M 9 1 24 100
28 38 32 35 9 30 0 0.28 2.0 0 9.6 16 310 M M 7 1 23 320
29 37 26 32 7 33 0 0.02 T 2 8.0 15 310 M M 7 1 20 330
30 42 23 33 8 32 0 0.00 0.0 T 6.9 20 320 M M 3 1 26 300
31 35 28 32 7 33 0 0.01 T 0 10.9 20 300 M M 10 168 27 280
================================================================================
SM 1395 950 837 0 2.77 2.9 240.7 M 188
================================================================================
AV 45.0 30.6 7.8 FASTST M M 6 MAX(MPH)
MISC ----> 32 310 50 310
================================================================================
NOTES:
# LAST OF SEVERAL OCCURRENCES
COLUMN 17 PEAK WIND IN M.P.H.
PRELIMINARY LOCAL CLIMATOLOGICAL DATA (WS FORM: F-6) , PAGE 2
STATION: MOLINE IL
MONTH: DECEMBER
YEAR: 2023
LATITUDE: 41 27 N
LONGITUDE: 90 31 W
[TEMPERATURE DATA] [PRECIPITATION DATA] SYMBOLS USED IN COLUMN 16
AVERAGE MONTHLY: 37.8 TOTAL FOR MONTH: 2.77 1 = FOG OR MIST
DPTR FM NORMAL: 8.9 DPTR FM NORMAL: 0.73 2 = FOG REDUCING VISIBILITY
HIGHEST: 60 ON 8 GRTST 24HR 0.55 ON 24-25 TO 1/4 MILE OR LESS
LOWEST: 12 ON 19 3 = THUNDER
SNOW, ICE PELLETS, HAIL 4 = ICE PELLETS
TOTAL MONTH: 2.9 INCHES 5 = HAIL
GRTST 24HR 2.0 ON 28-28 6 = FREEZING RAIN OR DRIZZLE
GRTST DEPTH: 2 ON 29 7 = DUSTSTORM OR SANDSTORM:
VSBY 1/2 MILE OR LESS
8 = SMOKE OR HAZE
[NO. OF DAYS WITH] [WEATHER - DAYS WITH] 9 = BLOWING SNOW
X = TORNADO
MAX 32 OR BELOW: 0 0.01 INCH OR MORE: 15
MAX 90 OR ABOVE: 0 0.10 INCH OR MORE: 9
MIN 32 OR BELOW: 17 0.50 INCH OR MORE: 0
MIN 0 OR BELOW: 0 1.00 INCH OR MORE: 0
[HDD (BASE 65) ]
TOTAL THIS MO. 837 CLEAR (SCALE 0-3) 10
DPTR FM NORMAL -282 PTCLDY (SCALE 4-7) 6
TOTAL FM JUL 1 1888 CLOUDY (SCALE 8-10) 15
DPTR FM NORMAL -430
[CDD (BASE 65) ]
TOTAL THIS MO. 0
DPTR FM NORMAL 0 [PRESSURE DATA]
TOTAL FM JAN 1 1141 HIGHEST SLP 30.72 ON 13
DPTR FM NORMAL 99 LOWEST SLP 29.58 ON 8
[REMARKS]
#FINAL-12-23#
===================================================================
NOTE: SUPPLEMENTAL CLIMATE DATA WAS USED FROM A NEARBY
CLIMATOLOGICALLY REPRESENTATIVE STATION.
===================================================================
PARAMETER DATE
--------- ----
SNW ALL