000
CDUS43 KDVN 240937
CLIMLI


CLIMATE REPORT
NATIONAL WEATHER SERVICE QUAD CITIES IA IL
437 AM CDT FRI OCT 24 2014


...................................

...THE MOLINE IL CLIMATE SUMMARY FOR OCTOBER 23 2014...

CLIMATE NORMAL PERIOD 1981 TO 2010
CLIMATE RECORD PERIOD 1872 TO 2014


WEATHER ITEM   OBSERVED TIME   RECORD YEAR NORMAL DEPARTURE LAST
                VALUE   (LST)  VALUE       VALUE  FROM      YEAR
                                                  NORMAL
..................................................................
TEMPERATURE (F)
 YESTERDAY
  MAXIMUM         61    153 PM  85    1963  61      0       44
  MINIMUM         37    423 AM  23    1981  40     -3       32
  AVERAGE         49                        51     -2       38

PRECIPITATION (IN)
  YESTERDAY        0.00          1.53 1991   0.09  -0.09      T
  MONTH TO DATE    2.80                      2.18   0.62     1.40
  SINCE SEP 1      8.43                      5.27   3.16     2.36
  SINCE JAN 1     37.00                     32.43   4.57    34.97

SNOWFALL (IN)
  YESTERDAY        0.0          MM      MM   0.0    0.0      0.0
  MONTH TO DATE    T                         0.0    0.0      0.4
  SINCE SEP 1      T                         0.0    0.0      0.4
  SINCE JUL 1      T                         0.0    0.0      0.4
  SNOW DEPTH       0

DEGREE DAYS
 HEATING
  YESTERDAY       16                        14      2       27
  MONTH TO DATE  293                       250     43      259
  SINCE SEP 1    412                       346     66      326
  SINCE JUL 1    417                       354     63      337

 COOLING
  YESTERDAY        0                         0      0        0
  MONTH TO DATE    0                        11    -11       27
  SINCE SEP 1     70                       117    -47      184
  SINCE JAN 1    836                      1000   -164      998
..................................................................


WIND (MPH)
  HIGHEST WIND SPEED    16   HIGHEST WIND DIRECTION     S (190)
  HIGHEST GUST SPEED    21   HIGHEST GUST DIRECTION    SW (210)
  AVERAGE WIND SPEED     5.7


SKY COVER
  POSSIBLE SUNSHINE  MM
  AVERAGE SKY COVER 0.6


WEATHER CONDITIONS
 THE FOLLOWING WEATHER WAS RECORDED YESTERDAY.
  NO SIGNIFICANT WEATHER WAS OBSERVED.


RELATIVE HUMIDITY (PERCENT)
 HIGHEST    85           400 AM
 LOWEST     57          1200 PM
 AVERAGE    71

..........................................................


THE MOLINE IL CLIMATE NORMALS FOR TODAY
                         NORMAL    RECORD    YEAR
 MAXIMUM TEMPERATURE (F)   61        83      1963
 MINIMUM TEMPERATURE (F)   40        23      2013
                                             1981


SUNRISE AND SUNSET
OCTOBER 24 2014.......SUNRISE   724 AM CDT   SUNSET   608 PM CDT
OCTOBER 25 2014.......SUNRISE   725 AM CDT   SUNSET   606 PM CDT


-  INDICATES NEGATIVE NUMBERS.
R  INDICATES RECORD WAS SET OR TIED.
MM INDICATES DATA IS MISSING.
T  INDICATES TRACE AMOUNT.




$$
