000
CDUS43 KDVN 312125
CLIMLI


CLIMATE REPORT
NATIONAL WEATHER SERVICE QUAD CITIES IA IL
424 PM CDT TUE MAR 31 2015


...................................

...THE MOLINE IL CLIMATE SUMMARY FOR MARCH 31 2015...
VALID TODAY AS OF 0400 PM LOCAL TIME.

CLIMATE NORMAL PERIOD 1981 TO 2010
CLIMATE RECORD PERIOD 1872 TO 2015


WEATHER ITEM   OBSERVED TIME   RECORD YEAR NORMAL DEPARTURE LAST
                VALUE   (LST)  VALUE       VALUE  FROM      YEAR
                                                  NORMAL
..................................................................
TEMPERATURE (F)
 TODAY
  MAXIMUM         69    259 PM  83    1986  56     13       69
  MINIMUM         44    627 AM  10    1969  35      9       42
  AVERAGE         57                        46     11       56

PRECIPITATION (IN)
  TODAY            0.00          1.95 1973   0.10  -0.10     0.01
  MONTH TO DATE    0.89                      2.86  -1.97     0.91
  SINCE MAR 1      0.89                      2.86  -1.97     0.91
  SINCE JAN 1      3.82                      5.95  -2.13     4.93

SNOWFALL (IN)
  TODAY            0.0          MM      MM   0.1   -0.1      0.0
  MONTH TO DATE    0.1                       4.0   -3.9     10.3
  SINCE MAR 1      0.1                       4.0   -3.9     10.3
  SINCE JUL 1     39.1                      30.7    8.4     65.1
  SNOW DEPTH       0

DEGREE DAYS
 HEATING
  TODAY            8                        20    -12        9
  MONTH TO DATE  840                       805     35     1026
  SINCE MAR 1    840                       804     36     1026
  SINCE JUL 1   6098                      5602    496     6696

 COOLING
  TODAY            0                         0      0        0
  MONTH TO DATE    0                         1     -1        0
  SINCE MAR 1      0                         1     -1        0
  SINCE JAN 1      0                         1     -1        0
..................................................................


WIND (MPH)
  HIGHEST WIND SPEED    20   HIGHEST WIND DIRECTION     W (250)
  HIGHEST GUST SPEED    28   HIGHEST GUST DIRECTION     W (280)
  AVERAGE WIND SPEED    10.6


SKY COVER
  POSSIBLE SUNSHINE  MM
  AVERAGE SKY COVER 0.0


WEATHER CONDITIONS
 THE FOLLOWING WEATHER WAS RECORDED TODAY.
  NO SIGNIFICANT WEATHER WAS OBSERVED.


RELATIVE HUMIDITY (PERCENT)
 HIGHEST    65           500 AM
 LOWEST     22           300 PM
 AVERAGE    44

..........................................................


THE MOLINE IL CLIMATE NORMALS FOR TOMORROW
                         NORMAL    RECORD    YEAR
 MAXIMUM TEMPERATURE (F)   56        85      2010
 MINIMUM TEMPERATURE (F)   35        17      1899


SUNRISE AND SUNSET
MARCH 31 2015.........SUNRISE   647 AM CDT   SUNSET   726 PM CDT
APRIL  1 2015.........SUNRISE   646 AM CDT   SUNSET   727 PM CDT


-  INDICATES NEGATIVE NUMBERS.
R  INDICATES RECORD WAS SET OR TIED.
MM INDICATES DATA IS MISSING.
T  INDICATES TRACE AMOUNT.




$$
