909
CDUS43 KDVN 192222
CLIMLI


CLIMATE REPORT
NATIONAL WEATHER SERVICE QUAD CITIES IA IL
421 PM CST MON FEB 19 2018


...................................

...THE MOLINE IL CLIMATE SUMMARY FOR FEBRUARY 19 2018...
VALID TODAY AS OF 0400 PM LOCAL TIME.

CLIMATE NORMAL PERIOD 1981 TO 2010
CLIMATE RECORD PERIOD 1872 TO 2018


WEATHER ITEM   OBSERVED TIME   RECORD YEAR NORMAL DEPARTURE LAST
                VALUE   (LST)  VALUE       VALUE  FROM      YEAR
                                                  NORMAL
..................................................................
TEMPERATURE (F)
 TODAY
  MAXIMUM         63    259 PM  74    2017  37     26       74
  MINIMUM         38    357 AM -15    1979  20     18       27
  AVERAGE         51                        28     23       51

PRECIPITATION (IN)
  TODAY            0.05          0.92 1898   0.06  -0.01     0.00
  MONTH TO DATE    1.27                      0.96   0.31     0.26
  SINCE DEC 1      2.20                      4.63  -2.43     3.38
  SINCE JAN 1      1.68                      2.45  -0.77     1.76

SNOWFALL (IN)
  TODAY            0.0          MM      MM   0.2   -0.2      0.0
  MONTH TO DATE   16.3                       5.0   11.3      1.3
  SINCE DEC 1     28.1                      23.7    4.4     15.5
  SINCE JUL 1     28.1                      24.9    3.2     15.5
  SNOW DEPTH       0

DEGREE DAYS
 HEATING
  TODAY           14                        37    -23       14
  MONTH TO DATE  841                       752     89      573
  SINCE DEC 1   3314                      3255     59     2864
  SINCE JUL 1   4387                      4486    -99     3645

 COOLING
  TODAY            0                         0      0        0
  MONTH TO DATE    0                         0      0        0
  SINCE DEC 1      0                         0      0        0
  SINCE JAN 1      0                         0      0        0
..................................................................


WIND (MPH)
  HIGHEST WIND SPEED    21   HIGHEST WIND DIRECTION     S (190)
  HIGHEST GUST SPEED    28   HIGHEST GUST DIRECTION     S (200)
  AVERAGE WIND SPEED    10.3


SKY COVER
  POSSIBLE SUNSHINE  MM
  AVERAGE SKY COVER 0.8


WEATHER CONDITIONS
 THE FOLLOWING WEATHER WAS RECORDED TODAY.
  LIGHT RAIN
  FOG


RELATIVE HUMIDITY (PERCENT)
 HIGHEST    96           700 AM
 LOWEST     65          1200 AM
 AVERAGE    81

..........................................................


THE MOLINE IL CLIMATE NORMALS FOR TOMORROW
                         NORMAL    RECORD    YEAR
 MAXIMUM TEMPERATURE (F)   37        73      2017
 MINIMUM TEMPERATURE (F)   20       -11      1929


SUNRISE AND SUNSET
FEBRUARY 19 2018......SUNRISE   651 AM CST   SUNSET   541 PM CST
FEBRUARY 20 2018......SUNRISE   650 AM CST   SUNSET   542 PM CST


-  INDICATES NEGATIVE NUMBERS.
R  INDICATES RECORD WAS SET OR TIED.
MM INDICATES DATA IS MISSING.
T  INDICATES TRACE AMOUNT.




$$
