000
CDUS43 KDVN 010959
CLIMLI


CLIMATE REPORT
NATIONAL WEATHER SERVICE QUAD CITIES IA IL
356 AM CST SUN MAR 1 2015


...................................

...THE MOLINE IL CLIMATE SUMMARY FOR FEBRUARY 28 2015...

CLIMATE NORMAL PERIOD 1981 TO 2010
CLIMATE RECORD PERIOD 1872 TO 2015


WEATHER ITEM   OBSERVED TIME   RECORD YEAR NORMAL DEPARTURE LAST
                VALUE   (LST)  VALUE       VALUE  FROM      YEAR
                                                  NORMAL
..................................................................
TEMPERATURE (F)
 YESTERDAY
  MAXIMUM         19    330 PM  66    1932  41    -22       35
  MINIMUM        -18R   306 AM  -9    1962  23    -41        1
  AVERAGE          1                        32    -31       18

PRECIPITATION (IN)
  YESTERDAY        T             0.82 1987   0.08  -0.08     0.00
  MONTH TO DATE    1.38                      1.60  -0.22     2.85
  SINCE DEC 1      3.65                      5.27  -1.62     5.24
  SINCE JAN 1      2.93                      3.09  -0.16     4.02

SNOWFALL (IN)
  YESTERDAY        0.1          MM      MM   0.2   -0.1      0.0
  MONTH TO DATE   19.3                       6.8   12.5     22.3
  SINCE DEC 1     34.4                      25.5    8.9     53.8
  SINCE JUL 1     39.0                      26.7   12.3     54.8
  SNOW DEPTH       5

DEGREE DAYS
 HEATING
  YESTERDAY       64                        33     31       47
  MONTH TO DATE 1407                      1064    343     1403
  SINCE DEC 1   3753                      3567    186     4324
  SINCE JUL 1   5258                      4798    460     5670

 COOLING
  YESTERDAY        0                         0      0        0
  MONTH TO DATE    0                         0      0        0
  SINCE DEC 1      0                         0      0        0
  SINCE JAN 1      0                         0      0        0
..................................................................


WIND (MPH)
  HIGHEST WIND SPEED    13   HIGHEST WIND DIRECTION    SE (140)
  HIGHEST GUST SPEED    15   HIGHEST GUST DIRECTION    SE (130)
  AVERAGE WIND SPEED     5.2


SKY COVER
  POSSIBLE SUNSHINE  MM
  AVERAGE SKY COVER 0.4


WEATHER CONDITIONS
 THE FOLLOWING WEATHER WAS RECORDED YESTERDAY.
  LIGHT SNOW
  FOG
  HAZE


RELATIVE HUMIDITY (PERCENT)
 HIGHEST    91          1100 PM
 LOWEST     49           200 PM
 AVERAGE    70

..........................................................


THE MOLINE IL CLIMATE NORMALS FOR TODAY
                         NORMAL    RECORD    YEAR
 MAXIMUM TEMPERATURE (F)   41        72      1992
 MINIMUM TEMPERATURE (F)   24       -13      1962


SUNRISE AND SUNSET
MARCH  1 2015.........SUNRISE   637 AM CST   SUNSET   552 PM CST
MARCH  2 2015.........SUNRISE   635 AM CST   SUNSET   554 PM CST


-  INDICATES NEGATIVE NUMBERS.
R  INDICATES RECORD WAS SET OR TIED.
MM INDICATES DATA IS MISSING.
T  INDICATES TRACE AMOUNT.




$$
