000
CDUS43 KDVN 211019
CLIMLI


CLIMATE REPORT
NATIONAL WEATHER SERVICE QUAD CITIES IA IL
418 AM CST SUN DEC 21 2014


...................................

...THE MOLINE IL CLIMATE SUMMARY FOR DECEMBER 20 2014...

CLIMATE NORMAL PERIOD 1981 TO 2010
CLIMATE RECORD PERIOD 1872 TO 2014


WEATHER ITEM   OBSERVED TIME   RECORD YEAR NORMAL DEPARTURE LAST
                VALUE   (LST)  VALUE       VALUE  FROM      YEAR
                                                  NORMAL
..................................................................
TEMPERATURE (F)
 YESTERDAY
  MAXIMUM         34   1159 PM  62    1877  33      1       34
  MINIMUM         29    745 AM -14    1963  17     12       27
  AVERAGE         32                        25      7       31

PRECIPITATION (IN)
  YESTERDAY        0.00          1.48 2012   0.06  -0.06     0.06
  MONTH TO DATE    0.30                      1.52  -1.22     0.58
  SINCE DEC 1      0.30                      1.52  -1.22     0.58
  SINCE JAN 1     38.87                     37.30   1.57    38.60

SNOWFALL (IN)
  YESTERDAY        0.0          MM      MM   0.4   -0.4      0.0
  MONTH TO DATE    0.0                       5.6   -5.6      6.6
  SINCE DEC 1      0.0                       5.6   -5.6      6.6
  SINCE JUL 1      4.6                       6.8   -2.2      7.6
  SNOW DEPTH       0

DEGREE DAYS
 HEATING
  YESTERDAY       33                        40     -7       34
  MONTH TO DATE  676                       739    -63      861
  SINCE DEC 1    676                       739    -63      861
  SINCE JUL 1   2181                      1970    211     2207

 COOLING
  YESTERDAY        0                         0      0        0
  MONTH TO DATE    0                         0      0        0
  SINCE DEC 1      0                         0      0        0
  SINCE JAN 1    839                      1004   -165      998
..................................................................


WIND (MPH)
  HIGHEST WIND SPEED    10   HIGHEST WIND DIRECTION     S (160)
  HIGHEST GUST SPEED    13   HIGHEST GUST DIRECTION     S (160)
  AVERAGE WIND SPEED     5.5


SKY COVER
  POSSIBLE SUNSHINE  MM
  AVERAGE SKY COVER 1.0


WEATHER CONDITIONS
 THE FOLLOWING WEATHER WAS RECORDED YESTERDAY.
  FOG
  HAZE


RELATIVE HUMIDITY (PERCENT)
 HIGHEST    89          1100 PM
 LOWEST     72          1000 AM
 AVERAGE    81

..........................................................


THE MOLINE IL CLIMATE NORMALS FOR TODAY
                         NORMAL    RECORD    YEAR
 MAXIMUM TEMPERATURE (F)   33        63      1877
 MINIMUM TEMPERATURE (F)   17       -22      1963


SUNRISE AND SUNSET
DECEMBER 21 2014......SUNRISE   725 AM CST   SUNSET   436 PM CST
DECEMBER 22 2014......SUNRISE   725 AM CST   SUNSET   436 PM CST


-  INDICATES NEGATIVE NUMBERS.
R  INDICATES RECORD WAS SET OR TIED.
MM INDICATES DATA IS MISSING.
T  INDICATES TRACE AMOUNT.




$$
