000
CDUS43 KDVN 210907
CLIMLI


CLIMATE REPORT
NATIONAL WEATHER SERVICE QUAD CITIES IA IL
406 AM CDT SAT OCT 21 2017


...................................

...THE MOLINE IL CLIMATE SUMMARY FOR OCTOBER 20 2017...

CLIMATE NORMAL PERIOD 1981 TO 2010
CLIMATE RECORD PERIOD 1872 TO 2017


WEATHER ITEM   OBSERVED TIME   RECORD YEAR NORMAL DEPARTURE LAST
                VALUE   (LST)  VALUE       VALUE  FROM      YEAR
                                                  NORMAL
..................................................................
TEMPERATURE (F)
 YESTERDAY
  MAXIMUM         79    125 PM  84    1979  63     16       57
                                      1953
                                      1936
  MINIMUM         51    342 AM  22    1952  41     10       44
  AVERAGE         65                        52     13       51

PRECIPITATION (IN)
  YESTERDAY        0.00          1.28 1934   0.10  -0.10     0.00
  MONTH TO DATE    5.74                      1.89   3.85     1.53
  SINCE SEP 1      8.13                      4.98   3.15     2.75
  SINCE JAN 1     34.25                     32.14   2.11    32.17

SNOWFALL (IN)
  YESTERDAY        0.0          MM      MM   0.0    0.0      0.0
  MONTH TO DATE    0.0                       0.0    0.0      0.0
  SINCE SEP 1      0.0                       0.0    0.0      0.0
  SINCE JUL 1      0.0                       0.0    0.0      0.0
  SNOW DEPTH       0

DEGREE DAYS
 HEATING
  YESTERDAY        0                        13    -13       14
  MONTH TO DATE   67                       208   -141      101
  SINCE SEP 1    115                       304   -189      118
  SINCE JUL 1    116                       312   -196      119

 COOLING
  YESTERDAY        0                         0      0        0
  MONTH TO DATE   25                        11     14       43
  SINCE SEP 1    174                       117     57      232
  SINCE JAN 1    985                      1000    -15     1305
..................................................................


WIND (MPH)
  HIGHEST WIND SPEED    21   HIGHEST WIND DIRECTION     S (160)
  HIGHEST GUST SPEED    26   HIGHEST GUST DIRECTION     S (160)
  AVERAGE WIND SPEED     7.8


SKY COVER
  POSSIBLE SUNSHINE  MM
  AVERAGE SKY COVER 0.0


WEATHER CONDITIONS
 THE FOLLOWING WEATHER WAS RECORDED YESTERDAY.
  NO SIGNIFICANT WEATHER WAS OBSERVED.


RELATIVE HUMIDITY (PERCENT)
 HIGHEST    77           300 AM
 LOWEST     33           300 PM
 AVERAGE    55

..........................................................


THE MOLINE IL CLIMATE NORMALS FOR TODAY
                         NORMAL    RECORD    YEAR
 MAXIMUM TEMPERATURE (F)   62        86      1947
 MINIMUM TEMPERATURE (F)   41        20      1952


SUNRISE AND SUNSET
OCTOBER 21 2017.......SUNRISE   721 AM CDT   SUNSET   612 PM CDT
OCTOBER 22 2017.......SUNRISE   722 AM CDT   SUNSET   610 PM CDT


-  INDICATES NEGATIVE NUMBERS.
R  INDICATES RECORD WAS SET OR TIED.
MM INDICATES DATA IS MISSING.
T  INDICATES TRACE AMOUNT.




$$
