000
CDUS43 KDVN 271014
CLIMLI


CLIMATE REPORT
NATIONAL WEATHER SERVICE QUAD CITIES IA IL
413 AM CST TUE JAN 27 2015


...................................

...THE MOLINE IL CLIMATE SUMMARY FOR JANUARY 26 2015...

CLIMATE NORMAL PERIOD 1981 TO 2010
CLIMATE RECORD PERIOD 1872 TO 2015


WEATHER ITEM   OBSERVED TIME   RECORD YEAR NORMAL DEPARTURE LAST
                VALUE   (LST)  VALUE       VALUE  FROM      YEAR
                                                  NORMAL
..................................................................
TEMPERATURE (F)
 YESTERDAY
  MAXIMUM         33    813 PM  58    2002  31      2       39
                                      1944
                                      1882
  MINIMUM         12    221 AM -15    1982  14     -2        2
  AVERAGE         23                        23      0       21

PRECIPITATION (IN)
  YESTERDAY        0.07          1.61 1974   0.05   0.02     0.06
  MONTH TO DATE    1.20                      1.26  -0.06     1.14
  SINCE DEC 1      1.92                      3.44  -1.52     2.36
  SINCE JAN 1      1.20                      1.26  -0.06     1.14

SNOWFALL (IN)
  YESTERDAY        1.2          MM      MM   0.3    0.9      1.3
  MONTH TO DATE   14.5                       7.8    6.7     17.4
  SINCE DEC 1     14.5                      17.1   -2.6     31.2
  SINCE JUL 1     19.1                      18.3    0.8     32.2
  SNOW DEPTH       2

DEGREE DAYS
 HEATING
  YESTERDAY       42                        42      0       44
  MONTH TO DATE 1140                      1104     36     1273
  SINCE DEC 1   2175                      2294   -119     2643
  SINCE JUL 1   3680                      3525    155     3989

 COOLING
  YESTERDAY        0                         0      0        0
  MONTH TO DATE    0                         0      0        0
  SINCE DEC 1      0                         0      0        0
  SINCE JAN 1      0                         0      0        0
..................................................................


WIND (MPH)
  HIGHEST WIND SPEED    12   HIGHEST WIND DIRECTION     S (180)
  HIGHEST GUST SPEED    17   HIGHEST GUST DIRECTION     S (180)
  AVERAGE WIND SPEED     3.4


SKY COVER
  POSSIBLE SUNSHINE  MM
  AVERAGE SKY COVER 0.7


WEATHER CONDITIONS
 THE FOLLOWING WEATHER WAS RECORDED YESTERDAY.
  HEAVY SNOW
  SNOW
  LIGHT SNOW
  FOG
  FOG W/VISIBILITY <= 1/4 MILE


RELATIVE HUMIDITY (PERCENT)
 HIGHEST    92           300 AM
 LOWEST     73          1200 AM
 AVERAGE    83

..........................................................


THE MOLINE IL CLIMATE NORMALS FOR TODAY
                         NORMAL    RECORD    YEAR
 MAXIMUM TEMPERATURE (F)   31        64      2002
 MINIMUM TEMPERATURE (F)   14       -18      1963


SUNRISE AND SUNSET
JANUARY 27 2015.......SUNRISE   718 AM CST   SUNSET   512 PM CST
JANUARY 28 2015.......SUNRISE   718 AM CST   SUNSET   513 PM CST


-  INDICATES NEGATIVE NUMBERS.
R  INDICATES RECORD WAS SET OR TIED.
MM INDICATES DATA IS MISSING.
T  INDICATES TRACE AMOUNT.




$$
