000
CDUS43 KDVN 192123
CLIMLI


CLIMATE REPORT
NATIONAL WEATHER SERVICE QUAD CITIES IA IL
421 PM CDT SUN APR 19 2015


...................................

...THE MOLINE IL CLIMATE SUMMARY FOR APRIL 19 2015...
VALID TODAY AS OF 0400 PM LOCAL TIME.

CLIMATE NORMAL PERIOD 1981 TO 2010
CLIMATE RECORD PERIOD 1872 TO 2015


WEATHER ITEM   OBSERVED TIME   RECORD YEAR NORMAL DEPARTURE LAST
                VALUE   (LST)  VALUE       VALUE  FROM      YEAR
                                                  NORMAL
..................................................................
TEMPERATURE (F)
 TODAY
  MAXIMUM         79    106 PM  86    1985  64     15       74
  MINIMUM         50    334 AM  23    1983  42      8       34
  AVERAGE         65                        53     12       54

PRECIPITATION (IN)
  TODAY            T             2.01 1929   0.12  -0.12     0.00
  MONTH TO DATE    0.37                      2.18  -1.81     1.26
  SINCE MAR 1      1.26                      5.04  -3.78     2.17
  SINCE JAN 1      4.19                      8.13  -3.94     6.19

SNOWFALL (IN)
  TODAY            0.0          MM      MM   0.1   -0.1      0.0
  MONTH TO DATE    0.0                       0.9   -0.9       T
  SINCE MAR 1      0.1                       4.9   -4.8     10.3
  SINCE JUL 1     39.1                      31.6    7.5     65.1
  SNOW DEPTH       0

DEGREE DAYS
 HEATING
  TODAY            0                        13    -13       11
  MONTH TO DATE  189                       303   -114      340
  SINCE MAR 1   1032                      1107    -75     1366
  SINCE JUL 1   6290                      5905    385     7036

 COOLING
  TODAY            0                         1     -1        0
  MONTH TO DATE    0                         3     -3        5
  SINCE MAR 1      0                         4     -4        5
  SINCE JAN 1      0                         4     -4        5
..................................................................


WIND (MPH)
  HIGHEST WIND SPEED    22   HIGHEST WIND DIRECTION     E (110)
  HIGHEST GUST SPEED    28   HIGHEST GUST DIRECTION     E (100)
  AVERAGE WIND SPEED     9.0


SKY COVER
  POSSIBLE SUNSHINE  MM
  AVERAGE SKY COVER 0.2


WEATHER CONDITIONS
 THE FOLLOWING WEATHER WAS RECORDED TODAY.
  LIGHT RAIN


RELATIVE HUMIDITY (PERCENT)
 HIGHEST    66           600 AM
 LOWEST     35           100 PM
 AVERAGE    51

..........................................................


THE MOLINE IL CLIMATE NORMALS FOR TOMORROW
                         NORMAL    RECORD    YEAR
 MAXIMUM TEMPERATURE (F)   64        90      1987
 MINIMUM TEMPERATURE (F)   42        25      1983


SUNRISE AND SUNSET
APRIL 19 2015.........SUNRISE   617 AM CDT   SUNSET   747 PM CDT
APRIL 20 2015.........SUNRISE   615 AM CDT   SUNSET   748 PM CDT


-  INDICATES NEGATIVE NUMBERS.
R  INDICATES RECORD WAS SET OR TIED.
MM INDICATES DATA IS MISSING.
T  INDICATES TRACE AMOUNT.




$$
