016
CDUS43 KDVN 270913
CLIMLI


CLIMATE REPORT
NATIONAL WEATHER SERVICE QUAD CITIES IA IL
413 AM CDT FRI MAY 27 2016


...................................

...THE MOLINE IL CLIMATE SUMMARY FOR MAY 26 2016...

CLIMATE NORMAL PERIOD 1981 TO 2010
CLIMATE RECORD PERIOD 1872 TO 2016


WEATHER ITEM   OBSERVED TIME   RECORD YEAR NORMAL DEPARTURE LAST
                VALUE   (LST)  VALUE       VALUE  FROM      YEAR
                                                  NORMAL
..................................................................
TEMPERATURE (F)
 YESTERDAY
  MAXIMUM         88    356 PM  95    1985  76     12       77
  MINIMUM         66    630 AM  38    1992  54     12       64
                                      1979
  AVERAGE         77                        65     12       71

PRECIPITATION (IN)
  YESTERDAY        T             1.70 1933   0.15  -0.15     0.58
  MONTH TO DATE    2.49                      3.60  -1.11     3.38
  SINCE MAR 1      7.84                     10.05  -2.21     5.75
  SINCE JAN 1      9.17                     13.14  -3.97     8.68

SNOWFALL (IN)
  YESTERDAY        0.0          MM      MM   0.0    0.0      0.0
  MONTH TO DATE    0.0                       0.0    0.0      0.0
  SINCE MAR 1      2.9                       4.9   -2.0      0.1
  SINCE JUL 1     24.1                      31.6   -7.5     39.1
  SNOW DEPTH       0

DEGREE DAYS
 HEATING
  YESTERDAY        0                         3     -3        0
  MONTH TO DATE  158                       148     10      108
  SINCE MAR 1   1174                      1373   -199     1321
  SINCE JUL 1   5163                      6171  -1008     6579

 COOLING
  YESTERDAY       12                         3      9        6
  MONTH TO DATE   43                        46     -3       63
  SINCE MAR 1     54                        60     -6       63
  SINCE JAN 1     54                        60     -6       63
..................................................................


WIND (MPH)
  HIGHEST WIND SPEED    18   HIGHEST WIND DIRECTION     W (260)
  HIGHEST GUST SPEED    24   HIGHEST GUST DIRECTION    NW (310)
  AVERAGE WIND SPEED     6.7


SKY COVER
  POSSIBLE SUNSHINE  MM
  AVERAGE SKY COVER 0.2


WEATHER CONDITIONS
 THE FOLLOWING WEATHER WAS RECORDED YESTERDAY.
  THUNDERSTORM
  LIGHT RAIN
  HAZE


RELATIVE HUMIDITY (PERCENT)
 HIGHEST    81           600 AM
 LOWEST     46           100 PM
 AVERAGE    64

..........................................................


THE MOLINE IL CLIMATE NORMALS FOR TODAY
                         NORMAL    RECORD    YEAR
 MAXIMUM TEMPERATURE (F)   76        94      2012
 MINIMUM TEMPERATURE (F)   54        34      1992


SUNRISE AND SUNSET
MAY 27 2016...........SUNRISE   533 AM CDT   SUNSET   826 PM CDT
MAY 28 2016...........SUNRISE   533 AM CDT   SUNSET   827 PM CDT


-  INDICATES NEGATIVE NUMBERS.
R  INDICATES RECORD WAS SET OR TIED.
MM INDICATES DATA IS MISSING.
T  INDICATES TRACE AMOUNT.




$$
