000
CDUS43 KDVN 300917
CLIMLI


CLIMATE REPORT
NATIONAL WEATHER SERVICE QUAD CITIES IA IL
415 AM CDT TUE JUN 30 2015


...................................

...THE MOLINE IL CLIMATE SUMMARY FOR JUNE 29 2015...

CLIMATE NORMAL PERIOD 1981 TO 2010
CLIMATE RECORD PERIOD 1872 TO 2015


WEATHER ITEM   OBSERVED TIME   RECORD YEAR NORMAL DEPARTURE LAST
                VALUE   (LST)  VALUE       VALUE  FROM      YEAR
                                                  NORMAL
..................................................................
TEMPERATURE (F)
 YESTERDAY
  MAXIMUM         81    514 PM 104    1936  85     -4       85
                                      1934
  MINIMUM         58    122 AM  50    1923  64     -6       68
  AVERAGE         70                        75     -5       77

PRECIPITATION (IN)
  YESTERDAY        0.75          3.71 1983   0.16   0.59     0.01
  MONTH TO DATE   10.90                      4.34   6.56     5.81
  SINCE JUN 1     10.90                      4.34   6.56     5.81
  SINCE JAN 1     19.84                     18.20   1.64    17.37

SNOWFALL (IN)
  YESTERDAY        0.0          MM      MM   0.0    0.0      0.0
  MONTH TO DATE    0.0                       0.0    0.0      0.0
  SINCE JUN 1      0.0                       0.0    0.0      0.0
  SINCE JUL 1     39.1                      31.6    7.5     65.1
  SNOW DEPTH       0

DEGREE DAYS
 HEATING
  YESTERDAY        0                         0      0        0
  MONTH TO DATE    7                        17    -10        4
  SINCE JUN 1      7                        17    -10        4
  SINCE JUL 1   6596                      6201    395     7317

 COOLING
  YESTERDAY        5                        10     -5       12
  MONTH TO DATE  200                       205     -5      217
  SINCE JUN 1    200                       205     -5      217
  SINCE JAN 1    281                       281      0      322
..................................................................


WIND (MPH)
  HIGHEST WIND SPEED    37   HIGHEST WIND DIRECTION     W (280)
  HIGHEST GUST SPEED    46   HIGHEST GUST DIRECTION     W (270)
  AVERAGE WIND SPEED     5.3


SKY COVER
  POSSIBLE SUNSHINE  MM
  AVERAGE SKY COVER 0.6


WEATHER CONDITIONS
 THE FOLLOWING WEATHER WAS RECORDED YESTERDAY.
  THUNDERSTORM
  HEAVY RAIN
  RAIN
  LIGHT RAIN
  FOG
  FOG W/VISIBILITY <= 1/4 MILE
  HAZE


RELATIVE HUMIDITY (PERCENT)
 HIGHEST    97           200 AM
 LOWEST     58           300 PM
 AVERAGE    78

..........................................................


THE MOLINE IL CLIMATE NORMALS FOR TODAY
                         NORMAL    RECORD    YEAR
 MAXIMUM TEMPERATURE (F)   86       104      1931
 MINIMUM TEMPERATURE (F)   64        46      1943


SUNRISE AND SUNSET
JUNE 30 2015..........SUNRISE   532 AM CDT   SUNSET   840 PM CDT
JULY  1 2015..........SUNRISE   532 AM CDT   SUNSET   840 PM CDT


-  INDICATES NEGATIVE NUMBERS.
R  INDICATES RECORD WAS SET OR TIED.
MM INDICATES DATA IS MISSING.
T  INDICATES TRACE AMOUNT.




$$
