000
CDUS43 KDVN 050904
CLIMLI


CLIMATE REPORT
NATIONAL WEATHER SERVICE QUAD CITIES IA IL
404 AM CDT WED AUG 5 2015


...................................

...THE MOLINE IL CLIMATE SUMMARY FOR AUGUST 4 2015...

CLIMATE NORMAL PERIOD 1981 TO 2010
CLIMATE RECORD PERIOD 1872 TO 2015


WEATHER ITEM   OBSERVED TIME   RECORD YEAR NORMAL DEPARTURE LAST
                VALUE   (LST)  VALUE       VALUE  FROM      YEAR
                                                  NORMAL
..................................................................
TEMPERATURE (F)
 YESTERDAY
  MAXIMUM         82    441 PM 100    1947  85     -3       86
  MINIMUM         57    344 AM  46    1978  65     -8       64
  AVERAGE         70                        75     -5       75

PRECIPITATION (IN)
  YESTERDAY        0.00          1.28 1954   0.14  -0.14     0.54
  MONTH TO DATE    0.18                      0.55  -0.37     0.85
  SINCE JUN 1     15.87                      9.33   6.54    13.54
  SINCE JAN 1     24.81                     23.19   1.62    25.10

SNOWFALL (IN)
  YESTERDAY        0.0          MM      MM   0.0    0.0      0.0
  MONTH TO DATE    T                         0.0    0.0      0.0
  SINCE JUN 1      T                         0.0    0.0      0.0
  SINCE JUL 1      T                         0.0    0.0      0.0
  SNOW DEPTH       0

DEGREE DAYS
 HEATING
  YESTERDAY        0                         0      0        0
  MONTH TO DATE    0                         0      0        0
  SINCE JUN 1     11                        21    -10        8
  SINCE JUL 1      4                         2      2        4

 COOLING
  YESTERDAY        5                        10     -5       10
  MONTH TO DATE   35                        40     -5       32
  SINCE JUN 1    528                       578    -50      431
  SINCE JAN 1    609                       654    -45      536
..................................................................


WIND (MPH)
  HIGHEST WIND SPEED    14   HIGHEST WIND DIRECTION     W (260)
  HIGHEST GUST SPEED    17   HIGHEST GUST DIRECTION     W (280)
  AVERAGE WIND SPEED     4.4


SKY COVER
  POSSIBLE SUNSHINE  MM
  AVERAGE SKY COVER 0.0


WEATHER CONDITIONS
 THE FOLLOWING WEATHER WAS RECORDED YESTERDAY.
  NO SIGNIFICANT WEATHER WAS OBSERVED.


RELATIVE HUMIDITY (PERCENT)
 HIGHEST    90           600 AM
 LOWEST     45          1100 AM
 AVERAGE    68

..........................................................


THE MOLINE IL CLIMATE NORMALS FOR TODAY
                         NORMAL    RECORD    YEAR
 MAXIMUM TEMPERATURE (F)   85       101      1918
 MINIMUM TEMPERATURE (F)   64        48      1978


SUNRISE AND SUNSET
AUGUST  5 2015........SUNRISE   601 AM CDT   SUNSET   815 PM CDT
AUGUST  6 2015........SUNRISE   602 AM CDT   SUNSET   814 PM CDT


-  INDICATES NEGATIVE NUMBERS.
R  INDICATES RECORD WAS SET OR TIED.
MM INDICATES DATA IS MISSING.
T  INDICATES TRACE AMOUNT.




$$
