000
CDUS43 KDVN 022131
CLIMLI


CLIMATE REPORT
NATIONAL WEATHER SERVICE QUAD CITIES IA IL
431 PM CDT TUE SEP 2 2014


...................................

...THE MOLINE IL CLIMATE SUMMARY FOR SEPTEMBER 2 2014...
VALID TODAY AS OF 0400 PM LOCAL TIME.

CLIMATE NORMAL PERIOD 1981 TO 2010
CLIMATE RECORD PERIOD 1872 TO 2014


WEATHER ITEM   OBSERVED TIME   RECORD YEAR NORMAL DEPARTURE LAST
                VALUE   (LST)  VALUE       VALUE  FROM      YEAR
                                                  NORMAL
..................................................................
TEMPERATURE (F)
 TODAY
  MAXIMUM         82    238 PM  99    1953  82      0       80
  MINIMUM         60    501 AM  38    1946  60      0       60
  AVERAGE         71                        71      0       70

PRECIPITATION (IN)
  TODAY            0.00          2.99 1970   0.12  -0.12     0.00
  MONTH TO DATE    0.30                      0.24   0.06     0.00
  SINCE SEP 1      0.30                      0.24   0.06     0.00
  SINCE JAN 1     28.87                     27.40   1.47    32.61

SNOWFALL (IN)
  TODAY            0.0          MM      MM   0.0    0.0      0.0
  MONTH TO DATE    0.0                       0.0    0.0      0.0
  SINCE SEP 1      0.0                       0.0    0.0      0.0
  SINCE JUL 1      0.0                       0.0    0.0      0.0
  SNOW DEPTH       0

DEGREE DAYS
 HEATING
  TODAY            0                         1     -1        0
  MONTH TO DATE    0                         2     -2        0
  SINCE SEP 1      0                         2     -2        0
  SINCE JUL 1      5                        10     -5       11

 COOLING
  TODAY            6                         6      0        5
  MONTH TO DATE   15                        13      2       18
  SINCE SEP 1     15                        13      2       18
  SINCE JAN 1    781                       896   -115      832
..................................................................


WIND (MPH)
  HIGHEST WIND SPEED    17   HIGHEST WIND DIRECTION     W (280)
  HIGHEST GUST SPEED    21   HIGHEST GUST DIRECTION     W (280)
  AVERAGE WIND SPEED     4.1


SKY COVER
  POSSIBLE SUNSHINE  MM
  AVERAGE SKY COVER 0.2


WEATHER CONDITIONS
 THE FOLLOWING WEATHER WAS RECORDED TODAY.
  FOG
  FOG W/VISIBILITY <= 1/4 MILE


RELATIVE HUMIDITY (PERCENT)
 HIGHEST   100           300 AM
 LOWEST     47           200 PM
 AVERAGE    74

..........................................................


THE MOLINE IL CLIMATE NORMALS FOR TOMORROW
                         NORMAL    RECORD    YEAR
 MAXIMUM TEMPERATURE (F)   81        98      1913
 MINIMUM TEMPERATURE (F)   59        43      1974


SUNRISE AND SUNSET
SEPTEMBER  2 2014.....SUNRISE   629 AM CDT   SUNSET   733 PM CDT
SEPTEMBER  3 2014.....SUNRISE   630 AM CDT   SUNSET   732 PM CDT


-  INDICATES NEGATIVE NUMBERS.
R  INDICATES RECORD WAS SET OR TIED.
MM INDICATES DATA IS MISSING.
T  INDICATES TRACE AMOUNT.




$$
