000
CDUS43 KDVN 170927
CLIMLI


CLIMATE REPORT
NATIONAL WEATHER SERVICE QUAD CITIES IA IL
426 AM CDT THU AUG 17 2017


...................................

...THE MOLINE IL CLIMATE SUMMARY FOR AUGUST 16 2017...

CLIMATE NORMAL PERIOD 1981 TO 2010
CLIMATE RECORD PERIOD 1872 TO 2017


WEATHER ITEM   OBSERVED TIME   RECORD YEAR NORMAL DEPARTURE LAST
                VALUE   (LST)  VALUE       VALUE  FROM      YEAR
                                                  NORMAL
..................................................................
TEMPERATURE (F)
 YESTERDAY
  MAXIMUM         85    358 PM 101    1988  84      1       86
  MINIMUM         67    607 AM  47    1992  64      3       64
  AVERAGE         76                        74      2       75

PRECIPITATION (IN)
  YESTERDAY        0.02          2.80 1980   0.16  -0.14     0.00
  MONTH TO DATE    0.16                      2.33  -2.17     4.13
  SINCE JUN 1     11.25                     11.11   0.14    15.48
  SINCE JAN 1     25.60                     24.97   0.63    25.48

SNOWFALL (IN)
  YESTERDAY        0.0          MM      MM   0.0    0.0      0.0
  MONTH TO DATE    0.0                       0.0    0.0      0.0
  SINCE JUN 1      0.0                       0.0    0.0      0.0
  SINCE JUL 1      0.0                       0.0    0.0      0.0
  SNOW DEPTH       0

DEGREE DAYS
 HEATING
  YESTERDAY        0                         0      0        0
  MONTH TO DATE    1                         0      1        0
  SINCE JUN 1     10                        21    -11        2
  SINCE JUL 1      1                         2     -1        1

 COOLING
  YESTERDAY       11                         9      2       10
  MONTH TO DATE   78                       151    -73      181
  SINCE JUN 1    675                       689    -14      827
  SINCE JAN 1    736                       765    -29      929
..................................................................


WIND (MPH)
  HIGHEST WIND SPEED    14   HIGHEST WIND DIRECTION     S (170)
  HIGHEST GUST SPEED    22   HIGHEST GUST DIRECTION    SE (140)
  AVERAGE WIND SPEED    10.1


SKY COVER
  POSSIBLE SUNSHINE  MM
  AVERAGE SKY COVER 0.4


WEATHER CONDITIONS
 THE FOLLOWING WEATHER WAS RECORDED YESTERDAY.
  FOG
  HAZE


RELATIVE HUMIDITY (PERCENT)
 HIGHEST    93           400 AM
 LOWEST     65          1100 AM
 AVERAGE    79

..........................................................


THE MOLINE IL CLIMATE NORMALS FOR TODAY
                         NORMAL    RECORD    YEAR
 MAXIMUM TEMPERATURE (F)   84       103      1988
                                             1983
 MINIMUM TEMPERATURE (F)   64        48      1992


SUNRISE AND SUNSET
AUGUST 17 2017........SUNRISE   613 AM CDT   SUNSET   758 PM CDT
AUGUST 18 2017........SUNRISE   614 AM CDT   SUNSET   757 PM CDT


-  INDICATES NEGATIVE NUMBERS.
R  INDICATES RECORD WAS SET OR TIED.
MM INDICATES DATA IS MISSING.
T  INDICATES TRACE AMOUNT.




$$
