000
CDUS43 KDVN 292128
CLIMLI


CLIMATE REPORT
NATIONAL WEATHER SERVICE QUAD CITIES IA IL
427 PM CDT WED JUN 29 2016


...................................

...THE MOLINE IL CLIMATE SUMMARY FOR JUNE 29 2016...
VALID TODAY AS OF 0400 PM LOCAL TIME.

CLIMATE NORMAL PERIOD 1981 TO 2010
CLIMATE RECORD PERIOD 1872 TO 2016


WEATHER ITEM   OBSERVED TIME   RECORD YEAR NORMAL DEPARTURE LAST
                VALUE   (LST)  VALUE       VALUE  FROM      YEAR
                                                  NORMAL
..................................................................
TEMPERATURE (F)
 TODAY
  MAXIMUM         78    212 PM 104    1936  85     -7       81
                                      1934
  MINIMUM         54    332 AM  50    1923  64    -10       58
  AVERAGE         66                        75     -9       70

PRECIPITATION (IN)
  TODAY            0.00          3.71 1983   0.16  -0.16     0.75
  MONTH TO DATE    3.56                      4.34  -0.78    10.90
  SINCE JUN 1      3.56                      4.34  -0.78    10.90
  SINCE JAN 1     13.56                     18.20  -4.64    19.84

SNOWFALL (IN)
  TODAY            0.0          MM      MM   0.0    0.0      0.0
  MONTH TO DATE    0.0                       0.0    0.0      0.0
  SINCE JUN 1      0.0                       0.0    0.0      0.0
  SINCE JUL 1     24.1                      31.6   -7.5     39.1
  SNOW DEPTH       0

DEGREE DAYS
 HEATING
  TODAY            0                         0      0        0
  MONTH TO DATE    1                        17    -16        7
  SINCE JUN 1      1                        17    -16        7
  SINCE JUL 1   5164                      6201  -1037     6596

 COOLING
  TODAY            1                        10     -9        5
  MONTH TO DATE  297                       205     92      200
  SINCE JUN 1    297                       205     92      200
  SINCE JAN 1    399                       281    118      281
..................................................................


WIND (MPH)
  HIGHEST WIND SPEED     9   HIGHEST WIND DIRECTION     S (200)
  HIGHEST GUST SPEED    13   HIGHEST GUST DIRECTION     S (190)
  AVERAGE WIND SPEED     2.0


SKY COVER
  POSSIBLE SUNSHINE  MM
  AVERAGE SKY COVER 0.1


WEATHER CONDITIONS
 THE FOLLOWING WEATHER WAS RECORDED TODAY.
  NO SIGNIFICANT WEATHER WAS OBSERVED.


RELATIVE HUMIDITY (PERCENT)
 HIGHEST    86           200 AM
 LOWEST     46          1200 PM
 AVERAGE    66

..........................................................


THE MOLINE IL CLIMATE NORMALS FOR TOMORROW
                         NORMAL    RECORD    YEAR
 MAXIMUM TEMPERATURE (F)   86       104      1931
 MINIMUM TEMPERATURE (F)   64        46      1943


SUNRISE AND SUNSET
JUNE 29 2016..........SUNRISE   531 AM CDT   SUNSET   840 PM CDT
JUNE 30 2016..........SUNRISE   532 AM CDT   SUNSET   840 PM CDT


-  INDICATES NEGATIVE NUMBERS.
R  INDICATES RECORD WAS SET OR TIED.
MM INDICATES DATA IS MISSING.
T  INDICATES TRACE AMOUNT.




$$
