000
CDUS43 KDVN 230930
CLIMLI


CLIMATE REPORT
NATIONAL WEATHER SERVICE QUAD CITIES IA IL
430 AM CDT THU MAR 23 2017


...................................

...THE MOLINE IL CLIMATE SUMMARY FOR MARCH 22 2017...

CLIMATE NORMAL PERIOD 1981 TO 2010
CLIMATE RECORD PERIOD 1872 TO 2017


WEATHER ITEM   OBSERVED TIME   RECORD YEAR NORMAL DEPARTURE LAST
                VALUE   (LST)  VALUE       VALUE  FROM      YEAR
                                                  NORMAL
..................................................................
TEMPERATURE (F)
 YESTERDAY
  MAXIMUM         45    210 PM  78    1910  52     -7       68
  MINIMUM         27    622 AM   0    1888  32     -5       46
  AVERAGE         36                        42     -6       57

PRECIPITATION (IN)
  YESTERDAY        0.00          2.16 1993   0.09  -0.09     0.00
  MONTH TO DATE    1.05                      1.99  -0.94     1.31
  SINCE MAR 1      1.05                      1.99  -0.94     1.31
  SINCE JAN 1      3.46                      5.08  -1.62     2.64

SNOWFALL (IN)
  YESTERDAY        0.0          MM      MM   0.1   -0.1      0.0
  MONTH TO DATE    5.9                       3.2    2.7      0.6
  SINCE MAR 1      5.9                       3.2    2.7      0.6
  SINCE JUL 1     22.4                      29.9   -7.5     21.8
  SNOW DEPTH       0

DEGREE DAYS
 HEATING
  YESTERDAY       29                        23      6        8
  MONTH TO DATE  590                       614    -24      427
  SINCE MAR 1    590                       614    -24      427
  SINCE JUL 1   4393                      5412  -1019     4416

 COOLING
  YESTERDAY        0                         0      0        0
  MONTH TO DATE    0                         0      0        3
  SINCE MAR 1      0                         0      0        3
  SINCE JAN 1      0                         0      0        3
..................................................................


WIND (MPH)
  HIGHEST WIND SPEED    22   HIGHEST WIND DIRECTION     E (70)
  HIGHEST GUST SPEED    28   HIGHEST GUST DIRECTION     E (70)
  AVERAGE WIND SPEED    12.4


SKY COVER
  POSSIBLE SUNSHINE  MM
  AVERAGE SKY COVER 0.2


WEATHER CONDITIONS
 THE FOLLOWING WEATHER WAS RECORDED YESTERDAY.
  NO SIGNIFICANT WEATHER WAS OBSERVED.


RELATIVE HUMIDITY (PERCENT)
 HIGHEST    75           500 AM
 LOWEST     36           200 PM
 AVERAGE    56

..........................................................


THE MOLINE IL CLIMATE NORMALS FOR TODAY
                         NORMAL    RECORD    YEAR
 MAXIMUM TEMPERATURE (F)   52        84      1910
 MINIMUM TEMPERATURE (F)   32         6      1960


SUNRISE AND SUNSET
MARCH 23 2017.........SUNRISE   700 AM CDT   SUNSET   718 PM CDT
MARCH 24 2017.........SUNRISE   658 AM CDT   SUNSET   719 PM CDT


-  INDICATES NEGATIVE NUMBERS.
R  INDICATES RECORD WAS SET OR TIED.
MM INDICATES DATA IS MISSING.
T  INDICATES TRACE AMOUNT.




$$
