000
CDUS43 KDVN 142229
CLIMLI


CLIMATE REPORT
NATIONAL WEATHER SERVICE QUAD CITIES IA IL
427 PM CST SUN FEB 14 2016


...................................

...THE MOLINE IL CLIMATE SUMMARY FOR FEBRUARY 14 2016...
VALID TODAY AS OF 0400 PM LOCAL TIME.

CLIMATE NORMAL PERIOD 1981 TO 2010
CLIMATE RECORD PERIOD 1872 TO 2016


WEATHER ITEM   OBSERVED TIME   RECORD YEAR NORMAL DEPARTURE LAST
                VALUE   (LST)  VALUE       VALUE  FROM      YEAR
                                                  NORMAL
..................................................................
TEMPERATURE (F)
 TODAY
  MAXIMUM         20    259 PM  65    1954  35    -15       28
  MINIMUM         17   1000 AM  -8    1905  18     -1        3
  AVERAGE         19                        26     -7       16

PRECIPITATION (IN)
  TODAY            0.23          1.15 1990   0.05   0.18     0.00
  MONTH TO DATE    0.88                      0.67   0.21     1.09
  SINCE DEC 1      5.52                      4.34   1.18     3.36
  SINCE JAN 1      1.32                      2.16  -0.84     2.64

SNOWFALL (IN)
  TODAY           MM            MM      MM   0.2   MM        0.0
  MONTH TO DATE    1.7                       3.8   -2.1     14.6
  SINCE DEC 1      6.7                      22.5  -15.8     29.7
  SINCE JUL 1     16.6                      23.7   -7.1     34.3
  SNOW DEPTH       T

DEGREE DAYS
 HEATING
  TODAY           46                        39      7       49
  MONTH TO DATE  564                       565     -1      652
  SINCE DEC 1   2632                      3068   -436     2998
  SINCE JUL 1   3595                      4299   -704     4503

 COOLING
  TODAY            0                         0      0        0
  MONTH TO DATE    0                         0      0        0
  SINCE DEC 1      0                         0      0        0
  SINCE JAN 1      0                         0      0        0
..................................................................


WIND (MPH)
  HIGHEST WIND SPEED    22   HIGHEST WIND DIRECTION     E (110)
  HIGHEST GUST SPEED    29   HIGHEST GUST DIRECTION     E (100)
  AVERAGE WIND SPEED    12.7


SKY COVER
  POSSIBLE SUNSHINE  MM
  AVERAGE SKY COVER 1.0


WEATHER CONDITIONS
 THE FOLLOWING WEATHER WAS RECORDED TODAY.
  HEAVY SNOW
  SNOW
  LIGHT SNOW
  FOG
  FOG W/VISIBILITY <= 1/4 MILE


RELATIVE HUMIDITY (PERCENT)
 HIGHEST    84           300 PM
 LOWEST     43           200 AM
 AVERAGE    64

..........................................................


THE MOLINE IL CLIMATE NORMALS FOR TOMORROW
                         NORMAL    RECORD    YEAR
 MAXIMUM TEMPERATURE (F)   36        73      1921
 MINIMUM TEMPERATURE (F)   18       -14      1905


SUNRISE AND SUNSET
FEBRUARY 14 2016......SUNRISE   659 AM CST   SUNSET   534 PM CST
FEBRUARY 15 2016......SUNRISE   658 AM CST   SUNSET   535 PM CST


-  INDICATES NEGATIVE NUMBERS.
R  INDICATES RECORD WAS SET OR TIED.
MM INDICATES DATA IS MISSING.
T  INDICATES TRACE AMOUNT.




$$
