000
CDUS43 KDVN 210924
CLIMLI


CLIMATE REPORT
NATIONAL WEATHER SERVICE QUAD CITIES IA IL
422 AM CDT MON APR 21 2014


...................................

...THE MOLINE IL CLIMATE SUMMARY FOR APRIL 20 2014...

CLIMATE NORMAL PERIOD 1981 TO 2010
CLIMATE RECORD PERIOD 1872 TO 2014


WEATHER ITEM   OBSERVED TIME   RECORD YEAR NORMAL DEPARTURE LAST
                VALUE   (LST)  VALUE       VALUE  FROM      YEAR
                                                  NORMAL
..................................................................
TEMPERATURE (F)
 YESTERDAY
  MAXIMUM         82    338 PM  90    1987  64     18       48
  MINIMUM         48    510 AM  25    1983  42      6       29
  AVERAGE         65                        53     12       39

PRECIPITATION (IN)
  YESTERDAY        0.00          2.37 1973   0.13  -0.13     0.00
  MONTH TO DATE    1.26                      2.31  -1.05     6.78
  SINCE MAR 1      2.17                      5.17  -3.00     9.35
  SINCE JAN 1      6.19                      8.26  -2.07    14.75

SNOWFALL (IN)
  YESTERDAY        0.0          MM      MM   0.0    0.0      0.0
  MONTH TO DATE    T                         0.9   -0.9       T
  SINCE MAR 1     10.3                       4.9    5.4     10.6
  SINCE JUL 1     65.1                      31.6   33.5     34.5
  SNOW DEPTH       0

DEGREE DAYS
 HEATING
  YESTERDAY        0                        13    -13       26
  MONTH TO DATE  340                       316     24      377
  SINCE MAR 1   1366                      1120    246     1411
  SINCE JUL 1   7036                      5918   1118     6044

 COOLING
  YESTERDAY        0                         1     -1        0
  MONTH TO DATE    5                         4      1        0
  SINCE MAR 1      5                         5      0        0
  SINCE JAN 1      5                         5      0        0
..................................................................


WIND (MPH)
  HIGHEST WIND SPEED    18   HIGHEST WIND DIRECTION     S (190)
  HIGHEST GUST SPEED    24   HIGHEST GUST DIRECTION     S (190)
  AVERAGE WIND SPEED     9.4


SKY COVER
  POSSIBLE SUNSHINE  MM
  AVERAGE SKY COVER 0.0


WEATHER CONDITIONS
 THE FOLLOWING WEATHER WAS RECORDED YESTERDAY.
  NO SIGNIFICANT WEATHER WAS OBSERVED.


RELATIVE HUMIDITY (PERCENT)
 HIGHEST    59           400 AM
 LOWEST     26           200 PM
 AVERAGE    43

..........................................................


THE MOLINE IL CLIMATE NORMALS FOR TODAY
                         NORMAL    RECORD    YEAR
 MAXIMUM TEMPERATURE (F)   65        87      1985
                                             1946
 MINIMUM TEMPERATURE (F)   43        27      1953
                                             1904


SUNRISE AND SUNSET
APRIL 21 2014.........SUNRISE   613 AM CDT   SUNSET   749 PM CDT
APRIL 22 2014.........SUNRISE   612 AM CDT   SUNSET   750 PM CDT


-  INDICATES NEGATIVE NUMBERS.
R  INDICATES RECORD WAS SET OR TIED.
MM INDICATES DATA IS MISSING.
T  INDICATES TRACE AMOUNT.




$$
