000
CDUS43 KDVN 300945
CLIMLI


CLIMATE REPORT
NATIONAL WEATHER SERVICE QUAD CITIES IA IL
445 AM CDT TUE SEP 30 2014


...................................

...THE MOLINE IL CLIMATE SUMMARY FOR SEPTEMBER 29 2014...

CLIMATE NORMAL PERIOD 1981 TO 2010
CLIMATE RECORD PERIOD 1872 TO 2014


WEATHER ITEM   OBSERVED TIME   RECORD YEAR NORMAL DEPARTURE LAST
                VALUE   (LST)  VALUE       VALUE  FROM      YEAR
                                                  NORMAL
..................................................................
TEMPERATURE (F)
 YESTERDAY
  MAXIMUM         83    235 PM  99    1953  71     12       73
  MINIMUM         53    614 AM  30    1984  48      5       43
                                      1949
  AVERAGE         68                        60      8       58

PRECIPITATION (IN)
  YESTERDAY        0.00          1.19 1893   0.08  -0.08     0.00
  MONTH TO DATE    5.63                      3.00   2.63     0.96
  SINCE SEP 1      5.63                      3.00   2.63     0.96
  SINCE JAN 1     34.20                     30.16   4.04    33.57

SNOWFALL (IN)
  YESTERDAY        0.0          MM      MM   0.0    0.0      0.0
  MONTH TO DATE    0.0                       0.0    0.0      0.0
  SINCE SEP 1      0.0                       0.0    0.0      0.0
  SINCE JUL 1      0.0                       0.0    0.0      0.0
  SNOW DEPTH       0

DEGREE DAYS
 HEATING
  YESTERDAY        0                         7     -7        7
  MONTH TO DATE  113                        89     24       62
  SINCE SEP 1    113                        89     24       62
  SINCE JUL 1    118                        97     21       73

 COOLING
  YESTERDAY        3                         1      2        0
  MONTH TO DATE   70                       106    -36      157
  SINCE SEP 1     70                       106    -36      157
  SINCE JAN 1    836                       989   -153      971
..................................................................


WIND (MPH)
  HIGHEST WIND SPEED    20   HIGHEST WIND DIRECTION    NE (60)
  HIGHEST GUST SPEED    25   HIGHEST GUST DIRECTION     N (6)
  AVERAGE WIND SPEED     4.6


SKY COVER
  POSSIBLE SUNSHINE  MM
  AVERAGE SKY COVER 0.0


WEATHER CONDITIONS
 THE FOLLOWING WEATHER WAS RECORDED YESTERDAY.
  FOG


RELATIVE HUMIDITY (PERCENT)
 HIGHEST    93          1200 AM
 LOWEST     51          1100 AM
 AVERAGE    72

..........................................................


THE MOLINE IL CLIMATE NORMALS FOR TODAY
                         NORMAL    RECORD    YEAR
 MAXIMUM TEMPERATURE (F)   71        92      1952
 MINIMUM TEMPERATURE (F)   48        28      1899


SUNRISE AND SUNSET
SEPTEMBER 30 2014.....SUNRISE   658 AM CDT   SUNSET   646 PM CDT
OCTOBER  1 2014.......SUNRISE   659 AM CDT   SUNSET   644 PM CDT


-  INDICATES NEGATIVE NUMBERS.
R  INDICATES RECORD WAS SET OR TIED.
MM INDICATES DATA IS MISSING.
T  INDICATES TRACE AMOUNT.




$$
