000
CDUS43 KDVN 230919
CLIMLI


CLIMATE REPORT
NATIONAL WEATHER SERVICE QUAD CITIES IA IL
418 AM CDT TUE SEP 23 2014


...................................

...THE MOLINE IL CLIMATE SUMMARY FOR SEPTEMBER 22 2014...

CLIMATE NORMAL PERIOD 1981 TO 2010
CLIMATE RECORD PERIOD 1872 TO 2014


WEATHER ITEM   OBSERVED TIME   RECORD YEAR NORMAL DEPARTURE LAST
                VALUE   (LST)  VALUE       VALUE  FROM      YEAR
                                                  NORMAL
..................................................................
TEMPERATURE (F)
 YESTERDAY
  MAXIMUM         71    346 PM  95    1937  74     -3       73
  MINIMUM         41    513 AM  32    1995  51    -10       43
  AVERAGE         56                        63     -7       58

PRECIPITATION (IN)
  YESTERDAY        0.00          1.62 2000   0.10  -0.10     0.00
  MONTH TO DATE    5.63                      2.34   3.29     0.88
  SINCE SEP 1      5.63                      2.34   3.29     0.88
  SINCE JAN 1     34.20                     29.50   4.70    33.49

SNOWFALL (IN)
  YESTERDAY        0.0          MM      MM   0.0    0.0      0.0
  MONTH TO DATE    0.0                       0.0    0.0      0.0
  SINCE SEP 1      0.0                       0.0    0.0      0.0
  SINCE JUL 1      0.0                       0.0    0.0      0.0
  SNOW DEPTH       0

DEGREE DAYS
 HEATING
  YESTERDAY        9                         5      4        7
  MONTH TO DATE  106                        48     58       47
  SINCE SEP 1    106                        48     58       47
  SINCE JUL 1    111                        56     55       58

 COOLING
  YESTERDAY        0                         2     -2        0
  MONTH TO DATE   55                        93    -38      150
  SINCE SEP 1     55                        93    -38      150
  SINCE JAN 1    821                       976   -155      964
..................................................................


WIND (MPH)
  HIGHEST WIND SPEED     7   HIGHEST WIND DIRECTION     N (360)
  HIGHEST GUST SPEED    10   HIGHEST GUST DIRECTION     N (360)
  AVERAGE WIND SPEED     1.2


SKY COVER
  POSSIBLE SUNSHINE  MM
  AVERAGE SKY COVER 0.0


WEATHER CONDITIONS
 THE FOLLOWING WEATHER WAS RECORDED YESTERDAY.
  FOG


RELATIVE HUMIDITY (PERCENT)
 HIGHEST    96           500 AM
 LOWEST     39           200 PM
 AVERAGE    68

..........................................................


THE MOLINE IL CLIMATE NORMALS FOR TODAY
                         NORMAL    RECORD    YEAR
 MAXIMUM TEMPERATURE (F)   74        91      2007
                                             1937
                                             1891
 MINIMUM TEMPERATURE (F)   51        31      1995


SUNRISE AND SUNSET
SEPTEMBER 23 2014.....SUNRISE   651 AM CDT   SUNSET   657 PM CDT
SEPTEMBER 24 2014.....SUNRISE   652 AM CDT   SUNSET   656 PM CDT


-  INDICATES NEGATIVE NUMBERS.
R  INDICATES RECORD WAS SET OR TIED.
MM INDICATES DATA IS MISSING.
T  INDICATES TRACE AMOUNT.




$$
