000
CXUS53 KDVN 011430
CLSMLI


CLIMATE REPORT
NATIONAL WEATHER SERVICE QUAD CITIES IA IL
930 AM CDT WED JUN 1 2016

...................................

...THE MOLINE CLIMATE SUMMARY FOR THE SEASON, FROM
3/1/2016 TO 5/31/2016...

CLIMATE NORMAL PERIOD 1981 TO 2010
CLIMATE RECORD PERIOD 1872 TO 2016

WEATHER         OBSERVED          NORMAL  DEPART
                 VALUE   DATE(S)  VALUE   FROM
                                          NORMAL
................................................
TEMPERATURE (F)
RECORD
 HIGH             104   05/31/1934
 LOW              -19   03/06/1960
HIGHEST            88   05/30        78      10
                        05/24
                        05/26
LOWEST             14   03/02        24     -10
AVG. MAXIMUM     64.2              61.3     2.9
AVG. MINIMUM     42.0              40.2     1.8
MEAN             53.1              50.8     2.3
DAYS MAX >= 90      0               0.7    -0.7
DAYS MAX <= 32      0               2.9    -2.9
DAYS MIN <= 32     20              24.9    -4.9
DAYS MIN <= 0       0               0.1    -0.1

PRECIPITATION (INCHES)
RECORD
 MAXIMUM        25.69   1973
 MINIMUM         3.09   1934
TOTALS           8.67             10.77   -2.10
DAILY AVG.       0.09              0.12   -0.03
DAYS >= .01        39              32.8     6.2
DAYS >= .10        24
DAYS >= .50         7
DAYS >= 1.00        0               2.7    -2.7
GREATEST
 24 HR. TOTAL    1.05   03/23 TO 03/24

SNOWFALL (INCHES)
RECORDS
 TOTAL           29.9   1912
TOTALS            2.9               4.9    -2.0
SINCE 7/1        24.1              31.6    -7.5
SNOWDEPTH AVG.      0
DAYS >= TRACE       6               3.9     2.1
DAYS >= 1.0         1               1.6    -0.6
GREATEST
 SNOW DEPTH         1   03/25
                        03/03
 24 HR TOTAL      2.3   03/24 TO 03/24

DEGREE_DAYS
HEATING TOTAL    1174              1387    -213
 SINCE 7/1       5163              6184   -1021
COOLING TOTAL     102                77      25
 SINCE 1/1        102                76      26
.................................................

WIND (MPH)
AVERAGE WIND SPEED              9.3
HIGHEST WIND SPEED/DIRECTION    48/280    DATE  03/15
HIGHEST GUST SPEED/DIRECTION    69/270    DATE  03/15

SKY COVER
POSSIBLE SUNSHINE (PERCENT)   MM
AVERAGE SKY COVER           0.40
NUMBER OF DAYS FAIR           43
NUMBER OF DAYS PC             23
NUMBER OF DAYS CLOUDY         26

AVERAGE RH (PERCENT)     64

WEATHER CONDITIONS. NUMBER OF DAYS WITH
THUNDERSTORM             20     HAIL                       0
SLEET                     0     FOG                       43
FOG W/VIS <= 1/4 MILE     4     HAZE                      29

-  INDICATES NEGATIVE NUMBERS.
R  INDICATES RECORD WAS SET OR TIED.
MM INDICATES DATA IS MISSING.
T  INDICATES TRACE AMOUNT.

$$
