000
CXUS55 KBYZ 011000
CF6MLS
PRELIMINARY LOCAL CLIMATOLOGICAL DATA (WS FORM: F-6)
STATION: MILES CITY MT
MONTH: MARCH
YEAR: 2024
LATITUDE: 46 25 N
LONGITUDE: 105 53 W
TEMPERATURE IN F: :PCPN: SNOW: WIND :SUNSHINE: SKY :PK WND
================================================================================
1 2 3 4 5 6A 6B 7 8 9 10 11 12 13 14 15 16 17 18
12Z AVG MX 2MIN
DY MAX MIN AVG DEP HDD CDD WTR SNW DPTH SPD SPD DIR MIN PSBL S-S WX SPD DR
================================================================================
1 47 32 40 12 25 0 T M M 8.7 18 160 M M 5 23 170
2 48 33 41 13 24 0 0.00 M M 14.8 32 150 M M 4 45 140
3 34 11 23 -6 42 0 T M M 13.8 30 320 M M 6 128 38 300
4 28 7 18 -11 47 0 0.00 M M 7.2 14 20 M M 3 18 30
5 38 11 25 -5 40 0 0.02 M M 11.5 23 40 M M 6 1 28 40
6 27 16 22 -8 43 0 0.00 M M 9.6 21 320 M M 6 1 26 300
7 40 12 26 -5 39 0 0.00 M M 6.6 14 120 M M 2 18 140
8 45 18 32 1 33 0 0.00 M M 7.1 14 260 M M 0 22 290
9 59 22 41 9 24 0 0.00 M M 7.6 14 160 M M 0 17 150
10 62 28 45 13 20 0 0.00 M M 7.8 13 150 M M 0 16 260
11 59 32 46 14 19 0 0.00 M M 6.0 15 270 M M 1 19 270
12 58 27 43 10 22 0 0.00 M M 6.6 16 250 M M 1 22 290
13 57 35 46 13 19 0 0.00 M M 10.6 21 330 M M 5 26 340
14 41 25 33 -1 32 0 0.00 M M 9.3 17 330 M M 7 21 340
15 60 21 41 7 24 0 0.00 M M 13.3 26 320 M M 0 35 270
16 53 27 40 5 25 0 0.00 M M 9.8 21 350 M M 3 27 320
17 44 23 34 -1 31 0 0.00 M M 8.1 16 330 M M 0 20 330
18 71 24 48 12 17 0 0.00 M M 12.9 31 320 M M 0 40 320
19 63 30 47 11 18 0 0.00 M M 10.6 24 20 M M 2 33 30
20 48 25 37 1 28 0 0.00 M M 15.0 26 40 M M 3 35 50
21 30 24 27 -10 38 0 0.04 M M 8.0 20 50 M M 10 1 26 40
22 29 21 25 -12 40 0 T M M 9.8 15 60 M M 9 18 19 50
23 28 23 26 -12 39 0 0.03 M M 10.3 17 90 M M 10 1 22 100
24 24 16 20 -18 45 0 0.05 M M 13.6 20 30 M M 10 1 25 50
25 24 9 17 -22 48 0 T M M 8.1 14 130 M M 9 18 17 110
26 26 5 16 -23 49 0 T M M 7.4 12 30 M M 5 8 15 20
27 50 15 33 -6 32 0 T M M 5.3 12 300 M M 4 16 330
28 61 29 45 5 20 0 0.03 M M 8.4 20 310 M M 6 1 27 300
29 38 30 34 -6 31 0 0.00 M M 10.4 21 310 M M 10 26 290
30 36 27 32 -8 33 0 T M M 7.6 15 60 M M 10 1 17 60
31 37 29 33 -8 32 0 T M M 8.7 14 80 M M 10 1 19 60
================================================================================
SM 1365 687 979 0 0.17 M 294.5 M 147
================================================================================
AV 44.0 22.2 9.5 FASTST M M 5 MAX(MPH)
MISC ----> 32 150 45 140
================================================================================
NOTES:
# LAST OF SEVERAL OCCURRENCES
COLUMN 17 PEAK WIND IN M.P.H.
PRELIMINARY LOCAL CLIMATOLOGICAL DATA (WS FORM: F-6) , PAGE 2
STATION: MILES CITY MT
MONTH: MARCH
YEAR: 2024
LATITUDE: 46 25 N
LONGITUDE: 105 53 W
[TEMPERATURE DATA] [PRECIPITATION DATA] SYMBOLS USED IN COLUMN 16
AVERAGE MONTHLY: 33.1 TOTAL FOR MONTH: 0.17 1 = FOG OR MIST
DPTR FM NORMAL: -1.6 DPTR FM NORMAL: -0.38 2 = FOG REDUCING VISIBILITY
HIGHEST: 71 ON 18 GRTST 24HR 0.05 ON 24-24 TO 1/4 MILE OR LESS
LOWEST: 5 ON 26 3 = THUNDER
SNOW, ICE PELLETS, HAIL 4 = ICE PELLETS
TOTAL MONTH: M 5 = HAIL
GRTST 24HR M ON M 6 = FREEZING RAIN OR DRIZZLE
GRTST DEPTH: M ON M 7 = DUSTSTORM OR SANDSTORM:
VSBY 1/2 MILE OR LESS
8 = SMOKE OR HAZE
[NO. OF DAYS WITH] [WEATHER - DAYS WITH] 9 = BLOWING SNOW
X = TORNADO
MAX 32 OR BELOW: 8 0.01 INCH OR MORE: 5
MAX 90 OR ABOVE: 0 0.10 INCH OR MORE: 0
MIN 32 OR BELOW: 29 0.50 INCH OR MORE: 0
MIN 0 OR BELOW: 0 1.00 INCH OR MORE: 0
[HDD (BASE 65) ]
TOTAL THIS MO. 979 CLEAR (SCALE 0-3) 13
DPTR FM NORMAL 38 PTCLDY (SCALE 4-7) 10
TOTAL FM JUL 1 6064 CLOUDY (SCALE 8-10) 8
DPTR FM NORMAL -522
[CDD (BASE 65) ]
TOTAL THIS MO. 0
DPTR FM NORMAL 0 [PRESSURE DATA]
TOTAL FM JAN 1 0 HIGHEST SLP 30.49 ON 14
DPTR FM NORMAL 0 LOWEST SLP 29.34 ON 2
[REMARKS]
#FINAL-03-24#