000
CXUS51 KCAR 012036
CF6MLT
PRELIMINARY LOCAL CLIMATOLOGICAL DATA (WS FORM: F-6)
STATION: MILLINOCKET ME
MONTH: JULY
YEAR: 2020
LATITUDE: 45 39 N
LONGITUDE: 68 41 W
TEMPERATURE IN F: :PCPN: SNOW: WIND :SUNSHINE: SKY :PK WND
================================================================================
1 2 3 4 5 6A 6B 7 8 9 10 11 12 13 14 15 16 17 18
12Z AVG MX 2MIN
DY MAX MIN AVG DEP HDD CDD WTR SNW DPTH SPD SPD DIR MIN PSBL S-S WX SPD DR
================================================================================
1 80 65 73 6 0 8 T M M 2.7 8 30 M M 7 1 12 30
2 89 62 76 9 0 11 0.97 M M 4.6 15 60 M M 6 13 24 280
3 74 59 67 0 0 2 0.00 M M 3.4 9 40 M M 6 13 50
4 83 57 70 2 0 5 0.00 M M 3.4 20 90 M M 3 13 30 110
5 71 57 64 -4 1 0 0.50 M M 4.3 9 160 M M 10 1 16 210
6 77 56 67 -1 0 2 0.00 M M 4.6 13 20 M M 6 1 20 340
7 80 53 67 -1 0 2 0.00 M M 4.7 12 170 M M 3 12 19 200
8 70 60 65 -3 0 0 0.03 M M 2.5 9 180 M M 10 1 14 220
9 87 65 76 8 0 11 0.00 M M 2.7 10 160 M M 3 1 15 150
10 90 65 78 10 0 13 0.00 M M 4.6 10 170 M M 3 12 18 160
11 81 69 75 7 0 10 0.44 M M 6.8 15 140 M M 8 1 28 130
12 83 69 76 8 0 11 0.03 M M 4.6 14 240 M M 8 1 24 240
13 83 65 74 6 0 9 0.06 M M 3.0 17 300 M M 2 13 24 320
14 67 59 63 -5 2 0 0.01 M M 7.6 15 30 M M 8 1 20 40
15 78 53 66 -2 0 1 0.00 M M 7.5 18 70 M M 3 24 90
16 73 45 59 -9 6 0 0.00 M M 3.5 10 70 M M 1 15 180
17 60 54 57 -11 8 0 0.47 M M 4.2 12 170 M M 8 13 18 200
18 88 58 73 5 0 8 0.00 M M 2.6 12 320 M M 6 12 17 310
19 83 63 73 5 0 8 0.19 M M 2.7 10 150 M M 2 1 17 150
20 89 67 78 10 0 13 0.00 M M 4.2 14 270 M M 3 1 22 300
21 81 61 71 3 0 6 0.00 M M 6.5 16 310 M M 1 23 310
22 79 56 68 0 0 3 0.00 M M 2.0 9 120 M M 2 13 120
23 81 65 73 5 0 8 0.02 M M 2.1 9 110 M M 7 12 120
24 87 63 75 7 0 10 0.00 M M 3.3 15 320 M M 2 19 310
25 89 62 76 8 0 11 0.00 M M 3.8 12 260 M M 0 18 270
26 75 66 71 3 0 6 0.77 M M 1.8 10 290 M M 6 1 17 280
27 83 68 76 8 0 11 0.22 M M 2.1 7 310 M M 8 1 11 290
28 87 70 79 11 0 14 0.00 M M 4.2 9 310 M M 2 3 18 310
29 85 65 75 7 0 10 0.29 M M M M M 0 0 0 0 0
30 84 63 74 6 0 9 0.02 M M 2.9 22 310 M M 1 13 30 310
31 82 61 72 4 0 7 0.00 M M 2.6 12 40 M M 4 14 50
================================================================================
SM 2499 1901 17 209 4.02 M 115.5 0 139
================================================================================
AV 80.6 61.3 3.8 FASTST 0 0 4 MAX(MPH)
MISC ----> # 22 310 # 30 110
================================================================================
NOTES:
# LAST OF SEVERAL OCCURRENCES
COLUMN 17 PEAK WIND IN M.P.H.
PRELIMINARY LOCAL CLIMATOLOGICAL DATA (WS FORM: F-6) , PAGE 2
STATION: MILLINOCKET ME
MONTH: JULY
YEAR: 2020
LATITUDE: 45 39 N
LONGITUDE: 68 41 W
[TEMPERATURE DATA] [PRECIPITATION DATA] SYMBOLS USED IN COLUMN 16
AVERAGE MONTHLY: 71.0 TOTAL FOR MONTH: 4.02 1 = FOG OR MIST
DPTR FM NORMAL: 3.0 DPTR FM NORMAL: 0.17 2 = FOG REDUCING VISIBILITY
HIGHEST: 90 ON 10 GRTST 24HR 0.97 ON 2- 2 TO 1/4 MILE OR LESS
LOWEST: 45 ON 16 3 = THUNDER
SNOW, ICE PELLETS, HAIL 4 = ICE PELLETS
TOTAL MONTH: M 5 = HAIL
GRTST 24HR M ON M 6 = FREEZING RAIN OR DRIZZLE
GRTST DEPTH: M ON M 7 = DUSTSTORM OR SANDSTORM:
VSBY 1/2 MILE OR LESS
8 = SMOKE OR HAZE
[NO. OF DAYS WITH] [WEATHER - DAYS WITH] 9 = BLOWING SNOW
X = TORNADO
MAX 32 OR BELOW: 0 0.01 INCH OR MORE: 14
MAX 90 OR ABOVE: 1 0.10 INCH OR MORE: 8
MIN 32 OR BELOW: 0 0.50 INCH OR MORE: 3
MIN 0 OR BELOW: 0 1.00 INCH OR MORE: 0
[HDD (BASE 65) ]
TOTAL THIS MO. 17 CLEAR (SCALE 0-3) 14
DPTR FM NORMAL -7 PTCLDY (SCALE 4-7) 14
TOTAL FM JUL 1 17 CLOUDY (SCALE 8-10) 3
DPTR FM NORMAL -7
[CDD (BASE 65) ]
TOTAL THIS MO. 209
DPTR FM NORMAL 92 [PRESSURE DATA]
TOTAL FM JAN 1 363 HIGHEST SLP 30.44 ON 16
DPTR FM NORMAL 191 LOWEST SLP 29.50 ON 12
[REMARKS]
#FINAL-07-20#