000
CXUS54 KSHV 011400
CF6MLU
PRELIMINARY LOCAL CLIMATOLOGICAL DATA (WS FORM: F-6)
STATION: MONROE
MONTH: NOVEMBER
YEAR: 2022
LATITUDE: 32 30 N
LONGITUDE: 92 2 W
TEMPERATURE IN F: :PCPN: SNOW: WIND :SUNSHINE: SKY :PK WND
================================================================================
1 2 3 4 5 6A 6B 7 8 9 10 11 12 13 14 15 16 17 18
12Z AVG MX 2MIN
DY MAX MIN AVG DEP HDD CDD WTR SNW DPTH SPD SPD DIR MIN PSBL S-S WX SPD DR
================================================================================
1 70 50 60 0 5 0 0.03 0.0 0 2.1 13 320 M M 3 12 16 320
2 80 52 66 6 0 1 0.00 0.0 0 2.0 9 70 M M 3 12 13 90
3 83 52 68 9 0 3 0.00 0.0 0 2.8 10 160 M M 3 1 18 180
4 84 59 72 13 0 7 0.11 0.0 0 7.6 31 290 M M 7 1 41 280
5 68 48 58 -1 7 0 1.62 0.0 0 4.4 33 310 M M 4 123 50 300
6 80 47 64 6 1 0 T 0.0 0 2.4 8 80 M M 7 12 13 140
7 87 68 78 20 0 13 0.00 0.0 0 4.1 12 50 M M 6 128 16 60
8 82 68 75 17 0 10 0.00 0.0 0 6.5 12 50 M M 7 1 16 60
9 85 63 74 17 0 9 0.00 0.0 0 3.5 10 150 M M 3 12 17 160
10 77 49 63 6 2 0 0.00 0.0 0 1.9 8 80 M M 0 1 15 10
11 76 48 62 5 3 0 0.43 0.0 0 3.9 17 340 M M 5 12 21 10
12 56 36 46 -10 19 0 T 0.0 0 10.5 26 350 M M 6 1 38 350
13 50 31 41 -15 24 0 0.00 0.0 0 6.2 16 30 M M 0 1 21 20
14 55 35 45 -11 20 0 0.20 0.0 0 6.4 17 350 M M 6 1 26 350
15 52 41 47 -9 18 0 0.00 0.0 0 9.7 18 10 M M 8 1 24 320
16 57 37 47 -8 18 0 0.00 0.0 0 5.0 14 340 M M 0 22 350
17 53 31 42 -13 23 0 0.00 0.0 0 4.0 13 340 M M 0 17 340
18 57 27 42 -13 23 0 0.00 0.0 0 3.2 9 50 M M 0 1 13 20
19 47 33 40 -14 25 0 0.00 0.0 0 4.2 12 20 M M 5 16 20
20 53 30 42 -12 23 0 0.00 0.0 0 5.0 14 20 M M 0 1 19 20
21 53 37 45 -9 20 0 T 0.0 0 2.8 9 50 M M 6 11 80
22 63 43 53 -1 12 0 0.00 0.0 0 2.5 12 60 M M 7 16 40
23 71 38 55 2 10 0 0.00 0.0 0 2.6 9 70 M M 3 14 60
24 68 57 63 10 2 0 1.03 0.0 0 6.8 23 350 M M 8 138 31 360
25 62 58 60 7 5 0 T 0.0 0 8.4 18 350 M M 10 18 25 350
26 67 52 60 7 5 0 0.26 0.0 0 9.6 32 250 M M 7 1 42 240
27 69 46 58 6 7 0 0.00 0.0 0 8.5 22 240 M M 0 1 30 250
28 69 40 55 3 10 0 0.00 0.0 0 2.2 9 220 M M 1 128 13 220
29 78 44 61 9 4 0 0.79 0.0 0 9.7 35 290 M M 7 13 65 260
30 73 36 55 3 10 0 0.02 0.0 0 11.0 29 350 M M 1 18 38 340
================================================================================
SM 2025 1356 296 43 4.49 0.0 159.5 M 123
================================================================================
AV 67.5 45.2 5.3 FASTST M M 4 MAX(MPH)
MISC ----> 35 290 65 260
================================================================================
NOTES:
# LAST OF SEVERAL OCCURRENCES
COLUMN 17 PEAK WIND IN M.P.H.
PRELIMINARY LOCAL CLIMATOLOGICAL DATA (WS FORM: F-6) , PAGE 2
STATION: MONROE
MONTH: NOVEMBER
YEAR: 2022
LATITUDE: 32 30 N
LONGITUDE: 92 2 W
[TEMPERATURE DATA] [PRECIPITATION DATA] SYMBOLS USED IN COLUMN 16
AVERAGE MONTHLY: 56.4 TOTAL FOR MONTH: 4.49 1 = FOG OR MIST
DPTR FM NORMAL: 0.8 DPTR FM NORMAL: 0.33 2 = FOG REDUCING VISIBILITY
HIGHEST: 87 ON 7 GRTST 24HR 1.73 ON 4- 5 TO 1/4 MILE OR LESS
LOWEST: 27 ON 18 3 = THUNDER
SNOW, ICE PELLETS, HAIL 4 = ICE PELLETS
TOTAL MONTH: 0.0 INCH 5 = HAIL
GRTST 24HR 0.0 6 = FREEZING RAIN OR DRIZZLE
GRTST DEPTH: 0 7 = DUSTSTORM OR SANDSTORM:
VSBY 1/2 MILE OR LESS
8 = SMOKE OR HAZE
[NO. OF DAYS WITH] [WEATHER - DAYS WITH] 9 = BLOWING SNOW
X = TORNADO
MAX 32 OR BELOW: 0 0.01 INCH OR MORE: 9
MAX 90 OR ABOVE: 0 0.10 INCH OR MORE: 7
MIN 32 OR BELOW: 4 0.50 INCH OR MORE: 3
MIN 0 OR BELOW: 0 1.00 INCH OR MORE: 2
[HDD (BASE 65) ]
TOTAL THIS MO. 296 CLEAR (SCALE 0-3) 13
DPTR FM NORMAL -6 PTCLDY (SCALE 4-7) 16
TOTAL FM JUL 1 362 CLOUDY (SCALE 8-10) 1
DPTR FM NORMAL -27
[CDD (BASE 65) ]
TOTAL THIS MO. 43
DPTR FM NORMAL 23 [PRESSURE DATA]
TOTAL FM JAN 1 2819 HIGHEST SLP 30.53 ON 20
DPTR FM NORMAL 332 LOWEST SLP 29.65 ON 26
[REMARKS]
#FINAL-11-22#