000
CXUS54 KSHV 011300
CF6MLU
PRELIMINARY LOCAL CLIMATOLOGICAL DATA (WS FORM: F-6)
STATION: MONROE
MONTH: OCTOBER
YEAR: 2021
LATITUDE: 32 30 N
LONGITUDE: 92 2 W
TEMPERATURE IN F: :PCPN: SNOW: WIND :SUNSHINE: SKY :PK WND
================================================================================
1 2 3 4 5 6A 6B 7 8 9 10 11 12 13 14 15 16 17 18
12Z AVG MX 2MIN
DY MAX MIN AVG DEP HDD CDD WTR SNW DPTH SPD SPD DIR MIN PSBL S-S WX SPD DR
================================================================================
1 83 70 77 5 0 12 T 0.0 0 2.3 9 160 M M 6 18 14 120
2 84 72 78 6 0 13 0.01 0.0 0 4.2 12 150 M M 8 13 17 160
3 87 69 78 7 0 13 T 0.0 0 2.9 10 220 M M 5 123 12 220
4 86 65 76 5 0 11 0.00 0.0 0 3.6 13 360 M M 4 128 16 350
5 86 63 75 4 0 10 T 0.0 0 5.5 21 10 M M 1 1 25 10
6 84 60 72 2 0 7 0.00 0.0 0 1.4 9 40 M M 1 12 14 340
7 89 58 74 4 0 9 0.00 0.0 0 1.0 8 360 M M 1 1 11 300
8 90 60 75 6 0 10 0.00 0.0 0 2.0 10 210 M M 0 18 13 220
9 87 61 74 5 0 9 0.00 0.0 0 3.8 12 250 M M 0 1 15 170
10 88 63 76 7 0 11 0.00 0.0 0 6.4 17 200 M M 1 12 23 200
11 86 63 75 7 0 10 T 0.0 0 8.0 21 220 M M 4 1 26 230
12 84 62 73 5 0 8 0.00 0.0 0 3.4 13 180 M M 6 1 17 170
13 88 72 80 13 0 15 0.00 0.0 0 5.6 17 220 M M 3 21 200
14 85 69 77 10 0 12 0.00 0.0 0 5.0 13 190 M M 4 1 18 200
15 90 62 76 9 0 11 0.24 0.0 0 10.1 26 280 M M 7 13 32 280
16 74 50 62 -4 3 0 0.00 0.0 0 7.7 21 10 M M 0 25 320
17 75 45 60 -6 5 0 0.00 0.0 0 2.8 12 50 M M 0 16 30
18 75 45 60 -5 5 0 0.00 0.0 0 1.6 8 160 M M 0 10 160
19 80 43 62 -3 3 0 0.00 0.0 0 1.0 8 190 M M 0 1 12 160
20 86 55 71 6 0 6 0.00 0.0 0 0.7 7 100 M M 0 1 10 170
21 88 61 75 11 0 10 0.00 0.0 0 5.0 15 300 M M 6 12 19 250
22 83 53 68 4 0 3 0.00 0.0 0 3.2 9 60 M M 0 13 70
23 87 54 71 7 0 6 0.00 0.0 0 4.9 16 200 M M 2 20 220
24 88 68 78 15 0 13 0.00 0.0 0 7.6 23 210 M M 4 1 29 210
25 88 64 76 13 0 11 0.00 0.0 0 6.1 14 330 M M 2 1 17 340
26 81 54 68 6 0 3 0.00 0.0 0 3.8 9 90 M M 0 8 14 100
27 76 60 68 6 0 3 0.73 0.0 0 7.3 20 250 M M 5 13 29 250
28 64 54 59 -3 6 0 0.02 0.0 0 15.1 26 280 M M 7 1 33 270
29 63 55 59 -2 6 0 0.00 0.0 0 12.5 23 300 M M 9 29 290
30 72 49 61 0 4 0 0.00 0.0 0 4.9 14 290 M M 5 1 18 290
31 77 43 60 0 5 0 0.00 0.0 0 1.5 8 20 M M 1 1 11 300
================================================================================
SM 2554 1822 37 216 1.00 0.0 150.9 M 92
================================================================================
AV 82.4 58.8 4.9 FASTST M M 3 MAX(MPH)
MISC ----> # 26 280 33 270
================================================================================
NOTES:
# LAST OF SEVERAL OCCURRENCES
COLUMN 17 PEAK WIND IN M.P.H.
PRELIMINARY LOCAL CLIMATOLOGICAL DATA (WS FORM: F-6) , PAGE 2
STATION: MONROE
MONTH: OCTOBER
YEAR: 2021
LATITUDE: 32 30 N
LONGITUDE: 92 2 W
[TEMPERATURE DATA] [PRECIPITATION DATA] SYMBOLS USED IN COLUMN 16
AVERAGE MONTHLY: 70.6 TOTAL FOR MONTH: 1.00 1 = FOG OR MIST
DPTR FM NORMAL: 4.3 DPTR FM NORMAL: -3.95 2 = FOG REDUCING VISIBILITY
HIGHEST: 90 ON 15, 8 GRTST 24HR 0.75 ON 27-28 TO 1/4 MILE OR LESS
LOWEST: 43 ON 31,19 3 = THUNDER
SNOW, ICE PELLETS, HAIL 4 = ICE PELLETS
TOTAL MONTH: 0.0 INCH 5 = HAIL
GRTST 24HR 0.0 6 = FREEZING RAIN OR DRIZZLE
GRTST DEPTH: 0 7 = DUSTSTORM OR SANDSTORM:
VSBY 1/2 MILE OR LESS
8 = SMOKE OR HAZE
[NO. OF DAYS WITH] [WEATHER - DAYS WITH] 9 = BLOWING SNOW
X = TORNADO
MAX 32 OR BELOW: 0 0.01 INCH OR MORE: 4
MAX 90 OR ABOVE: 2 0.10 INCH OR MORE: 2
MIN 32 OR BELOW: 0 0.50 INCH OR MORE: 1
MIN 0 OR BELOW: 0 1.00 INCH OR MORE: 0
[HDD (BASE 65) ]
TOTAL THIS MO. 37 CLEAR (SCALE 0-3) 17
DPTR FM NORMAL -47 PTCLDY (SCALE 4-7) 12
TOTAL FM JUL 1 37 CLOUDY (SCALE 8-10) 2
DPTR FM NORMAL -50
[CDD (BASE 65) ]
TOTAL THIS MO. 216
DPTR FM NORMAL 93 [PRESSURE DATA]
TOTAL FM JAN 1 2609 HIGHEST SLP 30.34 ON 17
DPTR FM NORMAL 142 LOWEST SLP 29.48 ON 27
[REMARKS]
#FINAL-10-21#