000
CXUS54 KSHV 011300
CF6MLU
PRELIMINARY LOCAL CLIMATOLOGICAL DATA (WS FORM: F-6)
STATION: MONROE
MONTH: JULY
YEAR: 2021
LATITUDE: 32 30 N
LONGITUDE: 92 2 W
TEMPERATURE IN F: :PCPN: SNOW: WIND :SUNSHINE: SKY :PK WND
================================================================================
1 2 3 4 5 6A 6B 7 8 9 10 11 12 13 14 15 16 17 18
12Z AVG MX 2MIN
DY MAX MIN AVG DEP HDD CDD WTR SNW DPTH SPD SPD DIR MIN PSBL S-S WX SPD DR
================================================================================
1 94 74 84 2 0 19 T 0.0 0 2.1 9 170 M M 3 3 13 210
2 88 73 81 -1 0 16 1.90 0.0 0 4.3 31 260 M M 6 13 40 260
3 88 66 77 -5 0 12 0.00 0.0 0 5.3 14 60 M M 1 19 30
4 89 65 77 -5 0 12 0.00 0.0 0 4.2 13 50 M M 1 17 50
5 92 70 81 -1 0 16 0.00 0.0 0 4.9 13 70 M M 2 16 60
6 93 74 84 2 0 19 T 0.0 0 4.6 12 70 M M 3 16 120
7 92 71 82 0 0 17 T 0.0 0 3.4 18 240 M M 3 138 25 210
8 93 72 83 1 0 18 0.00 0.0 0 5.4 14 200 M M 3 18 200
9 93 70 82 -1 0 17 0.00 0.0 0 4.5 25 260 M M 4 29 270
10 90 76 83 0 0 18 0.14 0.0 0 6.4 14 240 M M 6 13 19 250
11 85 70 78 -5 0 13 0.17 0.0 0 8.2 20 350 M M 4 1 25 350
12 88 71 80 -3 0 15 1.68 0.0 0 7.3 31 250 M M 4 13 38 250
13 92 71 82 -1 0 17 0.00 0.0 0 6.2 16 260 M M 1 21 250
14 93 71 82 -1 0 17 0.00 0.0 0 2.7 9 170 M M 1 15 190
15 92 73 83 0 0 18 0.13 0.0 0 3.8 24 200 M M 2 13 33 190
16 90 73 82 -1 0 17 0.28 0.0 0 6.0 28 230 M M 4 138 37 220
17 94 73 84 1 0 19 T 0.0 0 4.3 18 80 M M 4 13 26 90
18 93 73 83 0 0 18 T 0.0 0 4.9 22 360 M M 3 13 27 10
19 83 72 78 -5 0 13 0.66 0.0 0 3.3 15 360 M M 3 13 18 10
20 89 71 80 -3 0 15 0.01 0.0 0 4.2 16 40 M M 5 13 21 350
21 90 72 81 -2 0 16 0.00 0.0 0 3.2 8 80 M M 5 1 12 30
22 92 75 84 1 0 19 1.07 0.0 0 3.8 30 280 M M 2 123 37 270
23 94 77 86 3 0 21 0.00 0.0 0 4.5 13 270 M M 2 8 18 270
24 95 78 87 4 0 22 T 0.0 0 4.6 14 210 M M 1 16 280
25 98 77 88 5 0 23 T 0.0 0 0.9 8 350 M M 2 18 10 320
26 96 78 87 4 0 22 0.04 0.0 0 3.3 17 270 M M 2 13 21 260
27 98 77 88 5 0 23 0.01 0.0 0 2.2 14 20 M M 1 13 18 20
28 97 76 87 4 0 22 0.03 0.0 0 1.8 18 70 M M 2 13 23 60
29 99 77 88 5 0 23 0.00 0.0 0 1.2 10 40 M M 2 1 12 40
30 99 77 88 5 0 23 0.00 0.0 0 1.1 7 80 M M 1 1 9 180
31 98 77 88 5 0 23 T 0.0 0 3.4 23 220 M M 1 138 32 220
================================================================================
SM 2867 2270 0 563 6.12 0.0 126.0 M 84
================================================================================
AV 92.5 73.2 4.1 FASTST M M 3 MAX(MPH)
MISC ----> # 31 260 40 260
================================================================================
NOTES:
# LAST OF SEVERAL OCCURRENCES
COLUMN 17 PEAK WIND IN M.P.H.
PRELIMINARY LOCAL CLIMATOLOGICAL DATA (WS FORM: F-6) , PAGE 2
STATION: MONROE
MONTH: JULY
YEAR: 2021
LATITUDE: 32 30 N
LONGITUDE: 92 2 W
[TEMPERATURE DATA] [PRECIPITATION DATA] SYMBOLS USED IN COLUMN 16
AVERAGE MONTHLY: 82.9 TOTAL FOR MONTH: 6.12 1 = FOG OR MIST
DPTR FM NORMAL: 0.1 DPTR FM NORMAL: 2.18 2 = FOG REDUCING VISIBILITY
HIGHEST: 99 ON 30,29 GRTST 24HR 1.90 ON 2- 2 TO 1/4 MILE OR LESS
LOWEST: 65 ON 4 3 = THUNDER
SNOW, ICE PELLETS, HAIL 4 = ICE PELLETS
TOTAL MONTH: 0.0 INCH 5 = HAIL
GRTST 24HR 0.0 6 = FREEZING RAIN OR DRIZZLE
GRTST DEPTH: 0 7 = DUSTSTORM OR SANDSTORM:
VSBY 1/2 MILE OR LESS
8 = SMOKE OR HAZE
[NO. OF DAYS WITH] [WEATHER - DAYS WITH] 9 = BLOWING SNOW
X = TORNADO
MAX 32 OR BELOW: 0 0.01 INCH OR MORE: 12
MAX 90 OR ABOVE: 24 0.10 INCH OR MORE: 8
MIN 32 OR BELOW: 0 0.50 INCH OR MORE: 4
MIN 0 OR BELOW: 0 1.00 INCH OR MORE: 3
[HDD (BASE 65) ]
TOTAL THIS MO. 0 CLEAR (SCALE 0-3) 21
DPTR FM NORMAL 0 PTCLDY (SCALE 4-7) 10
TOTAL FM JUL 1 0 CLOUDY (SCALE 8-10) 0
DPTR FM NORMAL 0
[CDD (BASE 65) ]
TOTAL THIS MO. 563
DPTR FM NORMAL 10 [PRESSURE DATA]
TOTAL FM JAN 1 1437 HIGHEST SLP 30.24 ON 14
DPTR FM NORMAL 1 LOWEST SLP 29.88 ON 25
[REMARKS]
#FINAL-07-21#