000
CXUS54 KSHV 011300
CF6MLU
PRELIMINARY LOCAL CLIMATOLOGICAL DATA (WS FORM: F-6)
STATION: MONROE
MONTH: JUNE
YEAR: 2021
LATITUDE: 32 30 N
LONGITUDE: 92 2 W
TEMPERATURE IN F: :PCPN: SNOW: WIND :SUNSHINE: SKY :PK WND
================================================================================
1 2 3 4 5 6A 6B 7 8 9 10 11 12 13 14 15 16 17 18
12Z AVG MX 2MIN
DY MAX MIN AVG DEP HDD CDD WTR SNW DPTH SPD SPD DIR MIN PSBL S-S WX SPD DR
================================================================================
1 80 70 75 -3 0 10 1.21 0.0 0 3.0 14 210 M M 5 13 20 210
2 85 69 77 -1 0 12 0.00 0.0 0 6.5 16 270 M M 6 22 240
3 86 67 77 -1 0 12 0.00 0.0 0 2.3 10 300 M M 1 14 340
4 81 66 74 -5 0 9 0.03 0.0 0 2.0 8 350 M M 6 1 10 80
5 82 71 77 -2 0 12 0.53 0.0 0 4.9 13 160 M M 8 1 21 160
6 88 72 80 1 0 15 T 0.0 0 3.3 13 110 M M 7 1 22 140
7 89 70 80 1 0 15 1.04 0.0 0 6.8 28 300 M M 7 13 36 300
8 91 72 82 3 0 17 0.11 0.0 0 6.8 38 240 M M 6 13 47 240
9 90 76 83 3 0 18 0.21 0.0 0 6.5 15 190 M M 4 13 20 190
10 86 76 81 1 0 16 T 0.0 0 7.5 17 210 M M 4 22 240
11 92 74 83 3 0 18 0.00 0.0 0 5.8 14 240 M M 3 1 17 240
12 93 75 84 4 0 19 0.00 0.0 0 5.1 15 240 M M 3 1 20 220
13 98 75 87 7 0 22 0.06 0.0 0 4.3 17 60 M M 2 3 24 60
14 97 73 85 5 0 20 0.00 0.0 0 4.2 13 50 M M 1 17 50
15 96 73 85 5 0 20 0.00 0.0 0 3.4 13 30 M M 0 1 17 30
16 93 72 83 2 0 18 0.00 0.0 0 3.8 12 50 M M 0 16 40
17 92 69 81 0 0 16 0.00 0.0 0 2.5 10 70 M M 2 14 80
18 93 67 80 -1 0 15 0.00 0.0 0 3.5 13 80 M M 0 16 70
19 93 72 83 2 0 18 0.00 0.0 0 3.9 13 360 M M 2 18 20
20 94 73 84 3 0 19 0.00 0.0 0 7.3 16 200 M M 1 23 210
21 93 74 84 3 0 19 0.25 0.0 0 7.9 22 260 M M 4 138 27 200
22 85 66 76 -5 0 11 0.00 0.0 0 7.1 16 50 M M 2 21 20
23 90 65 78 -3 0 13 0.00 0.0 0 3.0 8 100 M M 4 11 110
24 95 73 84 2 0 19 0.00 0.0 0 4.4 10 190 M M 2 1 15 220
25 94 77 86 4 0 21 T 0.0 0 5.8 16 160 M M 4 8 25 160
26 91 74 83 1 0 18 0.10 0.0 0 5.8 15 150 M M 3 1 25 160
27 93 73 83 1 0 18 0.18 0.0 0 3.9 13 130 M M 3 13 26 140
28 92 74 83 1 0 18 0.34 0.0 0 4.7 22 180 M M 3 138 32 170
29 92 72 82 0 0 17 0.02 0.0 0 3.2 15 140 M M 4 1 24 130
30 94 72 83 1 0 18 0.00 0.0 0 1.9 8 80 M M 2 1 11 80
================================================================================
SM 2718 2152 0 493 4.08 0.0 141.1 M 99
================================================================================
AV 90.6 71.7 4.7 FASTST M M 3 MAX(MPH)
MISC ----> 38 240 47 240
================================================================================
NOTES:
# LAST OF SEVERAL OCCURRENCES
COLUMN 17 PEAK WIND IN M.P.H.
PRELIMINARY LOCAL CLIMATOLOGICAL DATA (WS FORM: F-6) , PAGE 2
STATION: MONROE
MONTH: JUNE
YEAR: 2021
LATITUDE: 32 30 N
LONGITUDE: 92 2 W
[TEMPERATURE DATA] [PRECIPITATION DATA] SYMBOLS USED IN COLUMN 16
AVERAGE MONTHLY: 81.2 TOTAL FOR MONTH: 4.08 1 = FOG OR MIST
DPTR FM NORMAL: 0.9 DPTR FM NORMAL: -0.37 2 = FOG REDUCING VISIBILITY
HIGHEST: 98 ON 13 GRTST 24HR 1.21 ON 1- 1 TO 1/4 MILE OR LESS
LOWEST: 65 ON 23 3 = THUNDER
SNOW, ICE PELLETS, HAIL 4 = ICE PELLETS
TOTAL MONTH: 0.0 INCH 5 = HAIL
GRTST 24HR 0.0 6 = FREEZING RAIN OR DRIZZLE
GRTST DEPTH: 0 7 = DUSTSTORM OR SANDSTORM:
VSBY 1/2 MILE OR LESS
8 = SMOKE OR HAZE
[NO. OF DAYS WITH] [WEATHER - DAYS WITH] 9 = BLOWING SNOW
X = TORNADO
MAX 32 OR BELOW: 0 0.01 INCH OR MORE: 12
MAX 90 OR ABOVE: 21 0.10 INCH OR MORE: 9
MIN 32 OR BELOW: 0 0.50 INCH OR MORE: 3
MIN 0 OR BELOW: 0 1.00 INCH OR MORE: 2
[HDD (BASE 65) ]
TOTAL THIS MO. 0 CLEAR (SCALE 0-3) 15
DPTR FM NORMAL 0 PTCLDY (SCALE 4-7) 15
TOTAL FM JUL 1 2126 CLOUDY (SCALE 8-10) 0
DPTR FM NORMAL -86
[CDD (BASE 65) ]
TOTAL THIS MO. 493
DPTR FM NORMAL 34 [PRESSURE DATA]
TOTAL FM JAN 1 874 HIGHEST SLP 30.14 ON 30
DPTR FM NORMAL -9 LOWEST SLP 29.77 ON 21
[REMARKS]
#FINAL-06-21#