000
CXUS54 KSHV 011500
CF6MLU
PRELIMINARY LOCAL CLIMATOLOGICAL DATA (WS FORM: F-6)
STATION: MONROE
MONTH: JUNE
YEAR: 2020
LATITUDE: 32 30 N
LONGITUDE: 92 2 W
TEMPERATURE IN F: :PCPN: SNOW: WIND :SUNSHINE: SKY :PK WND
================================================================================
1 2 3 4 5 6A 6B 7 8 9 10 11 12 13 14 15 16 17 18
12Z AVG MX 2MIN
DY MAX MIN AVG DEP HDD CDD WTR SNW DPTH SPD SPD DIR MIN PSBL S-S WX SPD DR
================================================================================
1 89 67 78 0 0 13 0.00 0.0 0 3.6 9 70 M M 0 14 60
2 90 69 80 2 0 15 T 0.0 0 0.7 6 10 M M 1 7 10
3 92 72 82 4 0 17 T 0.0 0 3.2 17 180 M M 2 18 26 170
4 92 70 81 2 0 16 0.00 0.0 0 6.0 14 190 M M 3 8 17 210
5 95 73 84 5 0 19 T 0.0 0 5.8 28 60 M M 2 13 38 70
6 93 71 82 3 0 17 0.00 0.0 0 5.3 17 60 M M 2 22 70
7 90 75 83 4 0 18 T 0.0 0 12.1 21 50 M M 2 27 70
8 82 74 78 -1 0 13 3.26 0.0 0 14.5 29 260 M M 8 13 40 250
9 93 77 85 5 0 20 0.00 0.0 0 12.0 22 220 M M 5 13 29 220
10 84 67 76 -4 0 11 0.49 0.0 0 8.0 29 320 M M 2 13 37 320
11 87 63 75 -5 0 10 0.00 0.0 0 5.2 16 20 M M 0 1 21 40
12 89 63 76 -4 0 11 0.00 0.0 0 7.5 20 50 M M 0 24 20
13 91 66 79 -1 0 14 0.00 0.0 0 5.9 17 30 M M 0 22 50
14 94 66 80 0 0 15 0.00 0.0 0 3.5 12 60 M M 1 16 40
15 95 69 82 1 0 17 0.00 0.0 0 3.1 10 70 M M 0 1 12 70
16 89 66 78 -3 0 13 0.00 0.0 0 4.5 12 40 M M 0 15 20
17 90 62 76 -5 0 11 0.00 0.0 0 1.8 9 10 M M 0 1 12 140
18 92 63 78 -3 0 13 0.00 0.0 0 1.7 10 210 M M 0 15 210
19 93 68 81 0 0 16 0.00 0.0 0 2.6 10 170 M M 3 15 140
20 92 70 81 0 0 16 0.00 0.0 0 6.9 16 200 M M 1 1 22 200
21 93 73 83 1 0 18 0.15 0.0 0 6.7 21 220 M M 3 13 28 210
22 85 72 79 -3 0 14 0.14 0.0 0 7.3 24 200 M M 3 13 30 200
23 91 71 81 -1 0 16 0.00 0.0 0 5.6 20 190 M M 3 29 200
24 89 73 81 -1 0 16 0.12 0.0 0 4.5 18 170 M M 5 13 27 160
25 81 71 76 -6 0 11 0.36 0.0 0 2.9 21 230 M M 7 1 27 220
26 83 72 78 -4 0 13 0.29 0.0 0 2.0 24 270 M M 8 18 30 270
27 92 77 85 3 0 20 T 0.0 0 7.8 18 250 M M 3 138 26 240
28 93 76 85 3 0 20 0.06 0.0 0 6.2 26 190 M M 4 138 35 190
29 91 77 84 2 0 19 0.00 0.0 0 6.4 17 190 M M 3 22 190
30 91 78 85 3 0 20 T 0.0 0 7.6 20 200 M M 2 8 26 200
================================================================================
SM 2701 2111 0 462 4.87 0.0 170.9 M 73
================================================================================
AV 90.0 70.4 5.7 FASTST M M 2 MAX(MPH)
MISC ----> # 29 260 # 40 250
================================================================================
NOTES:
# LAST OF SEVERAL OCCURRENCES
COLUMN 17 PEAK WIND IN M.P.H.
PRELIMINARY LOCAL CLIMATOLOGICAL DATA (WS FORM: F-6) , PAGE 2
STATION: MONROE
MONTH: JUNE
YEAR: 2020
LATITUDE: 32 30 N
LONGITUDE: 92 2 W
[TEMPERATURE DATA] [PRECIPITATION DATA] SYMBOLS USED IN COLUMN 16
AVERAGE MONTHLY: 80.2 TOTAL FOR MONTH: 4.87 1 = FOG OR MIST
DPTR FM NORMAL: -0.4 DPTR FM NORMAL: 0.19 2 = FOG REDUCING VISIBILITY
HIGHEST: 95 ON 15, 5 GRTST 24HR 3.26 ON 8- 8 TO 1/4 MILE OR LESS
LOWEST: 62 ON 17 3 = THUNDER
SNOW, ICE PELLETS, HAIL 4 = ICE PELLETS
TOTAL MONTH: 0.0 INCH 5 = HAIL
GRTST 24HR 0.0 6 = FREEZING RAIN OR DRIZZLE
GRTST DEPTH: 0 7 = DUSTSTORM OR SANDSTORM:
VSBY 1/2 MILE OR LESS
8 = SMOKE OR HAZE
[NO. OF DAYS WITH] [WEATHER - DAYS WITH] 9 = BLOWING SNOW
X = TORNADO
MAX 32 OR BELOW: 0 0.01 INCH OR MORE: 8
MAX 90 OR ABOVE: 20 0.10 INCH OR MORE: 7
MIN 32 OR BELOW: 0 0.50 INCH OR MORE: 1
MIN 0 OR BELOW: 0 1.00 INCH OR MORE: 1
[HDD (BASE 65) ]
TOTAL THIS MO. 0 CLEAR (SCALE 0-3) 23
DPTR FM NORMAL 0 PTCLDY (SCALE 4-7) 6
TOTAL FM JUL 1 1847 CLOUDY (SCALE 8-10) 1
DPTR FM NORMAL -383
[CDD (BASE 65) ]
TOTAL THIS MO. 462
DPTR FM NORMAL -4 [PRESSURE DATA]
TOTAL FM JAN 1 901 HIGHEST SLP 30.28 ON 12
DPTR FM NORMAL 0 LOWEST SLP 29.39 ON 8
[REMARKS]
#FINAL-06-20#