000
CXUS54 KSHV 011500
CF6MLU
PRELIMINARY LOCAL CLIMATOLOGICAL DATA (WS FORM: F-6)
STATION: MONROE
MONTH: MARCH
YEAR: 2020
LATITUDE: 32 30 N
LONGITUDE: 92 2 W
TEMPERATURE IN F: :PCPN: SNOW: WIND :SUNSHINE: SKY :PK WND
================================================================================
1 2 3 4 5 6A 6B 7 8 9 10 11 12 13 14 15 16 17 18
12Z AVG MX 2MIN
DY MAX MIN AVG DEP HDD CDD WTR SNW DPTH SPD SPD DIR MIN PSBL S-S WX SPD DR
================================================================================
1 71 52 62 8 3 0 0.00 0.0 0 10.8 21 190 M M 5 31 190
2 76 62 69 15 0 4 T 0.0 0 9.1 21 220 M M 9 8 27 230
3 73 62 68 13 0 3 T 0.0 0 6.5 17 50 M M 7 13 20 50
4 63 53 58 3 7 0 1.49 0.0 0 9.9 28 50 M M 10 13 35 50
5 70 53 62 7 3 0 0.30 0.0 0 9.2 18 360 M M 4 1 26 10
6 65 45 55 0 10 0 0.00 0.0 0 9.0 21 10 M M 0 24 350
7 63 38 51 -5 14 0 0.00 0.0 0 4.3 13 50 M M 0 17 80
8 70 42 56 0 9 0 0.00 0.0 0 5.4 15 160 M M 0 24 160
9 68 58 63 7 2 0 0.15 0.0 0 7.7 16 170 M M 8 1 26 180
10 80 63 72 16 0 7 0.00 0.0 0 5.1 13 260 M M 6 1 15 250
11 84 64 74 17 0 9 0.00 0.0 0 10.6 21 220 M M 4 25 220
12 83 63 73 16 0 8 0.00 0.0 0 11.7 21 200 M M 5 8 27 190
13 71 55 63 6 2 0 0.17 0.0 0 8.1 20 30 M M 9 18 25 50
14 78 56 67 9 0 2 0.05 0.0 0 1.7 12 200 M M 8 128 13 200
15 68 51 60 2 5 0 T 0.0 0 9.9 17 40 M M 10 1 21 60
16 71 51 61 3 4 0 0.00 0.0 0 4.1 14 40 M M 5 1 16 30
17 78 53 66 8 0 1 0.00 0.0 0 5.4 14 50 M M 3 12 18 40
18 81 60 71 13 0 6 T 0.0 0 4.6 16 190 M M 6 18 19 200
19 85 70 78 19 0 13 T 0.0 0 10.3 20 180 M M 5 8 27 190
20 75 59 67 8 0 2 2.24 0.0 0 6.2 22 290 M M 9 13 27 290
21 59 50 55 -4 10 0 0.01 0.0 0 10.8 18 40 M M 9 23 40
22 72 49 61 1 4 0 0.57 0.0 0 4.8 13 220 M M 9 1 20 190
23 71 60 66 6 0 1 T 0.0 0 6.9 13 210 M M 9 17 210
24 82 60 71 11 0 6 0.00 0.0 0 9.4 24 200 M M 7 1 32 210
25 80 59 70 10 0 5 0.00 0.0 0 4.6 17 50 M M 3 12 21 50
26 88 58 73 13 0 8 0.00 0.0 0 8.1 18 200 M M 1 128 25 200
27 91 68 80 19 0 15 0.00 0.0 0 8.9 17 200 M M 3 8 23 170
28 85 61 73 12 0 8 0.22 0.0 0 10.1 22 200 M M 6 13 30 190
29 79 53 66 5 0 1 0.00 0.0 0 4.4 10 360 M M 0 16 30
30 69 58 64 2 1 0 0.13 0.0 0 6.6 15 60 M M 8 19 50
31 65 48 57 -5 8 0 0.37 0.0 0 7.6 18 310 M M 7 13 25 320
================================================================================
SM 2314 1734 82 99 5.70 0.0 231.8 M 175
================================================================================
AV 74.7 55.9 7.5 FASTST M M 6 MAX(MPH)
MISC ----> # 28 50 # 35 50
================================================================================
NOTES:
# LAST OF SEVERAL OCCURRENCES
COLUMN 17 PEAK WIND IN M.P.H.
PRELIMINARY LOCAL CLIMATOLOGICAL DATA (WS FORM: F-6) , PAGE 2
STATION: MONROE
MONTH: MARCH
YEAR: 2020
LATITUDE: 32 30 N
LONGITUDE: 92 2 W
[TEMPERATURE DATA] [PRECIPITATION DATA] SYMBOLS USED IN COLUMN 16
AVERAGE MONTHLY: 65.3 TOTAL FOR MONTH: 5.70 1 = FOG OR MIST
DPTR FM NORMAL: 7.3 DPTR FM NORMAL: 0.98 2 = FOG REDUCING VISIBILITY
HIGHEST: 91 ON 27 GRTST 24HR 2.24 ON 20-20 TO 1/4 MILE OR LESS
LOWEST: 38 ON 7 3 = THUNDER
SNOW, ICE PELLETS, HAIL 4 = ICE PELLETS
TOTAL MONTH: 0.0 INCH 5 = HAIL
GRTST 24HR 0.0 6 = FREEZING RAIN OR DRIZZLE
GRTST DEPTH: 0 7 = DUSTSTORM OR SANDSTORM:
VSBY 1/2 MILE OR LESS
8 = SMOKE OR HAZE
[NO. OF DAYS WITH] [WEATHER - DAYS WITH] 9 = BLOWING SNOW
X = TORNADO
MAX 32 OR BELOW: 0 0.01 INCH OR MORE: 11
MAX 90 OR ABOVE: 1 0.10 INCH OR MORE: 9
MIN 32 OR BELOW: 0 0.50 INCH OR MORE: 3
MIN 0 OR BELOW: 0 1.00 INCH OR MORE: 2
[HDD (BASE 65) ]
TOTAL THIS MO. 82 CLEAR (SCALE 0-3) 7
DPTR FM NORMAL -168 PTCLDY (SCALE 4-7) 16
TOTAL FM JUL 1 1760 CLOUDY (SCALE 8-10) 8
DPTR FM NORMAL -384
[CDD (BASE 65) ]
TOTAL THIS MO. 99
DPTR FM NORMAL 67 [PRESSURE DATA]
TOTAL FM JAN 1 109 HIGHEST SLP 30.54 ON 7
DPTR FM NORMAL 66 LOWEST SLP 29.75 ON 27
[REMARKS]
#FINAL-03-20#