000
CXUS54 KSHV 011400
CF6MLU
PRELIMINARY LOCAL CLIMATOLOGICAL DATA (WS FORM: F-6)
STATION: MONROE
MONTH: NOVEMBER
YEAR: 2023
LATITUDE: 32 30 N
LONGITUDE: 92 2 W
TEMPERATURE IN F: :PCPN: SNOW: WIND :SUNSHINE: SKY :PK WND
================================================================================
1 2 3 4 5 6A 6B 7 8 9 10 11 12 13 14 15 16 17 18
12Z AVG MX 2MIN
DY MAX MIN AVG DEP HDD CDD WTR SNW DPTH SPD SPD DIR MIN PSBL S-S WX SPD DR
================================================================================
1 57 32 45 -15 20 0 0.00 0.0 0 6.2 16 40 M M 0 23 40
2 66 29 48 -12 17 0 0.00 0.0 0 1.8 9 70 M M 0 13 70
3 74 31 53 -6 12 0 0.00 0.0 0 1.1 10 210 M M 0 16 190
4 80 39 60 1 5 0 0.00 0.0 0 1.7 10 210 M M 0 15 220
5 82 46 64 5 1 0 0.00 0.0 0 1.0 9 320 M M 1 18 13 260
6 85 50 68 10 0 3 0.00 0.0 0 6.2 17 240 M M 0 23 240
7 87 53 70 12 0 5 0.00 0.0 0 7.1 20 220 M M 1 1 26 240
8 89 65 77 19 0 12 0.00 0.0 0 10.1 23 230 M M 1 30 200
9 82 56 69 12 0 4 0.02 0.0 0 6.3 18 50 M M 7 27 60
10 56 52 54 -3 11 0 0.56 0.0 0 9.7 17 40 M M 10 1 24 40
11 62 56 59 2 6 0 T 0.0 0 8.9 15 40 M M 10 21 20
12 68 52 60 4 5 0 T 0.0 0 5.4 12 20 M M 5 15 30
13 67 56 62 6 3 0 0.00 0.0 0 6.3 13 50 M M 5 19 70
14 71 55 63 7 2 0 T 0.0 0 6.4 13 40 M M 6 1 19 100
15 60 56 58 2 7 0 0.01 0.0 0 8.5 14 50 M M 10 1 19 40
16 66 59 63 8 2 0 0.00 0.0 0 3.3 12 50 M M 10 18 15 50
17 68 55 62 7 3 0 0.01 0.0 0 2.7 9 10 M M 9 12 12 10
18 72 42 57 2 8 0 0.00 0.0 0 4.5 13 30 M M 3 12 18 60
19 70 39 55 1 10 0 0.00 0.0 0 1.3 9 70 M M 0 1 15 70
20 79 54 67 13 0 2 1.50 0.0 0 5.5 21 340 M M 8 13 26 350
21 61 46 54 0 11 0 T 0.0 0 10.4 18 330 M M 9 1 25 310
22 61 40 51 -3 14 0 0.00 0.0 0 4.3 10 300 M M 4 1 17 290
23 57 34 46 -7 19 0 0.03 0.0 0 2.1 9 210 M M 3 1 12 230
24 62 44 53 0 12 0 0.00 0.0 0 2.3 10 20 M M 7 1 17 310
25 63 39 51 -2 14 0 0.00 0.0 0 3.4 9 20 M M 0 1 13 50
26 61 38 50 -3 15 0 T 0.0 0 7.6 20 320 M M 5 1 25 310
27 54 31 43 -9 22 0 0.00 0.0 0 4.4 13 350 M M 0 19 50
28 62 35 49 -3 16 0 0.00 0.0 0 1.6 10 340 M M 0 12 350
29 65 30 48 -4 17 0 0.00 0.0 0 3.1 13 230 M M 0 1 18 210
30 59 37 48 -4 17 0 0.59 0.0 0 4.8 10 150 M M 7 1 19 140
================================================================================
SM 2046 1351 269 26 2.72 0.0 148.0 M 121
================================================================================
AV 68.2 45.0 4.9 FASTST M M 4 MAX(MPH)
MISC ----> 23 230 30 200
================================================================================
NOTES:
# LAST OF SEVERAL OCCURRENCES
COLUMN 17 PEAK WIND IN M.P.H.
PRELIMINARY LOCAL CLIMATOLOGICAL DATA (WS FORM: F-6) , PAGE 2
STATION: MONROE
MONTH: NOVEMBER
YEAR: 2023
LATITUDE: 32 30 N
LONGITUDE: 92 2 W
[TEMPERATURE DATA] [PRECIPITATION DATA] SYMBOLS USED IN COLUMN 16
AVERAGE MONTHLY: 56.6 TOTAL FOR MONTH: 2.72 1 = FOG OR MIST
DPTR FM NORMAL: 1.0 DPTR FM NORMAL: -1.44 2 = FOG REDUCING VISIBILITY
HIGHEST: 89 ON 8 GRTST 24HR 1.50 ON 20-20 TO 1/4 MILE OR LESS
LOWEST: 29 ON 2 3 = THUNDER
SNOW, ICE PELLETS, HAIL 4 = ICE PELLETS
TOTAL MONTH: 0.0 INCH 5 = HAIL
GRTST 24HR 0.0 6 = FREEZING RAIN OR DRIZZLE
GRTST DEPTH: 0 7 = DUSTSTORM OR SANDSTORM:
VSBY 1/2 MILE OR LESS
8 = SMOKE OR HAZE
[NO. OF DAYS WITH] [WEATHER - DAYS WITH] 9 = BLOWING SNOW
X = TORNADO
MAX 32 OR BELOW: 0 0.01 INCH OR MORE: 7
MAX 90 OR ABOVE: 0 0.10 INCH OR MORE: 3
MIN 32 OR BELOW: 5 0.50 INCH OR MORE: 3
MIN 0 OR BELOW: 0 1.00 INCH OR MORE: 1
[HDD (BASE 65) ]
TOTAL THIS MO. 269 CLEAR (SCALE 0-3) 14
DPTR FM NORMAL -33 PTCLDY (SCALE 4-7) 10
TOTAL FM JUL 1 329 CLOUDY (SCALE 8-10) 6
DPTR FM NORMAL -60
[CDD (BASE 65) ]
TOTAL THIS MO. 26
DPTR FM NORMAL 6 [PRESSURE DATA]
TOTAL FM JAN 1 3085 HIGHEST SLP 30.53 ON 1
DPTR FM NORMAL 598 LOWEST SLP 29.66 ON 20
[REMARKS]
#FINAL-11-23#